247
CDUS41 KCLE 280529
CLIERI


CLIMATE REPORT
NATIONAL WEATHER SERVICE CLEVELAND OH
1228 AM EST WED JAN 28 2015


...................................

...THE ERIE PA CLIMATE SUMMARY FOR JANUARY 27 2015...

CLIMATE NORMAL PERIOD 1981 TO 2010
CLIMATE RECORD PERIOD 1873 TO 2015


WEATHER ITEM   OBSERVED TIME   RECORD YEAR NORMAL DEPARTURE LAST
                VALUE   (LST)  VALUE       VALUE  FROM      YEAR
                                                  NORMAL
..................................................................
TEMPERATURE (F)
 YESTERDAY
  MAXIMUM         21   1128 AM  67    1916  34    -13       38
  MINIMUM         13   1159 PM  -5    1936  20     -7        3
  AVERAGE         17                        27    -10       21

PRECIPITATION (IN)
  YESTERDAY        0.09                      0.08   0.01     0.10
  MONTH TO DATE    3.28                      2.62   0.66     2.55
  SINCE DEC 1      5.73                      6.36  -0.63     8.51
  SINCE JAN 1      3.28                      2.62   0.66     2.55

SNOWFALL (IN)
  YESTERDAY        1.8                       0.9    0.9      2.1
  MONTH TO DATE   34.1                      26.3    7.8     28.1
  SINCE DEC 1     39.6                      53.8  -14.2     76.1
  SINCE JUL 1     64.6                      62.5    2.1     91.7
  SNOW DEPTH       5

DEGREE DAYS
 HEATING
  YESTERDAY       48                        38     10       44
  MONTH TO DATE 1146                      1018    128     1144
  SINCE DEC 1   2039                      2030      9     2187
  SINCE JUL 1   3253                      3186     67     3386

 COOLING
  YESTERDAY        0                         0      0        0
  MONTH TO DATE    0                         0      0        0
  SINCE DEC 1      0                         0      0        0
  SINCE JAN 1      0                         0      0        0
..................................................................


WIND (MPH)
  HIGHEST WIND SPEED    18   HIGHEST WIND DIRECTION     N (20)
  HIGHEST GUST SPEED    23   HIGHEST GUST DIRECTION    NE (30)
  AVERAGE WIND SPEED     8.2


SKY COVER
  POSSIBLE SUNSHINE  MM
  AVERAGE SKY COVER 1.0


WEATHER CONDITIONS
 THE FOLLOWING WEATHER WAS RECORDED YESTERDAY.
  LIGHT SNOW
  FOG
  HAZE


RELATIVE HUMIDITY (PERCENT)
 HIGHEST    84           800 AM
 LOWEST     67           500 PM
 AVERAGE    76

..........................................................


THE ERIE PA CLIMATE NORMALS FOR TODAY
                         NORMAL    RECORD    YEAR
 MAXIMUM TEMPERATURE (F)   34        58      1949
                                             1887
 MINIMUM TEMPERATURE (F)   20       -10      1977


SUNRISE AND SUNSET
JANUARY 28 2015.......SUNRISE   738 AM EST   SUNSET   530 PM EST
JANUARY 29 2015.......SUNRISE   737 AM EST   SUNSET   531 PM EST


-  INDICATES NEGATIVE NUMBERS.
R  INDICATES RECORD WAS SET OR TIED.
MM INDICATES DATA IS MISSING.
T  INDICATES TRACE AMOUNT.




$$






U.S. Dept. of Commerce
NOAA National Weather Service
1325 East West Highway
Silver Spring, MD 20910
E-mail: w-nws.webmaster@noaa.gov
Page last modified: May 16, 2007
NATIONAL WEATHER SERVICE: for Safety, for Work, for Fun - FOR LIFE