895
CDUS41 KCLE 010545
CLIERI


CLIMATE REPORT
NATIONAL WEATHER SERVICE CLEVELAND OH
145 AM EDT FRI AUG 1 2014


...................................

...THE ERIE PA CLIMATE SUMMARY FOR JULY 31 2014...

CLIMATE NORMAL PERIOD 1981 TO 2010
CLIMATE RECORD PERIOD 1873 TO 2014


WEATHER ITEM   OBSERVED TIME   RECORD YEAR NORMAL DEPARTURE LAST
                VALUE   (LST)  VALUE       VALUE  FROM      YEAR
                                                  NORMAL
..................................................................
TEMPERATURE (F)
 YESTERDAY
  MAXIMUM         74    629 PM  98    1999  80     -6       80
  MINIMUM         60    339 AM  51    1891  64     -4       60
  AVERAGE         67                        72     -5       70

PRECIPITATION (IN)
  YESTERDAY        0.01                      0.12  -0.11     0.00
  MONTH TO DATE    3.25                      3.54  -0.29     5.62
  SINCE JUN 1      8.24                      7.30   0.94    12.90
  SINCE JAN 1     24.39                     22.36   2.03    30.13

SNOWFALL (IN)
  YESTERDAY        0.0                       0.0    0.0      0.0
  MONTH TO DATE    0.0                       0.0    0.0      0.0
  SINCE JUN 1      0.0                       0.0    0.0      0.0
  SINCE JUL 1      0.0                       0.0    0.0      0.0
  SNOW DEPTH       0

DEGREE DAYS
 HEATING
  YESTERDAY        0                         0      0        0
  MONTH TO DATE    5                         2      3        3
  SINCE JUN 1     35                        68    -33       71
  SINCE JUL 1      5                         7     -2        3

 COOLING
  YESTERDAY        2                         7     -5        5
  MONTH TO DATE  145                       213    -68      247
  SINCE JUN 1    310                       336    -26      365
  SINCE JAN 1    349                       375    -26      450
..................................................................


WIND (MPH)
  HIGHEST WIND SPEED    17   HIGHEST WIND DIRECTION     W (290)
  HIGHEST GUST SPEED    25   HIGHEST GUST DIRECTION    NW (300)
  AVERAGE WIND SPEED     7.9


SKY COVER
  POSSIBLE SUNSHINE  MM
  AVERAGE SKY COVER 0.3


WEATHER CONDITIONS
 THE FOLLOWING WEATHER WAS RECORDED YESTERDAY.
  THUNDERSTORM
  LIGHT RAIN


RELATIVE HUMIDITY (PERCENT)
 HIGHEST    84           200 AM
 LOWEST     41           400 PM
 AVERAGE    63

..........................................................


THE ERIE PA CLIMATE NORMALS FOR TODAY
                         NORMAL    RECORD    YEAR
 MAXIMUM TEMPERATURE (F)   80        95      1917
 MINIMUM TEMPERATURE (F)   64        50      1960


SUNRISE AND SUNSET
AUGUST  1 2014........SUNRISE   614 AM EDT   SUNSET   839 PM EDT
AUGUST  2 2014........SUNRISE   615 AM EDT   SUNSET   838 PM EDT


-  INDICATES NEGATIVE NUMBERS.
R  INDICATES RECORD WAS SET OR TIED.
MM INDICATES DATA IS MISSING.
T  INDICATES TRACE AMOUNT.




$$





U.S. Dept. of Commerce
NOAA National Weather Service
1325 East West Highway
Silver Spring, MD 20910
E-mail: w-nws.webmaster@noaa.gov
Page last modified: May 16, 2007
NATIONAL WEATHER SERVICE: for Safety, for Work, for Fun - FOR LIFE