614
CDUS41 KCLE 230545
CLIERI


CLIMATE REPORT
NATIONAL WEATHER SERVICE CLEVELAND OH
145 AM EDT WED JUL 23 2014


...................................

...THE ERIE PA CLIMATE SUMMARY FOR JULY 22 2014...

CLIMATE NORMAL PERIOD 1981 TO 2010
CLIMATE RECORD PERIOD 1873 TO 2014


WEATHER ITEM   OBSERVED TIME   RECORD YEAR NORMAL DEPARTURE LAST
                VALUE   (LST)  VALUE       VALUE  FROM      YEAR
                                                  NORMAL
..................................................................
TEMPERATURE (F)
 YESTERDAY
  MAXIMUM         86    425 PM  93    2002  80      6       79
                                      1953
  MINIMUM         66    505 AM  49    1970  64      2       63
  AVERAGE         76                        72      4       71

PRECIPITATION (IN)
  YESTERDAY        0.00                      0.13  -0.13     0.16
  MONTH TO DATE    2.49                      2.46   0.03     3.72
  SINCE JUN 1      7.48                      6.22   1.26    11.00
  SINCE JAN 1     23.63                     21.28   2.35    28.23

SNOWFALL (IN)
  YESTERDAY        0.0                       0.0    0.0      0.0
  MONTH TO DATE    0.0                       0.0    0.0      0.0
  SINCE JUN 1      0.0                       0.0    0.0      0.0
  SINCE JUL 1      0.0                       0.0    0.0      0.0
  SNOW DEPTH       0

DEGREE DAYS
 HEATING
  YESTERDAY        0                         0      0        0
  MONTH TO DATE    4                         2      2        0
  SINCE JUN 1     34                        63    -29       68
  SINCE JUL 1      4                         2      2        0

 COOLING
  YESTERDAY       11                         7      4        6
  MONTH TO DATE  119                       152    -33      224
  SINCE JUN 1    284                       275      9      342
  SINCE JAN 1    323                       314      9      427
..................................................................


WIND (MPH)
  HIGHEST WIND SPEED     9   HIGHEST WIND DIRECTION     S (200)
  HIGHEST GUST SPEED    13   HIGHEST GUST DIRECTION     W (270)
  AVERAGE WIND SPEED     4.4


SKY COVER
  POSSIBLE SUNSHINE  MM
  AVERAGE SKY COVER 0.0


WEATHER CONDITIONS
 THE FOLLOWING WEATHER WAS RECORDED YESTERDAY.
  NO SIGNIFICANT WEATHER WAS OBSERVED.


RELATIVE HUMIDITY (PERCENT)
 HIGHEST    87           100 AM
 LOWEST     51           300 PM
 AVERAGE    69

..........................................................


THE ERIE PA CLIMATE NORMALS FOR TODAY
                         NORMAL    RECORD    YEAR
 MAXIMUM TEMPERATURE (F)   80        97      1933
 MINIMUM TEMPERATURE (F)   64        51      1954


SUNRISE AND SUNSET
JULY 23 2014..........SUNRISE   605 AM EDT   SUNSET   849 PM EDT
JULY 24 2014..........SUNRISE   606 AM EDT   SUNSET   848 PM EDT


-  INDICATES NEGATIVE NUMBERS.
R  INDICATES RECORD WAS SET OR TIED.
MM INDICATES DATA IS MISSING.
T  INDICATES TRACE AMOUNT.




$$





U.S. Dept. of Commerce
NOAA National Weather Service
1325 East West Highway
Silver Spring, MD 20910
E-mail: w-nws.webmaster@noaa.gov
Page last modified: May 16, 2007
NATIONAL WEATHER SERVICE: for Safety, for Work, for Fun - FOR LIFE