967
CDUS46 KOTX 010824
CLIEPH


CLIMATE REPORT
NATIONAL WEATHER SERVICE SPOKANE, WA
123 AM PDT WED OCT 1 2014


...................................

...THE EPHRATA WA AIRPORT CLIMATE SUMMARY FOR SEPTEMBER 30 2014...

CLIMATE NORMAL PERIOD 1981 TO 2010
CLIMATE RECORD PERIOD 9999 TO 9999


WEATHER ITEM   OBSERVED TIME   RECORD YEAR NORMAL DEPARTURE LAST
                VALUE   (LST)  VALUE       VALUE  FROM      YEAR
                                                  NORMAL
..................................................................
TEMPERATURE (F)
 YESTERDAY
  MAXIMUM         72    213 PM  86    2008  72      0       65
  MINIMUM         52   1116 PM  36    1985  45      7       40
  AVERAGE         62                        58      4       53

PRECIPITATION (IN)
  YESTERDAY        0.00          0.27 2007   0.01  -0.01     0.01
  MONTH TO DATE    0.29                      0.36  -0.07     0.73
  SINCE OCT 1      4.93                      7.85  -2.92     8.77
  SINCE JAN 1      4.18                      5.02  -0.84     4.97

SNOWFALL (IN)
  YESTERDAY       MM            MM      MM   0.0   MM       MM
  MONTH TO DATE   MM                         0.0   MM       MM
  SINCE SEP 1     MM                         0.0   MM       MM
  SINCE JUL 1     MM                         0.0   MM       MM
  SNOW DEPTH      MM

DEGREE DAYS
 HEATING
  YESTERDAY        3                         7     -4       12
  MONTH TO DATE   37                       108    -71      108
  SINCE SEP 1     37                       110    -73      108
  SINCE JUL 1     38                       127    -89      108

 COOLING
  YESTERDAY        0                         1     -1        0
  MONTH TO DATE   96                        75     21      160
  SINCE SEP 1     96                        75     21      160
  SINCE JAN 1   1129                       769    360     1084
..................................................................


WIND (MPH)
  HIGHEST WIND SPEED    28   HIGHEST WIND DIRECTION    NW (300)
  HIGHEST GUST SPEED    36   HIGHEST GUST DIRECTION     W (290)
  AVERAGE WIND SPEED    15.1


SKY COVER
  POSSIBLE SUNSHINE  MM
  AVERAGE SKY COVER 0.1


WEATHER CONDITIONS
 THE FOLLOWING WEATHER WAS RECORDED YESTERDAY.
  NO SIGNIFICANT WEATHER WAS OBSERVED.


RELATIVE HUMIDITY (PERCENT)
 HIGHEST    51          1200 AM
 LOWEST     24           200 PM
 AVERAGE    38

..........................................................


THE EPHRATA WA AIRPORT CLIMATE NORMALS FOR TODAY
                         NORMAL    RECORD    YEAR
 MAXIMUM TEMPERATURE (F)   71        86      1991
 MINIMUM TEMPERATURE (F)   44        32      1983


SUNRISE AND SUNSET
OCTOBER  1 2014.......SUNRISE   657 AM PDT   SUNSET   637 PM PDT
OCTOBER  2 2014.......SUNRISE   658 AM PDT   SUNSET   635 PM PDT


-  INDICATES NEGATIVE NUMBERS.
R  INDICATES RECORD WAS SET OR TIED.
MM INDICATES DATA IS MISSING.
T  INDICATES TRACE AMOUNT.




$$





U.S. Dept. of Commerce
NOAA National Weather Service
1325 East West Highway
Silver Spring, MD 20910
E-mail: w-nws.webmaster@noaa.gov
Page last modified: May 16, 2007
NATIONAL WEATHER SERVICE: for Safety, for Work, for Fun - FOR LIFE