491
CDUS46 KOTX 300832
CLIEPH


CLIMATE REPORT
NATIONAL WEATHER SERVICE SPOKANE, WA
131 AM PDT WED JUL 30 2014


...................................

...THE EPHRATA WA AIRPORT CLIMATE SUMMARY FOR JULY 29 2014...

CLIMATE NORMAL PERIOD 1981 TO 2010
CLIMATE RECORD PERIOD 9999 TO 9999


WEATHER ITEM   OBSERVED TIME   RECORD YEAR NORMAL DEPARTURE LAST
                VALUE   (LST)  VALUE       VALUE  FROM      YEAR
                                                  NORMAL
..................................................................
TEMPERATURE (F)
 YESTERDAY
  MAXIMUM        104R   408 PM 104    1998  90     14       89
  MINIMUM         68    516 AM  49    2006  62      6       61
  AVERAGE         86                        76     10       75

PRECIPITATION (IN)
  YESTERDAY        0.00          0.26 1984   0.02  -0.02     0.00
  MONTH TO DATE    T                         0.38  -0.38      T
  SINCE OCT 1      3.81                      7.28  -3.47     7.41
  SINCE JAN 1      3.06                      4.45  -1.39     3.61

SNOWFALL (IN)
  YESTERDAY       MM            MM      MM   0.0   MM       MM
  MONTH TO DATE   MM                         0.0   MM       MM
  SINCE JUN 1     MM                         0.0   MM       MM
  SINCE JUL 1     MM                         0.0   MM       MM
  SNOW DEPTH      MM

DEGREE DAYS
 HEATING
  YESTERDAY        0                         0      0        0
  MONTH TO DATE    1                         4     -3        0
  SINCE JUN 1     24                        64    -40       58
  SINCE JUL 1      1                         4     -3        0

 COOLING
  YESTERDAY       21                        11     10       10
  MONTH TO DATE  430                       272    158      414
  SINCE JUN 1    576                       382    194      526
  SINCE JAN 1    620                       419    201      583
..................................................................


WIND (MPH)
  HIGHEST WIND SPEED    17   HIGHEST WIND DIRECTION    NW (300)
  HIGHEST GUST SPEED    22   HIGHEST GUST DIRECTION    NW (310)
  AVERAGE WIND SPEED     7.5


SKY COVER
  POSSIBLE SUNSHINE  MM
  AVERAGE SKY COVER 0.0


WEATHER CONDITIONS
 THE FOLLOWING WEATHER WAS RECORDED YESTERDAY.
  NO SIGNIFICANT WEATHER WAS OBSERVED.


RELATIVE HUMIDITY (PERCENT)
 HIGHEST    36           400 AM
 LOWEST      6           400 PM
 AVERAGE    21

..........................................................


THE EPHRATA WA AIRPORT CLIMATE NORMALS FOR TODAY
                         NORMAL    RECORD    YEAR
 MAXIMUM TEMPERATURE (F)   90       105      1971
 MINIMUM TEMPERATURE (F)   62        43      1993


SUNRISE AND SUNSET
JULY 30 2014..........SUNRISE   534 AM PDT   SUNSET   834 PM PDT
JULY 31 2014..........SUNRISE   535 AM PDT   SUNSET   833 PM PDT


-  INDICATES NEGATIVE NUMBERS.
R  INDICATES RECORD WAS SET OR TIED.
MM INDICATES DATA IS MISSING.
T  INDICATES TRACE AMOUNT.




$$





U.S. Dept. of Commerce
NOAA National Weather Service
1325 East West Highway
Silver Spring, MD 20910
E-mail: w-nws.webmaster@noaa.gov
Page last modified: May 16, 2007
NATIONAL WEATHER SERVICE: for Safety, for Work, for Fun - FOR LIFE