389
CDUS43 KTOP 252133
CLIEMP


CLIMATE REPORT
NATIONAL WEATHER SERVICE TOPEKA KS
433 PM CDT SAT OCT 25 2014


...................................

...THE EMPORIA KS CLIMATE SUMMARY FOR OCTOBER 25 2014...
VALID TODAY AS OF 0400 PM LOCAL TIME.

CLIMATE NORMAL PERIOD 1981 TO 2010
CLIMATE RECORD PERIOD 9999 TO 9999


WEATHER ITEM   OBSERVED NORMAL DEPARTURE LAST
                VALUE   VALUE  FROM      YEAR
                               NORMAL
...............................................
TEMPERATURE (F)
 TODAY
  MAXIMUM         86     66     20       56
  MINIMUM         53     42     11       28
  AVERAGE         70     54     16       42

PRECIPITATION (IN)
  TODAY            0.00   0.09  -0.09     0.00
  MONTH TO DATE    3.36   2.42   0.94     1.42
  SINCE SEP 1      7.16   5.81   1.35     4.37
  SINCE JAN 1     25.92  32.42  -6.50    28.46

DEGREE DAYS
 HEATING
  TODAY            0     11    -11       23
  MONTH TO DATE  151    200    -49      244
  SINCE SEP 1    197    249    -52      260
  SINCE JUL 1    199    250    -51      262

 COOLING
  TODAY            5      0      5        0
  MONTH TO DATE   22     29     -7       30
  SINCE SEP 1    168    194    -26      246
  SINCE JAN 1   1371   1402    -31     1375
...............................................


WIND (MPH)
  HIGHEST WIND SPEED    13   HIGHEST WIND DIRECTION     S (190)
  HIGHEST GUST SPEED    13   HIGHEST GUST DIRECTION     S (190)
  AVERAGE WIND SPEED     4.2



WEATHER CONDITIONS
 THE FOLLOWING WEATHER WAS RECORDED TODAY.
  FOG
  FOG W/VISIBILITY <= 1/4 MILE


RELATIVE HUMIDITY (PERCENT)
 HIGHEST   100
 LOWEST     42
 AVERAGE    71

..........................................................


THE EMPORIA KS CLIMATE NORMALS FOR TOMORROW
                         NORMAL
 MAXIMUM TEMPERATURE (F)   65
 MINIMUM TEMPERATURE (F)   42


SUNRISE AND SUNSET
OCTOBER 25 2014.......SUNRISE   744 AM CDT   SUNSET   633 PM CDT
OCTOBER 26 2014.......SUNRISE   745 AM CDT   SUNSET   632 PM CDT


-  INDICATES NEGATIVE NUMBERS.
R  INDICATES RECORD WAS SET OR TIED.
MM INDICATES DATA IS MISSING.
T  INDICATES TRACE AMOUNT.




$$





U.S. Dept. of Commerce
NOAA National Weather Service
1325 East West Highway
Silver Spring, MD 20910
E-mail: w-nws.webmaster@noaa.gov
Page last modified: May 16, 2007
NATIONAL WEATHER SERVICE: for Safety, for Work, for Fun - FOR LIFE