294
CDUS43 KTOP 170633
CLIEMP


CLIMATE REPORT
NATIONAL WEATHER SERVICE TOPEKA KS
133 AM CDT WED SEP 17 2014


...................................

...THE EMPORIA KS CLIMATE SUMMARY FOR SEPTEMBER 16 2014...

CLIMATE NORMAL PERIOD 1981 TO 2010
CLIMATE RECORD PERIOD 9999 TO 9999


WEATHER ITEM   OBSERVED NORMAL DEPARTURE LAST
                VALUE   VALUE  FROM      YEAR
                               NORMAL
...............................................
TEMPERATURE (F)
 YESTERDAY
  MAXIMUM         76     81     -5       65
  MINIMUM         47     57    -10       61
  AVERAGE         62     69     -7       63

PRECIPITATION (IN)
  YESTERDAY        0.00   0.07  -0.07     0.01
  MONTH TO DATE    1.73   2.07  -0.34     0.11
  SINCE SEP 1      1.73   2.07  -0.34     0.11
  SINCE JAN 1     20.49  28.68  -8.19    24.20

DEGREE DAYS
 HEATING
  YESTERDAY        3      1      2        2
  MONTH TO DATE   42      7     35        2
  SINCE SEP 1     42      7     35        2
  SINCE JUL 1     44      8     36        4

 COOLING
  YESTERDAY        0      5     -5        0
  MONTH TO DATE   85    115    -30      165
  SINCE SEP 1     85    115    -30      165
  SINCE JAN 1   1288   1323    -35     1294
...............................................


WIND (MPH)
  HIGHEST WIND SPEED    12   HIGHEST WIND DIRECTION     E (70)
  HIGHEST GUST SPEED    14   HIGHEST GUST DIRECTION     E (80)
  AVERAGE WIND SPEED     6.0


SKY COVER
  AVERAGE SKY COVER 0.2


WEATHER CONDITIONS
 THE FOLLOWING WEATHER WAS RECORDED YESTERDAY.
  FOG
  FOG W/VISIBILITY <= 1/4 MILE


RELATIVE HUMIDITY (PERCENT)
 HIGHEST   100
 LOWEST     41
 AVERAGE    71

..........................................................


THE EMPORIA KS CLIMATE NORMALS FOR TODAY
                         NORMAL
 MAXIMUM TEMPERATURE (F)   81
 MINIMUM TEMPERATURE (F)   56


SUNRISE AND SUNSET
SEPTEMBER 17 2014.....SUNRISE   708 AM CDT   SUNSET   730 PM CDT
SEPTEMBER 18 2014.....SUNRISE   709 AM CDT   SUNSET   728 PM CDT


-  INDICATES NEGATIVE NUMBERS.
R  INDICATES RECORD WAS SET OR TIED.
MM INDICATES DATA IS MISSING.
T  INDICATES TRACE AMOUNT.




$$





U.S. Dept. of Commerce
NOAA National Weather Service
1325 East West Highway
Silver Spring, MD 20910
E-mail: w-nws.webmaster@noaa.gov
Page last modified: May 16, 2007
NATIONAL WEATHER SERVICE: for Safety, for Work, for Fun - FOR LIFE