791
CDUS43 KTOP 240633
CLIEMP


CLIMATE REPORT
NATIONAL WEATHER SERVICE TOPEKA KS
132 AM CDT THU APR 24 2014


...................................

...THE EMPORIA KS CLIMATE SUMMARY FOR APRIL 23 2014...

CLIMATE NORMAL PERIOD 1981 TO 2010
CLIMATE RECORD PERIOD 9999 TO 9999


WEATHER ITEM   OBSERVED NORMAL DEPARTURE LAST
                VALUE   VALUE  FROM      YEAR
                               NORMAL
...............................................
TEMPERATURE (F)
 YESTERDAY
  MAXIMUM         82     70     12       37
  MINIMUM         53     47      6       32
  AVERAGE         68     58     10       35

PRECIPITATION (IN)
  YESTERDAY        T      0.13  -0.13     0.64
  MONTH TO DATE    0.76   2.30  -1.54     2.89
  SINCE MAR 1      1.17   4.83  -3.66     4.57
  SINCE JAN 1      1.66   6.69  -5.03     7.35

DEGREE DAYS
 HEATING
  YESTERDAY        0      8     -8       30
  MONTH TO DATE  261    253      8      391
  SINCE MAR 1   1000    863    137     1177
  SINCE JUL 1   5325   4685    640     4773

 COOLING
  YESTERDAY        3      1      2        0
  MONTH TO DATE   10     17     -7        0
  SINCE MAR 1     10     19     -9        0
  SINCE JAN 1     10     19     -9        0
...............................................


WIND (MPH)
  HIGHEST WIND SPEED    31   HIGHEST WIND DIRECTION     S (170)
  HIGHEST GUST SPEED    44   HIGHEST GUST DIRECTION     S (170)
  AVERAGE WIND SPEED    18.4


SKY COVER
  AVERAGE SKY COVER 0.2


WEATHER CONDITIONS
 THE FOLLOWING WEATHER WAS RECORDED YESTERDAY.
  LIGHT RAIN
  HAZE


RELATIVE HUMIDITY (PERCENT)
 HIGHEST    54
 LOWEST     28
 AVERAGE    41

..........................................................


THE EMPORIA KS CLIMATE NORMALS FOR TODAY
                         NORMAL
 MAXIMUM TEMPERATURE (F)   70
 MINIMUM TEMPERATURE (F)   47


SUNRISE AND SUNSET
APRIL 24 2014.........SUNRISE   637 AM CDT   SUNSET   810 PM CDT
APRIL 25 2014.........SUNRISE   635 AM CDT   SUNSET   811 PM CDT


-  INDICATES NEGATIVE NUMBERS.
R  INDICATES RECORD WAS SET OR TIED.
MM INDICATES DATA IS MISSING.
T  INDICATES TRACE AMOUNT.




$$





U.S. Dept. of Commerce
NOAA National Weather Service
1325 East West Highway
Silver Spring, MD 20910
E-mail: w-nws.webmaster@noaa.gov
Page last modified: May 16, 2007
NATIONAL WEATHER SERVICE: for Safety, for Work, for Fun - FOR LIFE