089
CDUS43 KTOP 240638
CLIEMP


CLIMATE REPORT
NATIONAL WEATHER SERVICE TOPEKA KS
1237 AM CST MON NOV 24 2014


...................................

...THE EMPORIA KS CLIMATE SUMMARY FOR NOVEMBER 23 2014...

CLIMATE NORMAL PERIOD 1981 TO 2010
CLIMATE RECORD PERIOD 9999 TO 9999


WEATHER ITEM   OBSERVED NORMAL DEPARTURE LAST
                VALUE   VALUE  FROM      YEAR
                               NORMAL
...............................................
TEMPERATURE (F)
 YESTERDAY
  MAXIMUM         56     52      4       29
  MINIMUM         39     30      9       16
  AVERAGE         48     41      7       23

PRECIPITATION (IN)
  YESTERDAY        0.17   0.05   0.12     0.00
  MONTH TO DATE    0.30   1.81  -1.51     0.66
  SINCE SEP 1      7.46   8.08  -0.62     8.84
  SINCE JAN 1     26.22  34.69  -8.47    32.93

DEGREE DAYS
 HEATING
  YESTERDAY       17     24     -7       42
  MONTH TO DATE  611    434    177      465
  SINCE SEP 1    868    760    108      792
  SINCE JUL 1    870    761    109      794

 COOLING
  YESTERDAY        0      0      0        0
  MONTH TO DATE    0      0      0        0
  SINCE SEP 1    177    194    -17      246
  SINCE JAN 1   1380   1402    -22     1375
...............................................


WIND (MPH)
  HIGHEST WIND SPEED    28   HIGHEST WIND DIRECTION     N (350)
  HIGHEST GUST SPEED    35   HIGHEST GUST DIRECTION     N (340)
  AVERAGE WIND SPEED    12.6


SKY COVER
  AVERAGE SKY COVER 0.9


WEATHER CONDITIONS
 THE FOLLOWING WEATHER WAS RECORDED YESTERDAY.
  LIGHT RAIN
  FOG


RELATIVE HUMIDITY (PERCENT)
 HIGHEST   100
 LOWEST     73
 AVERAGE    87

..........................................................


THE EMPORIA KS CLIMATE NORMALS FOR TODAY
                         NORMAL
 MAXIMUM TEMPERATURE (F)   52
 MINIMUM TEMPERATURE (F)   30


SUNRISE AND SUNSET
NOVEMBER 24 2014......SUNRISE   716 AM CST   SUNSET   507 PM CST
NOVEMBER 25 2014......SUNRISE   717 AM CST   SUNSET   506 PM CST


-  INDICATES NEGATIVE NUMBERS.
R  INDICATES RECORD WAS SET OR TIED.
MM INDICATES DATA IS MISSING.
T  INDICATES TRACE AMOUNT.




$$





U.S. Dept. of Commerce
NOAA National Weather Service
1325 East West Highway
Silver Spring, MD 20910
E-mail: w-nws.webmaster@noaa.gov
Page last modified: May 16, 2007
NATIONAL WEATHER SERVICE: for Safety, for Work, for Fun - FOR LIFE