098
CDUS45 KLKN 270049
CLIELY


CLIMATE REPORT
NATIONAL WEATHER SERVICE ELKO NV
449 PM PST MON JAN 26 2015


...................................

...THE ELY AIRPORT NV CLIMATE SUMMARY FOR JANUARY 26 2015...
VALID TODAY AS OF 0400 PM LOCAL TIME.

CLIMATE NORMAL PERIOD 1981 TO 2010
CLIMATE RECORD PERIOD 1893 TO 2015


WEATHER ITEM   OBSERVED TIME   RECORD YEAR NORMAL DEPARTURE LAST
                VALUE   (LST)  VALUE       VALUE  FROM      YEAR
                                                  NORMAL
..................................................................
TEMPERATURE (F)
 TODAY
  MAXIMUM         58R   148 PM  58    1987  40     18       51
                                      1893
  MINIMUM         20    729 AM -25    1949  12      8       10
  AVERAGE         39                        26     13       31

PRECIPITATION (IN)
  TODAY            0.00          0.37 1957   0.02  -0.02     0.00
  MONTH TO DATE    0.23                      0.59  -0.36     0.04
  SINCE OCT 1      1.40                      2.88  -1.48     2.72
  SINCE JAN 1      0.23                      0.59  -0.36     0.04

SNOWFALL (IN)
  TODAY            0.0           5.7  1957   0.3   -0.3      0.0
  MONTH TO DATE    0.8                       7.7   -6.9      1.2
  SINCE DEC 1      6.7                      16.1   -9.4     14.1
  SINCE JUL 1      7.4                      25.6  -18.2     27.0
  SNOW DEPTH       0

DEGREE DAYS
 HEATING
  TODAY           26                        39    -13       34
  MONTH TO DATE  833                      1035   -202      874
  SINCE DEC 1   1903                      2267   -364     2198
  SINCE JUL 1   3350                      4135   -785     3963

 COOLING
  TODAY            0                         0      0        0
  MONTH TO DATE    0                         0      0        0
  SINCE DEC 1      0                         0      0        0
  SINCE JAN 1      0                         0      0        0
..................................................................


WIND (MPH)
  HIGHEST WIND SPEED    15   HIGHEST WIND DIRECTION     S (170)
  HIGHEST GUST SPEED    17   HIGHEST GUST DIRECTION     S (180)



WEATHER CONDITIONS
 THE FOLLOWING WEATHER WAS RECORDED TODAY.
  NO SIGNIFICANT WEATHER WAS OBSERVED.


RELATIVE HUMIDITY (PERCENT)
 HIGHEST    96           200 AM
 LOWEST     28           200 PM
 AVERAGE    62

..........................................................


THE ELY AIRPORT NV CLIMATE NORMALS FOR TOMORROW
                         NORMAL    RECORD    YEAR
 MAXIMUM TEMPERATURE (F)   40        59      1986
 MINIMUM TEMPERATURE (F)   12       -19      1895


SUNRISE AND SUNSET
JANUARY 26 2015.......SUNRISE   651 AM PST   SUNSET   453 PM PST
JANUARY 27 2015.......SUNRISE   651 AM PST   SUNSET   454 PM PST


-  INDICATES NEGATIVE NUMBERS.
R  INDICATES RECORD WAS SET OR TIED.
MM INDICATES DATA IS MISSING.
T  INDICATES TRACE AMOUNT.




$$





U.S. Dept. of Commerce
NOAA National Weather Service
1325 East West Highway
Silver Spring, MD 20910
E-mail: w-nws.webmaster@noaa.gov
Page last modified: May 16, 2007
NATIONAL WEATHER SERVICE: for Safety, for Work, for Fun - FOR LIFE