672
CDUS45 KLKN 290940
CLIELY


CLIMATE REPORT
NATIONAL WEATHER SERVICE ELKO NV
239 AM PDT TUE JUL 29 2014


...................................

...THE ELY AIRPORT NV CLIMATE SUMMARY FOR JULY 28 2014...

CLIMATE NORMAL PERIOD 1981 TO 2010
CLIMATE RECORD PERIOD 1893 TO 2014


WEATHER ITEM   OBSERVED TIME   RECORD YEAR NORMAL DEPARTURE LAST
                VALUE   (LST)  VALUE       VALUE  FROM      YEAR
                                                  NORMAL
..................................................................
TEMPERATURE (F)
 YESTERDAY
  MAXIMUM         80   1106 AM  96    1995  88     -8       86
                                      1994
  MINIMUM         60   1159 PM  38    1948  49     11       46
  AVERAGE         70                        69      1       66

PRECIPITATION (IN)
  YESTERDAY        0.05          0.50 1908   0.03   0.02     0.02
  MONTH TO DATE    0.21                      0.56  -0.35     0.23
  SINCE OCT 1      7.24                      7.95  -0.71     6.44
  SINCE JAN 1      4.56                      5.66  -1.10     3.34

SNOWFALL (IN)
  YESTERDAY        0.0           0.0  1893   0.0    0.0      0.0
  MONTH TO DATE    0.0                       0.0    0.0      0.0
  SINCE JUN 1      T                         0.1   -0.1      0.0
  SINCE JUL 1      0.0                       0.0    0.0      0.0
  SNOW DEPTH       0

DEGREE DAYS
 HEATING
  YESTERDAY        0                         0      0        0
  MONTH TO DATE    0                        20    -20        5
  SINCE JUN 1    140                       195    -55      100
  SINCE JUL 1      0                        20    -20        5

 COOLING
  YESTERDAY        5                         4      1        1
  MONTH TO DATE  199                        98    101      196
  SINCE JUN 1    218                       121     97      253
  SINCE JAN 1    220                       122     98      253
..................................................................


WIND (MPH)
  HIGHEST WIND SPEED    25   HIGHEST WIND DIRECTION    SE (150)
  HIGHEST GUST SPEED    32   HIGHEST GUST DIRECTION    SE (140)
  AVERAGE WIND SPEED     6.7



WEATHER CONDITIONS
 THE FOLLOWING WEATHER WAS RECORDED YESTERDAY.
  THUNDERSTORM
  LIGHT RAIN


RELATIVE HUMIDITY (PERCENT)
 HIGHEST    90           100 PM
 LOWEST     26          1100 AM
 AVERAGE    58

..........................................................


THE ELY AIRPORT NV CLIMATE NORMALS FOR TODAY
                         NORMAL    RECORD    YEAR
 MAXIMUM TEMPERATURE (F)   88        97      2000
 MINIMUM TEMPERATURE (F)   49        30      1948


SUNRISE AND SUNSET
JULY 29 2014..........SUNRISE   537 AM PDT   SUNSET   754 PM PDT
JULY 30 2014..........SUNRISE   538 AM PDT   SUNSET   753 PM PDT


-  INDICATES NEGATIVE NUMBERS.
R  INDICATES RECORD WAS SET OR TIED.
MM INDICATES DATA IS MISSING.
T  INDICATES TRACE AMOUNT.




$$





U.S. Dept. of Commerce
NOAA National Weather Service
1325 East West Highway
Silver Spring, MD 20910
E-mail: w-nws.webmaster@noaa.gov
Page last modified: May 16, 2007
NATIONAL WEATHER SERVICE: for Safety, for Work, for Fun - FOR LIFE