865
CDUS45 KLKN 210945
CLIELY


CLIMATE REPORT
NATIONAL WEATHER SERVICE ELKO NV
145 AM PST SUN DEC 21 2014


...................................

...THE ELY AIRPORT NV CLIMATE SUMMARY FOR DECEMBER 20 2014...

CLIMATE NORMAL PERIOD 1981 TO 2010
CLIMATE RECORD PERIOD 1893 TO 2014


WEATHER ITEM   OBSERVED TIME   RECORD YEAR NORMAL DEPARTURE LAST
                VALUE   (LST)  VALUE       VALUE  FROM      YEAR
                                                  NORMAL
..................................................................
TEMPERATURE (F)
 YESTERDAY
  MAXIMUM         40    242 PM  62    1910  39      1       22
  MINIMUM         21    304 AM -20    1990  10     11       -1
  AVERAGE         31                        25      6       11

PRECIPITATION (IN)
  YESTERDAY        0.03          1.29 2010   0.02   0.01      T
  MONTH TO DATE    0.40                      0.35   0.05     0.97
  SINCE OCT 1      0.84                      2.05  -1.21     2.66
  SINCE JAN 1      8.93                      9.52  -0.59     8.52

SNOWFALL (IN)
  YESTERDAY       MM            11.4  2010   0.2   MM         T
  MONTH TO DATE    1.9                       4.7   -2.8     12.7
  SINCE DEC 1      1.9                       4.7   -2.8     12.7
  SINCE JUL 1      2.6                      14.2  -11.6     25.6
  SNOW DEPTH       0

DEGREE DAYS
 HEATING
  YESTERDAY       34                        40     -6       54
  MONTH TO DATE  609                       786   -177      919
  SINCE DEC 1    609                       786   -177      919
  SINCE JUL 1   2056                      2654   -598     2684

 COOLING
  YESTERDAY        0                         0      0        0
  MONTH TO DATE    0                         0      0        0
  SINCE DEC 1      0                         0      0        0
  SINCE JAN 1    286                       218     68      387
..................................................................


WIND (MPH)
  HIGHEST WIND SPEED    14   HIGHEST WIND DIRECTION     S (190)
  HIGHEST GUST SPEED    16   HIGHEST GUST DIRECTION     S (190)
  AVERAGE WIND SPEED     5.3



WEATHER CONDITIONS
 THE FOLLOWING WEATHER WAS RECORDED YESTERDAY.
  LIGHT RAIN


RELATIVE HUMIDITY (PERCENT)
 HIGHEST   100           300 AM
 LOWEST     64          1200 PM
 AVERAGE    82

..........................................................


THE ELY AIRPORT NV CLIMATE NORMALS FOR TODAY
                         NORMAL    RECORD    YEAR
 MAXIMUM TEMPERATURE (F)   39        59      2005
                                             1906
 MINIMUM TEMPERATURE (F)   10       -26      1990


SUNRISE AND SUNSET
DECEMBER 21 2014......SUNRISE   656 AM PST   SUNSET   420 PM PST
DECEMBER 22 2014......SUNRISE   656 AM PST   SUNSET   420 PM PST


-  INDICATES NEGATIVE NUMBERS.
R  INDICATES RECORD WAS SET OR TIED.
MM INDICATES DATA IS MISSING.
T  INDICATES TRACE AMOUNT.




$$





U.S. Dept. of Commerce
NOAA National Weather Service
1325 East West Highway
Silver Spring, MD 20910
E-mail: w-nws.webmaster@noaa.gov
Page last modified: May 16, 2007
NATIONAL WEATHER SERVICE: for Safety, for Work, for Fun - FOR LIFE