259
CDUS44 KEPZ 220927
CLIELP


CLIMATE REPORT
NATIONAL WEATHER SERVICE EL PASO, TX
226 AM MST MON DEC 22 2014


...................................

...THE EL PASO CLIMATE SUMMARY FOR DECEMBER 21 2014...

CLIMATE NORMAL PERIOD 1981 TO 2010
CLIMATE RECORD PERIOD 1879 TO 2014


WEATHER ITEM   OBSERVED TIME   RECORD YEAR NORMAL DEPARTURE LAST
                VALUE   (LST)  VALUE       VALUE  FROM      YEAR
                                                  NORMAL
..................................................................
TEMPERATURE (F)
 YESTERDAY
  MAXIMUM         63    433 PM  77    1981  56      7       48
  MINIMUM         34    714 AM  12    1973  32      2       36
                                      1887
  AVERAGE         49                        44      5       42

PRECIPITATION (IN)
  YESTERDAY        0.00          1.18 1991   0.02  -0.02     0.02
  MONTH TO DATE    0.01                      0.55  -0.54     0.26
  SINCE DEC 1      0.01                      0.55  -0.54     0.26
  SINCE JAN 1      8.46                      9.48  -1.02     9.51

SNOWFALL (IN)
  YESTERDAY        0.0                                        T
  MONTH TO DATE    0.0                                        T
  SINCE DEC 1      0.0                                        T
  SINCE JUL 1      0.0                                        T
  SNOW DEPTH       0

DEGREE DAYS
 HEATING
  YESTERDAY       16                        21     -5       23
  MONTH TO DATE  264                       415   -151      385
  SINCE DEC 1    264                       415   -151      385
  SINCE JUL 1    627                       857   -230      769

 COOLING
  YESTERDAY        0                         0      0        0
  MONTH TO DATE    0                         0      0        0
  SINCE DEC 1      0                         0      0        0
  SINCE JAN 1   2671                      2331    340     2695
..................................................................


WIND (MPH)
  HIGHEST WIND SPEED    33   HIGHEST WIND DIRECTION     W (270)
  HIGHEST GUST SPEED    44   HIGHEST GUST DIRECTION     W (260)
  AVERAGE WIND SPEED    11.1


SKY COVER
  POSSIBLE SUNSHINE  MM
  AVERAGE SKY COVER 0.7


WEATHER CONDITIONS
 THE FOLLOWING WEATHER WAS RECORDED YESTERDAY.
  NO SIGNIFICANT WEATHER WAS OBSERVED.


RELATIVE HUMIDITY (PERCENT)
 HIGHEST    75           700 AM
 LOWEST     23           300 PM
 AVERAGE    49

..........................................................


THE EL PASO CLIMATE NORMALS FOR TODAY
                         NORMAL    RECORD    YEAR
 MAXIMUM TEMPERATURE (F)   56        73      1969
 MINIMUM TEMPERATURE (F)   32         9      1887


SUNRISE AND SUNSET
DECEMBER 22 2014......SUNRISE   702 AM MST   SUNSET   506 PM MST
DECEMBER 23 2014......SUNRISE   703 AM MST   SUNSET   507 PM MST


-  INDICATES NEGATIVE NUMBERS.
R  INDICATES RECORD WAS SET OR TIED.
MM INDICATES DATA IS MISSING.
T  INDICATES TRACE AMOUNT.




$$





U.S. Dept. of Commerce
NOAA National Weather Service
1325 East West Highway
Silver Spring, MD 20910
E-mail: w-nws.webmaster@noaa.gov
Page last modified: May 16, 2007
NATIONAL WEATHER SERVICE: for Safety, for Work, for Fun - FOR LIFE