469
CDUS44 KEPZ 290944
CLIELP


CLIMATE REPORT
NATIONAL WEATHER SERVICE EL PASO, TX
342 AM MDT TUE JUL 29 2014


...................................

...THE EL PASO CLIMATE SUMMARY FOR JULY 28 2014...

CLIMATE NORMAL PERIOD 1981 TO 2010
CLIMATE RECORD PERIOD 1879 TO 2014


WEATHER ITEM   OBSERVED TIME   RECORD YEAR NORMAL DEPARTURE LAST
                VALUE   (LST)  VALUE       VALUE  FROM      YEAR
                                                  NORMAL
..................................................................
TEMPERATURE (F)
 YESTERDAY
  MAXIMUM         94    303 PM 104    1995  93      1       92
                                      1889
  MINIMUM         74    645 AM  62    2005  71      3       69
                                      1989
                                      1976
  AVERAGE         84                        82      2       81

PRECIPITATION (IN)
  YESTERDAY        0.02          0.88 1958   0.06  -0.04     0.01
  MONTH TO DATE    0.55                      1.35  -0.80     2.66
  SINCE JUN 1      0.56                      2.29  -1.73     2.82
  SINCE JAN 1      1.20                      4.11  -2.91     3.71

SNOWFALL (IN)
  YESTERDAY        0.0                                       0.0
  MONTH TO DATE    0.0                                       0.0
  SINCE JUN 1      0.0                                       0.0
  SINCE JUL 1      0.0                                       0.0
  SNOW DEPTH       0

DEGREE DAYS
 HEATING
  YESTERDAY        0                         0      0        0
  MONTH TO DATE    0                         0      0        0
  SINCE JUN 1      0                         0      0        0
  SINCE JUL 1      0                         0      0        0

 COOLING
  YESTERDAY       19                        17      2       16
  MONTH TO DATE  571                       499     72      481
  SINCE JUN 1   1264                      1001    263     1144
  SINCE JAN 1   1691                      1378    313     1652
..................................................................


WIND (MPH)
  HIGHEST WIND SPEED    24   HIGHEST WIND DIRECTION     N (360)
  HIGHEST GUST SPEED    28   HIGHEST GUST DIRECTION     N (360)
  AVERAGE WIND SPEED    12.5


SKY COVER
  POSSIBLE SUNSHINE  MM
  AVERAGE SKY COVER 0.6


WEATHER CONDITIONS
 THE FOLLOWING WEATHER WAS RECORDED YESTERDAY.
  LIGHT RAIN


RELATIVE HUMIDITY (PERCENT)
 HIGHEST    64           600 AM
 LOWEST     28           500 PM
 AVERAGE    46

..........................................................


THE EL PASO CLIMATE NORMALS FOR TODAY
                         NORMAL    RECORD    YEAR
 MAXIMUM TEMPERATURE (F)   93       105      1960
 MINIMUM TEMPERATURE (F)   71        60      1880


SUNRISE AND SUNSET
JULY 29 2014..........SUNRISE   619 AM MDT   SUNSET   804 PM MDT
JULY 30 2014..........SUNRISE   620 AM MDT   SUNSET   804 PM MDT


-  INDICATES NEGATIVE NUMBERS.
R  INDICATES RECORD WAS SET OR TIED.
MM INDICATES DATA IS MISSING.
T  INDICATES TRACE AMOUNT.




$$






U.S. Dept. of Commerce
NOAA National Weather Service
1325 East West Highway
Silver Spring, MD 20910
E-mail: w-nws.webmaster@noaa.gov
Page last modified: May 16, 2007
NATIONAL WEATHER SERVICE: for Safety, for Work, for Fun - FOR LIFE