216
CDUS44 KEPZ 280930
CLIELP


CLIMATE REPORT
NATIONAL WEATHER SERVICE EL PASO, TX
229 AM MST WED JAN 28 2015


...................................

...THE EL PASO CLIMATE SUMMARY FOR JANUARY 27 2015...

CLIMATE NORMAL PERIOD 1981 TO 2010
CLIMATE RECORD PERIOD 1879 TO 2015


WEATHER ITEM   OBSERVED TIME   RECORD YEAR NORMAL DEPARTURE LAST
                VALUE   (LST)  VALUE       VALUE  FROM      YEAR
                                                  NORMAL
..................................................................
TEMPERATURE (F)
 YESTERDAY
  MAXIMUM         69    345 PM  75    1890  59     10       61
  MINIMUM         46    802 AM  14    1948  34     12       41
  AVERAGE         58                        46     12       51

PRECIPITATION (IN)
  YESTERDAY        T             0.33 1895   0.01  -0.01     0.00
  MONTH TO DATE    0.26                      0.34  -0.08     0.00
  SINCE DEC 1      0.38                      1.12  -0.74     0.26
  SINCE JAN 1      0.26                      0.34  -0.08     0.00

SNOWFALL (IN)
  YESTERDAY       MM                                         0.0
  MONTH TO DATE    T                                         0.0
  SINCE DEC 1      T                                          T
  SINCE JUL 1      T                                          T
  SNOW DEPTH       0

DEGREE DAYS
 HEATING
  YESTERDAY        7                        19    -12       14
  MONTH TO DATE  582                       545     37      485
  SINCE DEC 1   1077                      1171    -94     1108
  SINCE JUL 1   1440                      1613   -173     1492

 COOLING
  YESTERDAY        0                         0      0        0
  MONTH TO DATE    0                         0      0        0
  SINCE DEC 1      0                         0      0        0
  SINCE JAN 1      0                         0      0        0
..................................................................


WIND (MPH)
  HIGHEST WIND SPEED     8   HIGHEST WIND DIRECTION     N (10)
  HIGHEST GUST SPEED     9   HIGHEST GUST DIRECTION     N (10)
  AVERAGE WIND SPEED     3.5


SKY COVER
  POSSIBLE SUNSHINE  MM
  AVERAGE SKY COVER 0.5


WEATHER CONDITIONS
 THE FOLLOWING WEATHER WAS RECORDED YESTERDAY.
  LIGHT RAIN


RELATIVE HUMIDITY (PERCENT)
 HIGHEST    66          1100 PM
 LOWEST     30          1200 PM
 AVERAGE    48

..........................................................


THE EL PASO CLIMATE NORMALS FOR TODAY
                         NORMAL    RECORD    YEAR
 MAXIMUM TEMPERATURE (F)   59        77      1911
 MINIMUM TEMPERATURE (F)   34         4      1948


SUNRISE AND SUNSET
JANUARY 28 2015.......SUNRISE   701 AM MST   SUNSET   536 PM MST
JANUARY 29 2015.......SUNRISE   701 AM MST   SUNSET   537 PM MST


-  INDICATES NEGATIVE NUMBERS.
R  INDICATES RECORD WAS SET OR TIED.
MM INDICATES DATA IS MISSING.
T  INDICATES TRACE AMOUNT.




$$






U.S. Dept. of Commerce
NOAA National Weather Service
1325 East West Highway
Silver Spring, MD 20910
E-mail: w-nws.webmaster@noaa.gov
Page last modified: May 16, 2007
NATIONAL WEATHER SERVICE: for Safety, for Work, for Fun - FOR LIFE