652
CDUS44 KSHV 010746
CLIELD


CLIMATE REPORT
NATIONAL WEATHER SERVICE SHREVEPORT, LA
241 AM CDT WED OCT 1 2014


...................................

...THE EL DORADO CLIMATE SUMMARY FOR SEPTEMBER 30 2014...

CLIMATE NORMAL PERIOD 1981 TO 2010
CLIMATE RECORD PERIOD 1907 TO 2014


WEATHER ITEM   OBSERVED TIME   RECORD YEAR NORMAL DEPARTURE LAST
                VALUE   (LST)  VALUE       VALUE  FROM      YEAR
                                                  NORMAL
..................................................................
TEMPERATURE (F)
 YESTERDAY
  MAXIMUM         90    250 PM 106    1930  82      8       82
  MINIMUM         61    440 AM  37    1942  57      4       71
  AVERAGE         76                        69      7       77

PRECIPITATION (IN)
  YESTERDAY        0.00          1.99 2012   0.12  -0.12     0.17
  MONTH TO DATE    0.77                      3.11  -2.34     3.10
  SINCE DEC 1     37.45                     42.84  -5.39    36.00
  SINCE JAN 1     30.89                     37.66  -6.77    29.94

SNOWFALL (IN)
  YESTERDAY        0.0
  MONTH TO DATE    0.0
  SINCE SEP 1      0.0
  SINCE JUL 1      0.0
  SNOW DEPTH       0

DEGREE DAYS
 HEATING
  YESTERDAY        0                         1     -1        0
  MONTH TO DATE    3                        11     -8        0
  SINCE SEP 1      3                        12     -9        0
  SINCE JUL 1      3                        12     -9        0

 COOLING
  YESTERDAY       11                         6      5       12
  MONTH TO DATE  330                       300     30      400
  SINCE SEP 1    330                       300     30      400
  SINCE JAN 1   1778                      2027   -249     2068
..................................................................


WIND (MPH)
  HIGHEST WIND SPEED     9   HIGHEST WIND DIRECTION     S (170)
  HIGHEST GUST SPEED    12   HIGHEST GUST DIRECTION     S (170)
  AVERAGE WIND SPEED     2.0


SKY COVER
  POSSIBLE SUNSHINE  MM
  AVERAGE SKY COVER 0.3


WEATHER CONDITIONS
 THE FOLLOWING WEATHER WAS RECORDED YESTERDAY.
  NO SIGNIFICANT WEATHER WAS OBSERVED.


RELATIVE HUMIDITY (PERCENT)
 HIGHEST    93           100 AM
 LOWEST     41           300 PM
 AVERAGE    67

..........................................................


THE EL DORADO CLIMATE NORMALS FOR TODAY
                         NORMAL    RECORD    YEAR
 MAXIMUM TEMPERATURE (F)   81        98      1938
 MINIMUM TEMPERATURE (F)   57        39      1916


SUNRISE AND SUNSET
OCTOBER  1 2014.......SUNRISE   705 AM CDT   SUNSET   656 PM CDT
OCTOBER  2 2014.......SUNRISE   706 AM CDT   SUNSET   654 PM CDT


-  INDICATES NEGATIVE NUMBERS.
R  INDICATES RECORD WAS SET OR TIED.
MM INDICATES DATA IS MISSING.
T  INDICATES TRACE AMOUNT.




$$





U.S. Dept. of Commerce
NOAA National Weather Service
1325 East West Highway
Silver Spring, MD 20910
E-mail: w-nws.webmaster@noaa.gov
Page last modified: May 16, 2007
NATIONAL WEATHER SERVICE: for Safety, for Work, for Fun - FOR LIFE