544
CDUS44 KSHV 282240
CLIELD


CLIMATE REPORT
NATIONAL WEATHER SERVICE SHREVEPORT, LA
432 PM CST FRI NOV 28 2014


...................................

...THE EL DORADO CLIMATE SUMMARY FOR NOVEMBER 28 2014...
VALID TODAY AS OF 0400 PM LOCAL TIME.

CLIMATE NORMAL PERIOD 1981 TO 2010
CLIMATE RECORD PERIOD 1907 TO 2014


WEATHER ITEM   OBSERVED TIME   RECORD YEAR NORMAL DEPARTURE LAST
                VALUE   (LST)  VALUE       VALUE  FROM      YEAR
                                                  NORMAL
..................................................................
TEMPERATURE (F)
 TODAY
  MAXIMUM         62    339 PM  83    1949  61      1       50
  MINIMUM         31    653 AM  21    1959  39     -8       23
  AVERAGE         47                        50     -3       37

PRECIPITATION (IN)
  TODAY            0.00          2.37 2001   0.19  -0.19     0.00
  MONTH TO DATE    3.11                      4.51  -1.40     5.01
  SINCE DEC 1     44.26                     52.54  -8.28    46.99
  SINCE JAN 1     37.70                     47.36  -9.66    40.93

SNOWFALL (IN)
  TODAY            0.0
  MONTH TO DATE    0.0
  SINCE SEP 1      0.0
  SINCE JUL 1      0.0
  SNOW DEPTH       0

DEGREE DAYS
 HEATING
  TODAY           18                        16      2       28
  MONTH TO DATE  473                       316    157      427
  SINCE SEP 1    548                       449     99      541
  SINCE JUL 1    548                       449     99      541

 COOLING
  TODAY            0                         0      0        0
  MONTH TO DATE    2                        13    -11        9
  SINCE SEP 1    431                       397     34      485
  SINCE JAN 1   1879                      2124   -245     2153
..................................................................


WIND (MPH)
  HIGHEST WIND SPEED    14   HIGHEST WIND DIRECTION     S (180)
  HIGHEST GUST SPEED    20   HIGHEST GUST DIRECTION     S (160)
  AVERAGE WIND SPEED     6.4


SKY COVER
  POSSIBLE SUNSHINE  MM
  AVERAGE SKY COVER 0.0


WEATHER CONDITIONS
 THE FOLLOWING WEATHER WAS RECORDED TODAY.
  FOG


RELATIVE HUMIDITY (PERCENT)
 HIGHEST    92           500 AM
 LOWEST     34           300 PM
 AVERAGE    63

..........................................................


THE EL DORADO CLIMATE NORMALS FOR TOMORROW
                         NORMAL    RECORD    YEAR
 MAXIMUM TEMPERATURE (F)   60        80      1933
 MINIMUM TEMPERATURE (F)   38        15      1976


SUNRISE AND SUNSET
NOVEMBER 28 2014......SUNRISE   654 AM CST   SUNSET   504 PM CST
NOVEMBER 29 2014......SUNRISE   655 AM CST   SUNSET   504 PM CST


-  INDICATES NEGATIVE NUMBERS.
R  INDICATES RECORD WAS SET OR TIED.
MM INDICATES DATA IS MISSING.
T  INDICATES TRACE AMOUNT.




$$





U.S. Dept. of Commerce
NOAA National Weather Service
1325 East West Highway
Silver Spring, MD 20910
E-mail: w-nws.webmaster@noaa.gov
Page last modified: May 16, 2007
NATIONAL WEATHER SERVICE: for Safety, for Work, for Fun - FOR LIFE