569
CDUS44 KSHV 252237
CLIELD


CLIMATE REPORT
NATIONAL WEATHER SERVICE SHREVEPORT, LA
434 PM CST SUN JAN 25 2015


...................................

...THE EL DORADO CLIMATE SUMMARY FOR JANUARY 25 2015...
VALID TODAY AS OF 0400 PM LOCAL TIME.

CLIMATE NORMAL PERIOD 1981 TO 2010
CLIMATE RECORD PERIOD 1907 TO 2015


WEATHER ITEM   OBSERVED TIME   RECORD YEAR NORMAL DEPARTURE LAST
                VALUE   (LST)  VALUE       VALUE  FROM      YEAR
                                                  NORMAL
..................................................................
TEMPERATURE (F)
 TODAY
  MAXIMUM         63    217 PM  83    1950  55      8       59
  MINIMUM         35    435 AM  11    1963  33      2       25
  AVERAGE         49                        44      5       42

PRECIPITATION (IN)
  TODAY            0.00          1.84 1976   0.14  -0.14     0.00
  MONTH TO DATE    4.89                      3.39   1.50     1.16
  SINCE DEC 1      8.22                      8.57  -0.35     7.72
  SINCE JAN 1      4.89                      3.39   1.50     1.16

SNOWFALL (IN)
  TODAY            0.0
  MONTH TO DATE    T
  SINCE DEC 1      T
  SINCE JUL 1      T
  SNOW DEPTH       0

DEGREE DAYS
 HEATING
  TODAY           16                        21     -5       23
  MONTH TO DATE  620                       534     86      624
  SINCE DEC 1   1162                      1142     20     1263
  SINCE JUL 1   1713                      1621     92     1848

 COOLING
  TODAY            0                         0      0        0
  MONTH TO DATE    0                         0      0        0
  SINCE DEC 1      0                         4     -4        8
  SINCE JAN 1      0                         0      0        0
..................................................................


WIND (MPH)
  HIGHEST WIND SPEED    26   HIGHEST WIND DIRECTION     W (280)
  HIGHEST GUST SPEED    36   HIGHEST GUST DIRECTION    NW (300)
  AVERAGE WIND SPEED     9.3


SKY COVER
  POSSIBLE SUNSHINE  MM
  AVERAGE SKY COVER 0.1


WEATHER CONDITIONS
 THE FOLLOWING WEATHER WAS RECORDED TODAY.
  NO SIGNIFICANT WEATHER WAS OBSERVED.


RELATIVE HUMIDITY (PERCENT)
 HIGHEST    89          1200 AM
 LOWEST     36           200 PM
 AVERAGE    63

..........................................................


THE EL DORADO CLIMATE NORMALS FOR TOMORROW
                         NORMAL    RECORD    YEAR
 MAXIMUM TEMPERATURE (F)   55        80      1952
 MINIMUM TEMPERATURE (F)   33         9      1940


SUNRISE AND SUNSET
JANUARY 25 2015.......SUNRISE   711 AM CST   SUNSET   536 PM CST
JANUARY 26 2015.......SUNRISE   711 AM CST   SUNSET   537 PM CST


-  INDICATES NEGATIVE NUMBERS.
R  INDICATES RECORD WAS SET OR TIED.
MM INDICATES DATA IS MISSING.
T  INDICATES TRACE AMOUNT.




$$





U.S. Dept. of Commerce
NOAA National Weather Service
1325 East West Highway
Silver Spring, MD 20910
E-mail: w-nws.webmaster@noaa.gov
Page last modified: May 16, 2007
NATIONAL WEATHER SERVICE: for Safety, for Work, for Fun - FOR LIFE