863
CDUS44 KSHV 252134
CLIELD


CLIMATE REPORT
NATIONAL WEATHER SERVICE SHREVEPORT, LA
431 PM CDT SAT OCT 25 2014


...................................

...THE EL DORADO CLIMATE SUMMARY FOR OCTOBER 25 2014...
VALID TODAY AS OF 0400 PM LOCAL TIME.

CLIMATE NORMAL PERIOD 1981 TO 2010
CLIMATE RECORD PERIOD 1907 TO 2014


WEATHER ITEM   OBSERVED TIME   RECORD YEAR NORMAL DEPARTURE LAST
                VALUE   (LST)  VALUE       VALUE  FROM      YEAR
                                                  NORMAL
..................................................................
TEMPERATURE (F)
 TODAY
  MAXIMUM         83    256 PM  90    1931  73     10       60
  MINIMUM         49    610 AM  27    1917  49      0       40
  AVERAGE         66                        61      5       50

PRECIPITATION (IN)
  TODAY            0.00          2.93 2004   0.17  -0.17     0.00
  MONTH TO DATE    2.91                      4.18  -1.27     2.81
  SINCE DEC 1     40.36                     47.02  -6.66    38.81
  SINCE JAN 1     33.80                     41.84  -8.04    32.75

SNOWFALL (IN)
  TODAY            0.0
  MONTH TO DATE    0.0
  SINCE SEP 1      0.0
  SINCE JUL 1      0.0
  SNOW DEPTH       0

DEGREE DAYS
 HEATING
  TODAY            0                         6     -6       15
  MONTH TO DATE   48                        82    -34       91
  SINCE SEP 1     51                        94    -43       91
  SINCE JUL 1     51                        94    -43       91

 COOLING
  TODAY            1                         2     -1        0
  MONTH TO DATE   89                        75     14       72
  SINCE SEP 1    419                       375     44      472
  SINCE JAN 1   1867                      2102   -235     2140
..................................................................


WIND (MPH)
  HIGHEST WIND SPEED    12   HIGHEST WIND DIRECTION    SW (240)
  HIGHEST GUST SPEED    14   HIGHEST GUST DIRECTION    SW (230)
  AVERAGE WIND SPEED     2.8


SKY COVER
  POSSIBLE SUNSHINE  MM
  AVERAGE SKY COVER 0.0


WEATHER CONDITIONS
 THE FOLLOWING WEATHER WAS RECORDED TODAY.
  NO SIGNIFICANT WEATHER WAS OBSERVED.


RELATIVE HUMIDITY (PERCENT)
 HIGHEST    96          1200 AM
 LOWEST     51          1200 PM
 AVERAGE    74

..........................................................


THE EL DORADO CLIMATE NORMALS FOR TOMORROW
                         NORMAL    RECORD    YEAR
 MAXIMUM TEMPERATURE (F)   73        90      1927
 MINIMUM TEMPERATURE (F)   48        31      2005
                                             1965


SUNRISE AND SUNSET
OCTOBER 25 2014.......SUNRISE   724 AM CDT   SUNSET   626 PM CDT
OCTOBER 26 2014.......SUNRISE   725 AM CDT   SUNSET   625 PM CDT


-  INDICATES NEGATIVE NUMBERS.
R  INDICATES RECORD WAS SET OR TIED.
MM INDICATES DATA IS MISSING.
T  INDICATES TRACE AMOUNT.




$$





U.S. Dept. of Commerce
NOAA National Weather Service
1325 East West Highway
Silver Spring, MD 20910
E-mail: w-nws.webmaster@noaa.gov
Page last modified: May 16, 2007
NATIONAL WEATHER SERVICE: for Safety, for Work, for Fun - FOR LIFE