678
CDUS44 KSHV 300735
CLIELD


CLIMATE REPORT
NATIONAL WEATHER SERVICE SHREVEPORT, LA
232 AM CDT THU OCT 30 2014


...................................

...THE EL DORADO CLIMATE SUMMARY FOR OCTOBER 29 2014...

CLIMATE NORMAL PERIOD 1981 TO 2010
CLIMATE RECORD PERIOD 1907 TO 2014


WEATHER ITEM   OBSERVED TIME   RECORD YEAR NORMAL DEPARTURE LAST
                VALUE   (LST)  VALUE       VALUE  FROM      YEAR
                                                  NORMAL
..................................................................
TEMPERATURE (F)
 YESTERDAY
  MAXIMUM         72    348 PM  88    1942  72      0       79
  MINIMUM         46   1159 PM  27    1952  48     -2       56
  AVERAGE         59                        60     -1       68

PRECIPITATION (IN)
  YESTERDAY        0.00          3.97 2009   0.17  -0.17     0.00
  MONTH TO DATE    3.70                      4.86  -1.16     2.82
  SINCE DEC 1     41.15                     47.70  -6.55    38.82
  SINCE JAN 1     34.59                     42.52  -7.93    32.76

SNOWFALL (IN)
  YESTERDAY        0.0
  MONTH TO DATE    0.0
  SINCE SEP 1      0.0
  SINCE JUL 1      0.0
  SNOW DEPTH       0

DEGREE DAYS
 HEATING
  YESTERDAY        6                         7     -1        0
  MONTH TO DATE   54                       107    -53      113
  SINCE SEP 1     57                       119    -62      113
  SINCE JUL 1     57                       119    -62      113

 COOLING
  YESTERDAY        0                         1     -1        3
  MONTH TO DATE   99                        81     18       75
  SINCE SEP 1    429                       381     48      475
  SINCE JAN 1   1877                      2108   -231     2143
..................................................................


WIND (MPH)
  HIGHEST WIND SPEED    14   HIGHEST WIND DIRECTION    NE (30)
  HIGHEST GUST SPEED    19   HIGHEST GUST DIRECTION    NE (40)
  AVERAGE WIND SPEED     5.1


SKY COVER
  POSSIBLE SUNSHINE  MM
  AVERAGE SKY COVER 0.2


WEATHER CONDITIONS
 THE FOLLOWING WEATHER WAS RECORDED YESTERDAY.
  NO SIGNIFICANT WEATHER WAS OBSERVED.


RELATIVE HUMIDITY (PERCENT)
 HIGHEST   100           500 AM
 LOWEST     38           200 PM
 AVERAGE    69

..........................................................


THE EL DORADO CLIMATE NORMALS FOR TODAY
                         NORMAL    RECORD    YEAR
 MAXIMUM TEMPERATURE (F)   72        90      1937
 MINIMUM TEMPERATURE (F)   47        24      1917


SUNRISE AND SUNSET
OCTOBER 30 2014.......SUNRISE   728 AM CDT   SUNSET   621 PM CDT
OCTOBER 31 2014.......SUNRISE   729 AM CDT   SUNSET   621 PM CDT


-  INDICATES NEGATIVE NUMBERS.
R  INDICATES RECORD WAS SET OR TIED.
MM INDICATES DATA IS MISSING.
T  INDICATES TRACE AMOUNT.




$$





U.S. Dept. of Commerce
NOAA National Weather Service
1325 East West Highway
Silver Spring, MD 20910
E-mail: w-nws.webmaster@noaa.gov
Page last modified: May 16, 2007
NATIONAL WEATHER SERVICE: for Safety, for Work, for Fun - FOR LIFE