249
CDUS44 KSHV 240746
CLIELD


CLIMATE REPORT
NATIONAL WEATHER SERVICE SHREVEPORT, LA
246 AM CDT THU APR 24 2014


...................................

...THE EL DORADO CLIMATE SUMMARY FOR APRIL 23 2014...

CLIMATE NORMAL PERIOD 1981 TO 2010
CLIMATE RECORD PERIOD 1907 TO 2014


WEATHER ITEM   OBSERVED TIME   RECORD YEAR NORMAL DEPARTURE LAST
                VALUE   (LST)  VALUE       VALUE  FROM      YEAR
                                                  NORMAL
..................................................................
TEMPERATURE (F)
 YESTERDAY
  MAXIMUM         82    226 PM  91    1965  77      5       78
  MINIMUM         53    547 AM  37    1959  53      0       51
  AVERAGE         68                        65      3       65

PRECIPITATION (IN)
  YESTERDAY        0.00          1.80 1985   0.14  -0.14     0.02
  MONTH TO DATE    5.14                      3.10   2.04     4.21
  SINCE DEC 1     20.27                     22.12  -1.85    19.99
  SINCE JAN 1     13.71                     16.94  -3.23    13.93

SNOWFALL (IN)
  YESTERDAY        0.0
  MONTH TO DATE    0.0
  SINCE MAR 1      T
  SINCE JUL 1      1.1
  SNOW DEPTH       0

DEGREE DAYS
 HEATING
  YESTERDAY        0                         3     -3        0
  MONTH TO DATE  144                       104     40      148
  SINCE MAR 1    586                       412    174      581
  SINCE JUL 1   3193                      2640    553     2621

 COOLING
  YESTERDAY        3                         3      0        0
  MONTH TO DATE   33                        48    -15       55
  SINCE MAR 1     38                        70    -32       61
  SINCE JAN 1     38                        76    -38       67
..................................................................


WIND (MPH)
  HIGHEST WIND SPEED    14   HIGHEST WIND DIRECTION     E (110)
  HIGHEST GUST SPEED    20   HIGHEST GUST DIRECTION     E (110)
  AVERAGE WIND SPEED     4.7


SKY COVER
  POSSIBLE SUNSHINE  MM
  AVERAGE SKY COVER 0.0


WEATHER CONDITIONS
 THE FOLLOWING WEATHER WAS RECORDED YESTERDAY.
  FOG


RELATIVE HUMIDITY (PERCENT)
 HIGHEST   100          1200 AM
 LOWEST     35           400 PM
 AVERAGE    68

..........................................................


THE EL DORADO CLIMATE NORMALS FOR TODAY
                         NORMAL    RECORD    YEAR
 MAXIMUM TEMPERATURE (F)   78        90      1925
 MINIMUM TEMPERATURE (F)   54        37      2005


SUNRISE AND SUNSET
APRIL 24 2014.........SUNRISE   631 AM CDT   SUNSET   749 PM CDT
APRIL 25 2014.........SUNRISE   630 AM CDT   SUNSET   749 PM CDT


-  INDICATES NEGATIVE NUMBERS.
R  INDICATES RECORD WAS SET OR TIED.
MM INDICATES DATA IS MISSING.
T  INDICATES TRACE AMOUNT.




$$





U.S. Dept. of Commerce
NOAA National Weather Service
1325 East West Highway
Silver Spring, MD 20910
E-mail: w-nws.webmaster@noaa.gov
Page last modified: May 16, 2007
NATIONAL WEATHER SERVICE: for Safety, for Work, for Fun - FOR LIFE