020
CDUS45 KLKN 220931
CLIEKO


CLIMATE REPORT
NATIONAL WEATHER SERVICE ELKO NV
131 AM PST SAT NOV 22 2014


...................................

...THE ELKO AIRPORT NV CLIMATE SUMMARY FOR NOVEMBER 21 2014...

CLIMATE NORMAL PERIOD 1981 TO 2010
CLIMATE RECORD PERIOD 1888 TO 2014


WEATHER ITEM   OBSERVED TIME   RECORD YEAR NORMAL DEPARTURE LAST
                VALUE   (LST)  VALUE       VALUE  FROM      YEAR
                                                  NORMAL
..................................................................
TEMPERATURE (F)
 YESTERDAY
  MAXIMUM         51    229 PM  76    1894  45      6       37
  MINIMUM         22    701 AM  -3    1931  20      2       27
                                      1929
  AVERAGE         37                        32      5       32

PRECIPITATION (IN)
  YESTERDAY        0.00          0.90 1897   0.04  -0.04     0.07
  MONTH TO DATE    0.50                      0.77  -0.27     0.36
  SINCE OCT 1      0.50                      1.52  -1.02     0.96
  SINCE JAN 1      8.55                      8.37   0.18     5.81

SNOWFALL (IN)
  YESTERDAY        0.0           5.0  1898   0.2   -0.2      0.3
  MONTH TO DATE    1.6                       2.7   -1.1      2.8
  SINCE SEP 1      1.6                       3.4   -1.8      5.7
  SINCE JUL 1      1.6                       3.4   -1.8      5.7
  SNOW DEPTH       0

DEGREE DAYS
 HEATING
  YESTERDAY       28                        33     -5       33
  MONTH TO DATE  616                       598     18      518
  SINCE SEP 1   1118                      1376   -258     1295
  SINCE JUL 1   1138                      1427   -289     1295

 COOLING
  YESTERDAY        0                         0      0        0
  MONTH TO DATE    0                         0      0        0
  SINCE SEP 1     45                        21     24       66
  SINCE JAN 1    549                       383    166      776
..................................................................


WIND (MPH)
  HIGHEST WIND SPEED    15   HIGHEST WIND DIRECTION    SW (240)
  HIGHEST GUST SPEED    18   HIGHEST GUST DIRECTION    SW (240)
  AVERAGE WIND SPEED     4.3



WEATHER CONDITIONS
 THE FOLLOWING WEATHER WAS RECORDED YESTERDAY.
  NO SIGNIFICANT WEATHER WAS OBSERVED.


RELATIVE HUMIDITY (PERCENT)
 HIGHEST    92           700 AM
 LOWEST     42           200 PM
 AVERAGE    67

..........................................................


THE ELKO AIRPORT NV CLIMATE NORMALS FOR TODAY
                         NORMAL    RECORD    YEAR
 MAXIMUM TEMPERATURE (F)   45        75      1894
 MINIMUM TEMPERATURE (F)   20       -12      1931


SUNRISE AND SUNSET
NOVEMBER 22 2014......SUNRISE   638 AM PST   SUNSET   420 PM PST
NOVEMBER 23 2014......SUNRISE   640 AM PST   SUNSET   419 PM PST


-  INDICATES NEGATIVE NUMBERS.
R  INDICATES RECORD WAS SET OR TIED.
MM INDICATES DATA IS MISSING.
T  INDICATES TRACE AMOUNT.




$$





U.S. Dept. of Commerce
NOAA National Weather Service
1325 East West Highway
Silver Spring, MD 20910
E-mail: w-nws.webmaster@noaa.gov
Page last modified: May 16, 2007
NATIONAL WEATHER SERVICE: for Safety, for Work, for Fun - FOR LIFE