672
CDUS45 KLKN 230026
CLIEKO


CLIMATE REPORT
NATIONAL WEATHER SERVICE ELKO NV
426 PM PST MON DEC 22 2014


...................................

...THE ELKO AIRPORT NV CLIMATE SUMMARY FOR DECEMBER 22 2014...
VALID TODAY AS OF 0400 PM LOCAL TIME.

CLIMATE NORMAL PERIOD 1981 TO 2010
CLIMATE RECORD PERIOD 1888 TO 2014


WEATHER ITEM   OBSERVED TIME   RECORD YEAR NORMAL DEPARTURE LAST
                VALUE   (LST)  VALUE       VALUE  FROM      YEAR
                                                  NORMAL
..................................................................
TEMPERATURE (F)
 TODAY
  MAXIMUM         48   1235 PM  57    1964  36     12       39
  MINIMUM         43    359 PM -33    1990  14     29       25
  AVERAGE         46                        25     21       32

PRECIPITATION (IN)
  TODAY            0.03          0.80 1888   0.04  -0.01     0.00
  MONTH TO DATE    0.84                      0.83   0.01     0.65
  SINCE OCT 1      1.99                      2.69  -0.70     1.61
  SINCE JAN 1     10.04                      9.54   0.50     6.46

SNOWFALL (IN)
  TODAY            0.0           4.1  1973   0.3   -0.3      0.0
  MONTH TO DATE    1.7                       6.6   -4.9      4.4
  SINCE DEC 1      1.7                       6.6   -4.9      4.4
  SINCE JUL 1      3.6                      12.3   -8.7     10.1
  SNOW DEPTH       0

DEGREE DAYS
 HEATING
  TODAY           19                        40    -21       33
  MONTH TO DATE  609                       849   -240     1045
  SINCE DEC 1    609                       849   -240     1045
  SINCE JUL 1   1969                      2587   -618     2605

 COOLING
  TODAY            0                         0      0        0
  MONTH TO DATE    0                         0      0        0
  SINCE DEC 1      0                         0      0        0
  SINCE JAN 1    549                       383    166      776
..................................................................


WIND (MPH)
  HIGHEST WIND SPEED    29   HIGHEST WIND DIRECTION     W (290)
  HIGHEST GUST SPEED    37   HIGHEST GUST DIRECTION     W (290)



WEATHER CONDITIONS
 THE FOLLOWING WEATHER WAS RECORDED TODAY.
  LIGHT RAIN
  FOG


RELATIVE HUMIDITY (PERCENT)
 HIGHEST    92          1200 AM
 LOWEST     60           200 PM
 AVERAGE    76

..........................................................


THE ELKO AIRPORT NV CLIMATE NORMALS FOR TOMORROW
                         NORMAL    RECORD    YEAR
 MAXIMUM TEMPERATURE (F)   36        56      1964
 MINIMUM TEMPERATURE (F)   14       -30      1990


SUNRISE AND SUNSET
DECEMBER 22 2014......SUNRISE   705 AM PST   SUNSET   419 PM PST
DECEMBER 23 2014......SUNRISE   705 AM PST   SUNSET   420 PM PST


-  INDICATES NEGATIVE NUMBERS.
R  INDICATES RECORD WAS SET OR TIED.
MM INDICATES DATA IS MISSING.
T  INDICATES TRACE AMOUNT.




$$





U.S. Dept. of Commerce
NOAA National Weather Service
1325 East West Highway
Silver Spring, MD 20910
E-mail: w-nws.webmaster@noaa.gov
Page last modified: May 16, 2007
NATIONAL WEATHER SERVICE: for Safety, for Work, for Fun - FOR LIFE