760
CDUS45 KLKN 010930
CLIEKO


CLIMATE REPORT
NATIONAL WEATHER SERVICE ELKO NV
227 AM PDT WED OCT 1 2014


...................................

...THE ELKO AIRPORT NV CLIMATE SUMMARY FOR SEPTEMBER 30 2014...

CLIMATE NORMAL PERIOD 1981 TO 2010
CLIMATE RECORD PERIOD 1888 TO 2014


WEATHER ITEM   OBSERVED TIME   RECORD YEAR NORMAL DEPARTURE LAST
                VALUE   (LST)  VALUE       VALUE  FROM      YEAR
                                                  NORMAL
..................................................................
TEMPERATURE (F)
 YESTERDAY
  MAXIMUM         65    342 PM  91    2010  72     -7       74
  MINIMUM         34   1159 PM  17    1954  34      0       41
                                      1889
  AVERAGE         50                        53     -3       58

PRECIPITATION (IN)
  YESTERDAY        T             0.58 1982   0.02  -0.02     0.00
  MONTH TO DATE    0.38                      0.57  -0.19     1.19
  SINCE OCT 1      9.66                      9.91  -0.25     7.68
  SINCE JAN 1      8.05                      6.85   1.20     4.85

SNOWFALL (IN)
  YESTERDAY        0.0           2.0  1982   0.0    0.0      0.0
  MONTH TO DATE    0.0                       0.1   -0.1       T
  SINCE SEP 1      0.0                       0.1   -0.1       T
  SINCE JUL 1      0.0                       0.1   -0.1       T
  SNOW DEPTH       0

DEGREE DAYS
 HEATING
  YESTERDAY       15                        12      3        7
  MONTH TO DATE   91                       207   -116      173
  SINCE SEP 1     91                       207   -116      173
  SINCE JUL 1    111                       258   -147      173

 COOLING
  YESTERDAY        0                         0      0        0
  MONTH TO DATE   45                        21     24       66
  SINCE SEP 1     45                        21     24       66
  SINCE JAN 1    549                       383    166      776
..................................................................


WIND (MPH)
  HIGHEST WIND SPEED    24   HIGHEST WIND DIRECTION    NW (320)
  HIGHEST GUST SPEED    30   HIGHEST GUST DIRECTION    NW (320)
  AVERAGE WIND SPEED     6.8



WEATHER CONDITIONS
 THE FOLLOWING WEATHER WAS RECORDED YESTERDAY.
  LIGHT RAIN
  FOG


RELATIVE HUMIDITY (PERCENT)
 HIGHEST    93           300 AM
 LOWEST     34           400 PM
 AVERAGE    64

..........................................................


THE ELKO AIRPORT NV CLIMATE NORMALS FOR TODAY
                         NORMAL    RECORD    YEAR
 MAXIMUM TEMPERATURE (F)   72        92      2010
 MINIMUM TEMPERATURE (F)   33        10      1898


SUNRISE AND SUNSET
OCTOBER  1 2014.......SUNRISE   640 AM PDT   SUNSET   625 PM PDT
OCTOBER  2 2014.......SUNRISE   641 AM PDT   SUNSET   623 PM PDT


-  INDICATES NEGATIVE NUMBERS.
R  INDICATES RECORD WAS SET OR TIED.
MM INDICATES DATA IS MISSING.
T  INDICATES TRACE AMOUNT.




$$






U.S. Dept. of Commerce
NOAA National Weather Service
1325 East West Highway
Silver Spring, MD 20910
E-mail: w-nws.webmaster@noaa.gov
Page last modified: May 16, 2007
NATIONAL WEATHER SERVICE: for Safety, for Work, for Fun - FOR LIFE