394
CDUS45 KLKN 260026
CLIEKO


CLIMATE REPORT
NATIONAL WEATHER SERVICE ELKO NV
526 PM PDT SAT OCT 25 2014


...................................

...THE ELKO AIRPORT NV CLIMATE SUMMARY FOR OCTOBER 25 2014...
VALID TODAY AS OF 0500 PM LOCAL TIME.

CLIMATE NORMAL PERIOD 1981 TO 2010
CLIMATE RECORD PERIOD 1888 TO 2014


WEATHER ITEM   OBSERVED TIME   RECORD YEAR NORMAL DEPARTURE LAST
                VALUE   (LST)  VALUE       VALUE  FROM      YEAR
                                                  NORMAL
..................................................................
TEMPERATURE (F)
 TODAY
  MAXIMUM         76    241 PM  80    1977  60     16       71
  MINIMUM         51    557 AM   5    1895  26     25       28
  AVERAGE         64                        43     21       50

PRECIPITATION (IN)
  TODAY            0.00          0.39 1998   0.03  -0.03     0.00
  MONTH TO DATE    T                         0.57  -0.57     0.10
  SINCE OCT 1      T                         0.57  -0.57     0.10
  SINCE JAN 1      8.05                      7.42   0.63     4.95

SNOWFALL (IN)
  TODAY            0.0           5.0  1919   0.1   -0.1      0.0
  MONTH TO DATE    0.0                       0.4   -0.4       T
  SINCE SEP 1      0.0                       0.5   -0.5       T
  SINCE JUL 1      0.0                       0.5   -0.5       T
  SNOW DEPTH       0

DEGREE DAYS
 HEATING
  TODAY            1                        22    -21       15
  MONTH TO DATE  285                       432   -147      460
  SINCE SEP 1    376                       639   -263      633
  SINCE JUL 1    396                       690   -294      633

 COOLING
  TODAY            0                         0      0        0
  MONTH TO DATE    0                         0      0        0
  SINCE SEP 1     45                        21     24       66
  SINCE JAN 1    549                       383    166      776
..................................................................


WIND (MPH)
  HIGHEST WIND SPEED    33   HIGHEST WIND DIRECTION     S (180)
  HIGHEST GUST SPEED    43   HIGHEST GUST DIRECTION     S (190)



WEATHER CONDITIONS
 THE FOLLOWING WEATHER WAS RECORDED TODAY.
  HAZE


RELATIVE HUMIDITY (PERCENT)
 HIGHEST    41           600 AM
 LOWEST     13           300 PM
 AVERAGE    27

..........................................................


THE ELKO AIRPORT NV CLIMATE NORMALS FOR TOMORROW
                         NORMAL    RECORD    YEAR
 MAXIMUM TEMPERATURE (F)   60        78      1926
 MINIMUM TEMPERATURE (F)   26         8      1895


SUNRISE AND SUNSET
OCTOBER 25 2014.......SUNRISE   706 AM PDT   SUNSET   548 PM PDT
OCTOBER 26 2014.......SUNRISE   707 AM PDT   SUNSET   547 PM PDT


-  INDICATES NEGATIVE NUMBERS.
R  INDICATES RECORD WAS SET OR TIED.
MM INDICATES DATA IS MISSING.
T  INDICATES TRACE AMOUNT.




$$





U.S. Dept. of Commerce
NOAA National Weather Service
1325 East West Highway
Silver Spring, MD 20910
E-mail: w-nws.webmaster@noaa.gov
Page last modified: May 16, 2007
NATIONAL WEATHER SERVICE: for Safety, for Work, for Fun - FOR LIFE