357
CDUS41 KRLX 170736
CLIEKN


CLIMATE REPORT
NATIONAL WEATHER SERVICE CHARLESTON WV
334 AM EDT WED SEP 17 2014


...................................

...THE ELKINS WV CLIMATE SUMMARY FOR SEPTEMBER 16 2014...

CLIMATE NORMAL PERIOD 1981 TO 2010
CLIMATE RECORD PERIOD 1899 TO 2014


WEATHER ITEM   OBSERVED TIME   RECORD YEAR NORMAL DEPARTURE LAST
                VALUE   (LST)  VALUE       VALUE  FROM      YEAR
                                                  NORMAL
..................................................................
TEMPERATURE (F)
 YESTERDAY
  MAXIMUM         65    446 PM  89    1939  74     -9       63
                                      1936
  MINIMUM         47   1047 PM  35    1946  51     -4       47
                                      1923
  AVERAGE         56                        62     -6       55

PRECIPITATION (IN)
  YESTERDAY        0.02          1.68 1934   0.13  -0.11     0.15
  MONTH TO DATE    1.18                      1.96  -0.78     1.38
  SINCE JAN 1     29.41                     34.77  -5.36    34.30

SNOWFALL (IN)
  YESTERDAY        0.0
  MONTH TO DATE    0.0
  SINCE SEP 1      0.0
  SNOW DEPTH       0

DEGREE DAYS
 HEATING
  YESTERDAY        9                         4      5       10
  MONTH TO DATE   39                        39      0       40
  SINCE SEP 1     39                        39      0       40
  SINCE JUL 1     90                        69     21       63

 COOLING
  YESTERDAY        0                         1     -1        0
  MONTH TO DATE   64                        34     30       56
  SINCE SEP 1     64                        34     30       56
  SINCE JAN 1    502                       460     42      519
..................................................................


WIND (MPH)
  HIGHEST WIND SPEED    16   HIGHEST WIND DIRECTION    NW (300)
  HIGHEST GUST SPEED    23   HIGHEST GUST DIRECTION     W (280)
  AVERAGE WIND SPEED     2.7


SKY COVER
  POSSIBLE SUNSHINE  MM
  AVERAGE SKY COVER 0.9


WEATHER CONDITIONS
 THE FOLLOWING WEATHER WAS RECORDED YESTERDAY.
  LIGHT RAIN
  FOG


RELATIVE HUMIDITY (PERCENT)
 HIGHEST    96           900 PM
 LOWEST     65           500 PM
 AVERAGE    81

..........................................................


THE ELKINS WV CLIMATE NORMALS FOR TODAY
                         NORMAL    RECORD    YEAR
 MAXIMUM TEMPERATURE (F)   73        86      1955
                                             1931
 MINIMUM TEMPERATURE (F)   50        34      1985
                                             1916


SUNRISE AND SUNSET
SEPTEMBER 17 2014.....SUNRISE   703 AM EDT   SUNSET   724 PM EDT
SEPTEMBER 18 2014.....SUNRISE   703 AM EDT   SUNSET   723 PM EDT


-  INDICATES NEGATIVE NUMBERS.
R  INDICATES RECORD WAS SET OR TIED.
MM INDICATES DATA IS MISSING.
T  INDICATES TRACE AMOUNT.




$$





U.S. Dept. of Commerce
NOAA National Weather Service
1325 East West Highway
Silver Spring, MD 20910
E-mail: w-nws.webmaster@noaa.gov
Page last modified: May 16, 2007
NATIONAL WEATHER SERVICE: for Safety, for Work, for Fun - FOR LIFE