408
CDUS41 KRLX 230721
CLIEKN


CLIMATE REPORT
NATIONAL WEATHER SERVICE CHARLESTON WV
320 AM EDT THU OCT 23 2014


...................................

...THE ELKINS WV CLIMATE SUMMARY FOR OCTOBER 22 2014...

CLIMATE NORMAL PERIOD 1981 TO 2010
CLIMATE RECORD PERIOD 1899 TO 2014


WEATHER ITEM   OBSERVED TIME   RECORD YEAR NORMAL DEPARTURE LAST
                VALUE   (LST)  VALUE       VALUE  FROM      YEAR
                                                  NORMAL
..................................................................
TEMPERATURE (F)
 YESTERDAY
  MAXIMUM         46   1145 AM  84    1947  62    -16       54
  MINIMUM         43    513 AM  14    1974  36      7       32
                                      1930
  AVERAGE         45                        49     -4       43

PRECIPITATION (IN)
  YESTERDAY        0.14          0.92 1984   0.09   0.05     0.07
  MONTH TO DATE    5.69                      1.98   3.71     0.90
  SINCE JAN 1     35.15                     38.42  -3.27    36.18

SNOWFALL (IN)
  YESTERDAY       MM
  MONTH TO DATE    0.0
  SINCE SEP 1      0.0
  SNOW DEPTH       0

DEGREE DAYS
 HEATING
  YESTERDAY       20                        16      4       22
  MONTH TO DATE  234                       276    -42      166
  SINCE SEP 1    330                       406    -76      279
  SINCE JUL 1    381                       436    -55      302

 COOLING
  YESTERDAY        0                         0      0        0
  MONTH TO DATE    2                         0      2       10
  SINCE SEP 1     67                        45     22       70
  SINCE JAN 1    505                       471     34      533
..................................................................


WIND (MPH)
  HIGHEST WIND SPEED    14   HIGHEST WIND DIRECTION     N (350)
  HIGHEST GUST SPEED    19   HIGHEST GUST DIRECTION     N (350)
  AVERAGE WIND SPEED     6.9


SKY COVER
  POSSIBLE SUNSHINE  MM
  AVERAGE SKY COVER 1.0


WEATHER CONDITIONS
 THE FOLLOWING WEATHER WAS RECORDED YESTERDAY.
  LIGHT RAIN
  FOG


RELATIVE HUMIDITY (PERCENT)
 HIGHEST   100          1200 AM
 LOWEST     92           600 AM
 AVERAGE    96

..........................................................


THE ELKINS WV CLIMATE NORMALS FOR TODAY
                         NORMAL    RECORD    YEAR
 MAXIMUM TEMPERATURE (F)   62        80      1947
 MINIMUM TEMPERATURE (F)   36        15      1974


SUNRISE AND SUNSET
OCTOBER 23 2014.......SUNRISE   737 AM EDT   SUNSET   630 PM EDT
OCTOBER 24 2014.......SUNRISE   738 AM EDT   SUNSET   629 PM EDT


-  INDICATES NEGATIVE NUMBERS.
R  INDICATES RECORD WAS SET OR TIED.
MM INDICATES DATA IS MISSING.
T  INDICATES TRACE AMOUNT.




$$





U.S. Dept. of Commerce
NOAA National Weather Service
1325 East West Highway
Silver Spring, MD 20910
E-mail: w-nws.webmaster@noaa.gov
Page last modified: May 16, 2007
NATIONAL WEATHER SERVICE: for Safety, for Work, for Fun - FOR LIFE