832
CDUS41 KRLX 010730
CLIEKN


CLIMATE REPORT
NATIONAL WEATHER SERVICE CHARLESTON WV
329 AM EDT MON SEP 1 2014


...................................

...THE ELKINS WV CLIMATE SUMMARY FOR AUGUST 31 2014...

CLIMATE NORMAL PERIOD 1981 TO 2010
CLIMATE RECORD PERIOD 1899 TO 2014


WEATHER ITEM   OBSERVED TIME   RECORD YEAR NORMAL DEPARTURE LAST
                VALUE   (LST)  VALUE       VALUE  FROM      YEAR
                                                  NORMAL
..................................................................
TEMPERATURE (F)
 YESTERDAY
  MAXIMUM         80   1231 PM  93    1993  79      1       83
  MINIMUM         64   1205 AM  39    1999  56      8       63
                                      1976
  AVERAGE         72                        67      5       73

PRECIPITATION (IN)
  YESTERDAY        0.38          1.29 1911   0.11   0.27     0.00
  MONTH TO DATE    3.09                      3.84  -0.75     8.04
  SINCE JAN 1     28.23                     32.81  -4.58    32.92

SNOWFALL (IN)
  YESTERDAY        0.0
  MONTH TO DATE    0.0
  SINCE SEP 1     92.3
  SNOW DEPTH       0

DEGREE DAYS
 HEATING
  YESTERDAY        0                         1     -1        0
  MONTH TO DATE   18                        16      2       19
  SINCE JUN 1     65                        85    -20       35
  SINCE JUL 1     51                        30     21       23

 COOLING
  YESTERDAY        7                         3      4        8
  MONTH TO DATE  114                       145    -31      133
  SINCE JUN 1    402                       403     -1      438
  SINCE JAN 1    438                       426     12      463
..................................................................


WIND (MPH)
  HIGHEST WIND SPEED    13   HIGHEST WIND DIRECTION     W (290)
  HIGHEST GUST SPEED    18   HIGHEST GUST DIRECTION     W (250)
  AVERAGE WIND SPEED     3.7


SKY COVER
  POSSIBLE SUNSHINE  MM
  AVERAGE SKY COVER 0.7


WEATHER CONDITIONS
 THE FOLLOWING WEATHER WAS RECORDED YESTERDAY.
  HEAVY RAIN
  RAIN
  LIGHT RAIN
  FOG


RELATIVE HUMIDITY (PERCENT)
 HIGHEST    93          1200 AM
 LOWEST     62          1200 PM
 AVERAGE    78

..........................................................


THE ELKINS WV CLIMATE NORMALS FOR TODAY
                         NORMAL    RECORD    YEAR
 MAXIMUM TEMPERATURE (F)   78        94      1932
 MINIMUM TEMPERATURE (F)   56        38      1999
                                             1946


SUNRISE AND SUNSET
SEPTEMBER  1 2014.....SUNRISE   648 AM EDT   SUNSET   750 PM EDT
SEPTEMBER  2 2014.....SUNRISE   649 AM EDT   SUNSET   748 PM EDT


-  INDICATES NEGATIVE NUMBERS.
R  INDICATES RECORD WAS SET OR TIED.
MM INDICATES DATA IS MISSING.
T  INDICATES TRACE AMOUNT.




$$





U.S. Dept. of Commerce
NOAA National Weather Service
1325 East West Highway
Silver Spring, MD 20910
E-mail: w-nws.webmaster@noaa.gov
Page last modified: May 16, 2007
NATIONAL WEATHER SERVICE: for Safety, for Work, for Fun - FOR LIFE