846
CDUS41 KRLX 222228
CLIEKN


CLIMATE REPORT
NATIONAL WEATHER SERVICE CHARLESTON WV
526 PM EST SAT NOV 22 2014


...................................

...THE ELKINS WV CLIMATE SUMMARY FOR NOVEMBER 22 2014...
VALID TODAY AS OF 0500 PM LOCAL TIME.

CLIMATE NORMAL PERIOD 1981 TO 2010
CLIMATE RECORD PERIOD 1899 TO 2014


WEATHER ITEM   OBSERVED TIME   RECORD YEAR NORMAL DEPARTURE LAST
                VALUE   (LST)  VALUE       VALUE  FROM      YEAR
                                                  NORMAL
..................................................................
TEMPERATURE (F)
 TODAY
  MAXIMUM         58    340 PM  73    1931  51      7       56
                                      1913
  MINIMUM         11    733 AM   5    1987  29    -18       43
  AVERAGE         35                        40     -5       50

PRECIPITATION (IN)
  TODAY            0.00          1.23 2011   0.12  -0.12     0.50
  MONTH TO DATE    1.63                      2.45  -0.82     1.88
  SINCE SEP 1      9.40                      8.93   0.47     5.55
  SINCE JAN 1     37.63                     41.74  -4.11    38.47

DEGREE DAYS
 HEATING
  TODAY           30                        25      5       15
  MONTH TO DATE  618                       480    138      503
  SINCE SEP 1   1102                      1041     61      981
  SINCE JUL 1   1153                      1071     82     1004

 COOLING
  TODAY            0                         0      0        0
  MONTH TO DATE    0                         0      0        0
  SINCE SEP 1     67                        49     18       70
  SINCE JAN 1    505                       475     30      533
..................................................................


WIND (MPH)
  HIGHEST WIND SPEED    14   HIGHEST WIND DIRECTION    SW (230)
  HIGHEST GUST SPEED    21   HIGHEST GUST DIRECTION    SW (240)
  AVERAGE WIND SPEED     1.9


SKY COVER
  POSSIBLE SUNSHINE  MM
  AVERAGE SKY COVER 0.4


WEATHER CONDITIONS
 THE FOLLOWING WEATHER WAS RECORDED TODAY.
  FOG


RELATIVE HUMIDITY (PERCENT)
 HIGHEST    92           100 AM
 LOWEST     39           400 PM
 AVERAGE    66

..........................................................


THE ELKINS WV CLIMATE NORMALS FOR TOMORROW
                         NORMAL    RECORD    YEAR
 MAXIMUM TEMPERATURE (F)   50        72      1931
 MINIMUM TEMPERATURE (F)   29         4      1971


SUNRISE AND SUNSET
NOVEMBER 22 2014......SUNRISE   710 AM EST   SUNSET   501 PM EST
NOVEMBER 23 2014......SUNRISE   711 AM EST   SUNSET   501 PM EST


-  INDICATES NEGATIVE NUMBERS.
R  INDICATES RECORD WAS SET OR TIED.
MM INDICATES DATA IS MISSING.
T  INDICATES TRACE AMOUNT.




$$






U.S. Dept. of Commerce
NOAA National Weather Service
1325 East West Highway
Silver Spring, MD 20910
E-mail: w-nws.webmaster@noaa.gov
Page last modified: May 16, 2007
NATIONAL WEATHER SERVICE: for Safety, for Work, for Fun - FOR LIFE