449
CDUS46 KEKA 221209
CLIEKA


CLIMATE REPORT
NATIONAL WEATHER SERVICE EUREKA CA
509 AM PDT WED OCT 22 2014


...................................

...THE EUREKA CA CLIMATE SUMMARY FOR OCTOBER 21 2014...

CLIMATE NORMAL PERIOD 1981 TO 2010
CLIMATE RECORD PERIOD 1886 TO 2014


WEATHER ITEM   OBSERVED RECORD YEAR NORMAL DEPARTURE LAST
                VALUE   VALUE       VALUE  FROM      YEAR
                                           NORMAL
...........................................................
TEMPERATURE (F)
 YESTERDAY
  MAXIMUM         67     73    1998  61      6       48
  MINIMUM         54     36    1908  47      7       45
  AVERAGE         61                 54      7       47

PRECIPITATION (IN)
  YESTERDAY        0.00   1.27 1973   0.09  -0.09     0.01
  MONTH TO DATE    1.70               1.18   0.52     0.01
  SINCE JUL 1      4.83               2.26   2.57     3.23
  SINCE JAN 1     20.82              25.54  -4.72    14.71

SNOWFALL (IN)
  YESTERDAY        0.0    0.0  2002   0.0    0.0     MM
                               2001
  MONTH TO DATE    0.0                0.0    0.0      0.0
  SINCE SEP 1      0.0                0.0    0.0      0.0
  SINCE JUL 1      0.0                0.0    0.0      0.0
  SNOW DEPTH       0

DEGREE DAYS
 HEATING
  YESTERDAY        4                 11     -7       18
  MONTH TO DATE  116                214    -98      270
  SINCE SEP 1    276                453   -177      408
  SINCE JUL 1    639                879   -240      827

 COOLING
  YESTERDAY        0                  0      0        0
  MONTH TO DATE    0                  0      0        0
  SINCE SEP 1      3                  0      3        1
  SINCE JAN 1      4                  0      4        6
...........................................................


WIND (MPH)
  HIGHEST WIND SPEED    10   HIGHEST WIND DIRECTION     S (170)
  HIGHEST GUST SPEED    17   HIGHEST GUST DIRECTION    MM
  AVERAGE WIND SPEED     5.8


SKY COVER
  AVERAGE SKY COVER 0.8


WEATHER CONDITIONS
 THE FOLLOWING WEATHER WAS RECORDED YESTERDAY.
  FOG


..........................................................


THE EUREKA CA CLIMATE NORMALS FOR TODAY
                         NORMAL    RECORD    YEAR
 MAXIMUM TEMPERATURE (F)   61        75      1965
 MINIMUM TEMPERATURE (F)   47        37      2000
                                             1935


SUNRISE AND SUNSET
OCTOBER 22 2014.......SUNRISE   736 AM PDT   SUNSET   626 PM PDT
OCTOBER 23 2014.......SUNRISE   737 AM PDT   SUNSET   624 PM PDT


-  INDICATES NEGATIVE NUMBERS.
R  INDICATES RECORD WAS SET OR TIED.
MM INDICATES DATA IS MISSING.
T  INDICATES TRACE AMOUNT.




&&

..........................................................

TOTAL SEASON     NORMAL   % OF NORMAL     LAST SEASON

     4.83          2.26        214             3.23


$$




U.S. Dept. of Commerce
NOAA National Weather Service
1325 East West Highway
Silver Spring, MD 20910
E-mail: w-nws.webmaster@noaa.gov
Page last modified: May 16, 2007
NATIONAL WEATHER SERVICE: for Safety, for Work, for Fun - FOR LIFE