629
CDUS46 KEKA 021229
CLIEKA


CLIMATE REPORT
NATIONAL WEATHER SERVICE EUREKA CA
528 AM PDT TUE SEP 2 2014


...................................

...THE EUREKA CA CLIMATE SUMMARY FOR SEPTEMBER 1 2014...

CLIMATE NORMAL PERIOD 1981 TO 2010
CLIMATE RECORD PERIOD 1886 TO 2014


WEATHER ITEM   OBSERVED RECORD YEAR NORMAL DEPARTURE LAST
                VALUE   VALUE       VALUE  FROM      YEAR
                                           NORMAL
...........................................................
TEMPERATURE (F)
 YESTERDAY
  MAXIMUM         66     75    1979  64      2       71
  MINIMUM         56     44    2008  52      4       53
  AVERAGE         61                 58      3       62

PRECIPITATION (IN)
  YESTERDAY        0.00   0.89 1979   0.01  -0.01     0.00
  MONTH TO DATE    0.00               0.01  -0.01     0.00
  SINCE JUL 1      0.04               0.50  -0.46     0.08
  SINCE JAN 1     16.03              23.78  -7.75    11.56

SNOWFALL (IN)
  YESTERDAY        0.0    0.0  2002   0.0    0.0      0.0
                               2001
  MONTH TO DATE    0.0                0.0    0.0      0.0
  SINCE SEP 1      0.0                0.0    0.0      0.0
  SINCE JUL 1      0.0                0.0    0.0      0.0
  SNOW DEPTH       0

DEGREE DAYS
 HEATING
  YESTERDAY        4                  7     -3        3
  MONTH TO DATE    4                  7     -3        3
  SINCE SEP 1      4                  7     -3        3
  SINCE JUL 1    367                433    -66      422

 COOLING
  YESTERDAY        0                  0      0        0
  MONTH TO DATE    0                  0      0        0
  SINCE SEP 1      0                  0      0        0
  SINCE JAN 1      1                  0      1        5
...........................................................


WIND (MPH)
  HIGHEST WIND SPEED     8   HIGHEST WIND DIRECTION    NW (310)
  HIGHEST GUST SPEED    12   HIGHEST GUST DIRECTION    MM
  AVERAGE WIND SPEED     3.5


SKY COVER
  AVERAGE SKY COVER 0.5


WEATHER CONDITIONS
 THE FOLLOWING WEATHER WAS RECORDED YESTERDAY.
  FOG


..........................................................


THE EUREKA CA CLIMATE NORMALS FOR TODAY
                         NORMAL    RECORD    YEAR
 MAXIMUM TEMPERATURE (F)   64        75      1979
 MINIMUM TEMPERATURE (F)   52        46      2008
                                             1999
                                             1913


SUNRISE AND SUNSET
SEPTEMBER  2 2014.....SUNRISE   645 AM PDT   SUNSET   747 PM PDT
SEPTEMBER  3 2014.....SUNRISE   646 AM PDT   SUNSET   745 PM PDT


-  INDICATES NEGATIVE NUMBERS.
R  INDICATES RECORD WAS SET OR TIED.
MM INDICATES DATA IS MISSING.
T  INDICATES TRACE AMOUNT.




&&

..........................................................

TOTAL SEASON     NORMAL   % OF NORMAL     LAST SEASON

     0.04          0.50        8             0.08

$$




U.S. Dept. of Commerce
NOAA National Weather Service
1325 East West Highway
Silver Spring, MD 20910
E-mail: w-nws.webmaster@noaa.gov
Page last modified: May 16, 2007
NATIONAL WEATHER SERVICE: for Safety, for Work, for Fun - FOR LIFE