644
CDUS46 KEKA 211211
CLIEKA


CLIMATE REPORT
NATIONAL WEATHER SERVICE EUREKA CA
511 AM PDT MON APR 21 2014


...................................

...THE EUREKA CA CLIMATE SUMMARY FOR APRIL 20 2014...

CLIMATE NORMAL PERIOD 1981 TO 2010
CLIMATE RECORD PERIOD 1886 TO 2014


WEATHER ITEM   OBSERVED RECORD YEAR NORMAL DEPARTURE LAST
                VALUE   VALUE       VALUE  FROM      YEAR
                                           NORMAL
...........................................................
TEMPERATURE (F)
 YESTERDAY
  MAXIMUM         56     75    1982  58     -2       55
  MINIMUM         47     36    1970  44      3       46
  AVERAGE         52                 51      1       51

PRECIPITATION (IN)
  YESTERDAY        0.00   1.74 1980   0.10  -0.10      T
  MONTH TO DATE    0.36               2.41  -2.05     2.44
  SINCE JUL 1     19.17              36.89 -17.72    30.71
  SINCE JAN 1     14.05              19.84  -5.79     9.88

SNOWFALL (IN)
  YESTERDAY        0.0    T    2008   0.0    0.0     MM
  MONTH TO DATE    0.0                0.0    0.0      0.0
  SINCE MAR 1      0.0                0.0    0.0      0.0
  SINCE JUL 1      T                  0.2   -0.2       T
  SNOW DEPTH       0

DEGREE DAYS
 HEATING
  YESTERDAY       13                 14     -1       14
  MONTH TO DATE  265                291    -26      293
  SINCE MAR 1    675                767    -92      823
  SINCE JUL 1   3766               3689     77     4061

 COOLING
  YESTERDAY        0                  0      0        0
  MONTH TO DATE    0                  0      0        0
  SINCE MAR 1      0                  0      0        0
  SINCE JAN 1      0                  0      0        0
...........................................................


WIND (MPH)
  HIGHEST WIND SPEED    12   HIGHEST WIND DIRECTION     N (360)
  HIGHEST GUST SPEED    MM   HIGHEST GUST DIRECTION    MM
  AVERAGE WIND SPEED     2.9


SKY COVER
  AVERAGE SKY COVER 0.4


WEATHER CONDITIONS
 THE FOLLOWING WEATHER WAS RECORDED YESTERDAY.
  FOG


..........................................................


THE EUREKA CA CLIMATE NORMALS FOR TODAY
                         NORMAL    RECORD    YEAR
 MAXIMUM TEMPERATURE (F)   58        79      1982
 MINIMUM TEMPERATURE (F)   45        35      1995
                                             1971


SUNRISE AND SUNSET
APRIL 21 2014.........SUNRISE   629 AM PDT   SUNSET   803 PM PDT
APRIL 22 2014.........SUNRISE   627 AM PDT   SUNSET   804 PM PDT


-  INDICATES NEGATIVE NUMBERS.
R  INDICATES RECORD WAS SET OR TIED.
MM INDICATES DATA IS MISSING.
T  INDICATES TRACE AMOUNT.




&&

..........................................................

TOTAL SEASON     NORMAL   % OF NORMAL     LAST SEASON

    19.17         36.89        52            30.71

$$




U.S. Dept. of Commerce
NOAA National Weather Service
1325 East West Highway
Silver Spring, MD 20910
E-mail: w-nws.webmaster@noaa.gov
Page last modified: May 16, 2007
NATIONAL WEATHER SERVICE: for Safety, for Work, for Fun - FOR LIFE