469
CDUS46 KEKA 251212
CLIEKA


CLIMATE REPORT
NATIONAL WEATHER SERVICE EUREKA CA
509 AM PDT FRI JUL 25 2014


...................................

...THE EUREKA CA CLIMATE SUMMARY FOR JULY 24 2014...

CLIMATE NORMAL PERIOD 1981 TO 2010
CLIMATE RECORD PERIOD 1886 TO 2014


WEATHER ITEM   OBSERVED RECORD YEAR NORMAL DEPARTURE LAST
                VALUE   VALUE       VALUE  FROM      YEAR
                                           NORMAL
...........................................................
TEMPERATURE (F)
 YESTERDAY
  MAXIMUM         66     69    2007  64      2       61
                               1994
  MINIMUM         51     47    1896  52     -1       50
  AVERAGE         59                 58      1       56

PRECIPITATION (IN)
  YESTERDAY        0.00   0.02 1913   0.01  -0.01     0.00
  MONTH TO DATE    0.02               0.15  -0.13      T
  SINCE JUL 1      0.02               0.15  -0.13      T
  SINCE JAN 1     16.01              23.43  -7.42    11.48

SNOWFALL (IN)
  YESTERDAY        0.0    0.0  2002   0.0    0.0      0.0
                               2001
  MONTH TO DATE    0.0                0.0    0.0      0.0
  SINCE JUN 1      0.0                0.0    0.0      0.0
  SINCE JUL 1      0.0                0.0    0.0      0.0
  SNOW DEPTH       0

DEGREE DAYS
 HEATING
  YESTERDAY        6                  7     -1        9
  MONTH TO DATE  141                179    -38      201
  SINCE JUN 1    393                445    -52      424
  SINCE JUL 1    141                179    -38      201

 COOLING
  YESTERDAY        0                  0      0        0
  MONTH TO DATE    0                  0      0        0
  SINCE JUN 1      0                  0      0        0
  SINCE JAN 1      1                  0      1        0
...........................................................


WIND (MPH)
  HIGHEST WIND SPEED    18   HIGHEST WIND DIRECTION     N (360)
  HIGHEST GUST SPEED    30   HIGHEST GUST DIRECTION     N (360)
  AVERAGE WIND SPEED     7.9


SKY COVER
  AVERAGE SKY COVER 0.1


WEATHER CONDITIONS
 THE FOLLOWING WEATHER WAS RECORDED YESTERDAY.
  NO SIGNIFICANT WEATHER WAS OBSERVED.


..........................................................


THE EUREKA CA CLIMATE NORMALS FOR TODAY
                         NORMAL    RECORD    YEAR
 MAXIMUM TEMPERATURE (F)   64        70      1984
 MINIMUM TEMPERATURE (F)   53        46      1978


SUNRISE AND SUNSET
JULY 25 2014..........SUNRISE   607 AM PDT   SUNSET   839 PM PDT
JULY 26 2014..........SUNRISE   608 AM PDT   SUNSET   838 PM PDT


-  INDICATES NEGATIVE NUMBERS.
R  INDICATES RECORD WAS SET OR TIED.
MM INDICATES DATA IS MISSING.
T  INDICATES TRACE AMOUNT.




&&

..........................................................

TOTAL SEASON     NORMAL   % OF NORMAL     LAST SEASON

     0.02          0.15        13             0.00

$$




U.S. Dept. of Commerce
NOAA National Weather Service
1325 East West Highway
Silver Spring, MD 20910
E-mail: w-nws.webmaster@noaa.gov
Page last modified: May 16, 2007
NATIONAL WEATHER SERVICE: for Safety, for Work, for Fun - FOR LIFE