571
CDUS44 KBMX 250818
CLIEET


CLIMATE REPORT
NATIONAL WEATHER SERVICE BIRMINGHAM, AL
217 AM CST SUN JAN 25 2015


...................................

...THE SHELBY COUNTY AIRPORT CLIMATE SUMMARY FOR JANUARY 24 2015...

CLIMATE NORMAL PERIOD 1981 TO 2010
CLIMATE RECORD PERIOD 9999 TO 9999


WEATHER ITEM   OBSERVED TIME   RECORD YEAR NORMAL DEPARTURE LAST
                VALUE   (LST)  VALUE       VALUE  FROM      YEAR
                                                  NORMAL
..................................................................
TEMPERATURE (F)
 YESTERDAY
  MAXIMUM         50    401 PM  MM      MM  55     -5       35
  MINIMUM         34   1159 PM  MM      MM  34      0       16
  AVERAGE         42                        45     -3       26

PRECIPITATION (IN)
  YESTERDAY        0.01                      0.19  -0.18     0.00
  MONTH TO DATE    4.75                      4.00   0.75     2.83
  SINCE DEC 1     12.83                      8.80   4.03    13.17
  SINCE JAN 1      4.75                      4.00   0.75     2.83

SNOWFALL (IN)
  YESTERDAY        0.0                      MM     MM        0.0
  MONTH TO DATE    0.0                      MM     MM        0.0
  SINCE DEC 1      0.0                      MM     MM        0.0
  SINCE JUL 1      0.0                      MM     MM        0.0
  SNOW DEPTH       0

DEGREE DAYS
 HEATING
  YESTERDAY       23                        20      3       39
  MONTH TO DATE  503                       502      1      627
  SINCE DEC 1    946                      1078   -132     1134
  SINCE JUL 1   1472                      1522    -50     1590
..................................................................


WIND (MPH)
  HIGHEST WIND SPEED    17   HIGHEST WIND DIRECTION    NW (310)
  HIGHEST GUST SPEED    25   HIGHEST GUST DIRECTION    NW (310)
  AVERAGE WIND SPEED     6.6


SKY COVER
  POSSIBLE SUNSHINE  MM
  AVERAGE SKY COVER 0.4


WEATHER CONDITIONS
 THE FOLLOWING WEATHER WAS RECORDED YESTERDAY.
  LIGHT RAIN
  FOG
  HAZE


RELATIVE HUMIDITY (PERCENT)
 HIGHEST    92           300 AM
 LOWEST     42           400 PM
 AVERAGE    67

..........................................................


THE SHELBY COUNTY AIRPORT CLIMATE NORMALS FOR TODAY
                         NORMAL    RECORD    YEAR
 MAXIMUM TEMPERATURE (F)   55        MM        MM
 MINIMUM TEMPERATURE (F)   35        MM        MM


SUNRISE AND SUNSET
JANUARY 25 2015.......SUNRISE   647 AM CST   SUNSET   512 PM CST
JANUARY 26 2015.......SUNRISE   646 AM CST   SUNSET   513 PM CST


-  INDICATES NEGATIVE NUMBERS.
R  INDICATES RECORD WAS SET OR TIED.
MM INDICATES DATA IS MISSING.
T  INDICATES TRACE AMOUNT.




$$





U.S. Dept. of Commerce
NOAA National Weather Service
1325 East West Highway
Silver Spring, MD 20910
E-mail: w-nws.webmaster@noaa.gov
Page last modified: May 16, 2007
NATIONAL WEATHER SERVICE: for Safety, for Work, for Fun - FOR LIFE