453
CDUS44 KBMX 192127
CLIEET


CLIMATE REPORT
NATIONAL WEATHER SERVICE BIRMINGHAM, AL
426 PM CDT SAT APR 19 2014


...................................

...THE SHELBY COUNTY AIRPORT CLIMATE SUMMARY FOR APRIL 19 2014...
VALID AS OF 0400 PM LOCAL TIME.

CLIMATE NORMAL PERIOD 1981 TO 2010
CLIMATE RECORD PERIOD 9999 TO 9999


WEATHER ITEM   OBSERVED TIME   RECORD YEAR NORMAL DEPARTURE LAST
                VALUE   (LST)  VALUE       VALUE  FROM      YEAR
                                                  NORMAL
..................................................................
TEMPERATURE (F)
 TODAY
  MAXIMUM         76    256 PM  MM      MM  75      1       73
  MINIMUM         53    619 AM  MM      MM  52      1       43
  AVERAGE         65                        63      2       58

PRECIPITATION (IN)
  TODAY            0.05                      0.14  -0.09     0.76
  MONTH TO DATE    7.63                      2.51   5.12     3.53
  SINCE MAR 1     14.53                      6.99   7.54     6.91
  SINCE JAN 1     23.06                     18.07   4.99    22.40

SNOWFALL (IN)
  TODAY            0.0                      MM     MM        0.0
  MONTH TO DATE    0.0                      MM     MM        0.0
  SINCE MAR 1      0.0                      MM     MM         T
  SINCE JUL 1      1.3                      MM     MM        0.9
  SNOW DEPTH       0

DEGREE DAYS
 HEATING
  TODAY            0                         4     -4        7
  MONTH TO DATE   87                       100    -13       79
  SINCE MAR 1    430                       409     21      528
  SINCE JUL 1   2709                      2538    171     2350

 COOLING
  TODAY            0                         2     -2        0
  MONTH TO DATE   18                        29    -11       54
  SINCE MAR 1     18                        42    -24       56
  SINCE JAN 1     22                        46    -24       63
..................................................................


WIND (MPH)
  HIGHEST WIND SPEED    13   HIGHEST WIND DIRECTION     N (20)
  HIGHEST GUST SPEED    20   HIGHEST GUST DIRECTION    NE (30)
  AVERAGE WIND SPEED     6.1


SKY COVER
  POSSIBLE SUNSHINE  MM
  AVERAGE SKY COVER 0.7


WEATHER CONDITIONS
 THE FOLLOWING WEATHER WAS RECORDED TODAY.
  LIGHT RAIN


RELATIVE HUMIDITY (PERCENT)
 HIGHEST    93          1200 AM
 LOWEST     36           300 PM
 AVERAGE    65

..........................................................


THE SHELBY COUNTY AIRPORT CLIMATE NORMALS FOR TOMORROW
                         NORMAL    RECORD    YEAR
 MAXIMUM TEMPERATURE (F)   75        MM        MM
 MINIMUM TEMPERATURE (F)   52        MM        MM


SUNRISE AND SUNSET
APRIL 19 2014.........SUNRISE   612 AM CDT   SUNSET   721 PM CDT
APRIL 20 2014.........SUNRISE   611 AM CDT   SUNSET   721 PM CDT


-  INDICATES NEGATIVE NUMBERS.
R  INDICATES RECORD WAS SET OR TIED.
MM INDICATES DATA IS MISSING.
T  INDICATES TRACE AMOUNT.




$$





U.S. Dept. of Commerce
NOAA National Weather Service
1325 East West Highway
Silver Spring, MD 20910
E-mail: w-nws.webmaster@noaa.gov
Page last modified: May 16, 2007
NATIONAL WEATHER SERVICE: for Safety, for Work, for Fun - FOR LIFE