889
CDUS42 KAKQ 250828
CLIECG


CLIMATE REPORT
NATIONAL WEATHER SERVICE WAKEFIELD, VA
425 AM EDT SAT OCT 25 2014


...................................

...THE ELIZABETH CITY NC CLIMATE SUMMARY FOR OCTOBER 24 2014...

CLIMATE NORMAL PERIOD 1981 TO 2010
CLIMATE RECORD PERIOD 1934 TO 2014


WEATHER ITEM   OBSERVED TIME   RECORD YEAR NORMAL DEPARTURE LAST
                VALUE   (LST)  VALUE       VALUE  FROM      YEAR
                                                  NORMAL
..................................................................
TEMPERATURE (F)
 YESTERDAY
  MAXIMUM         72    304 PM  87    2001  70      2       59
  MINIMUM         49   1139 PM  31    1987  49      0       40
  AVERAGE         61                        60      1       50

PRECIPITATION (IN)
  YESTERDAY        0.00          1.54 1938   0.09  -0.09     0.00
  MONTH TO DATE    0.79                      2.39  -1.60     5.73
  SINCE SEP 1      6.79                      6.32   0.47     6.57
  SINCE JAN 1     34.23                     40.28  -6.05    36.60

SNOWFALL (IN)
  YESTERDAY        0.0           0.0  2002  MM     MM
  MONTH TO DATE    0.0                      MM     MM
  SINCE NOV 1     10.2                      MM     MM
  SINCE JUL 1      0.0                      MM     MM
  SNOW DEPTH       0

DEGREE DAYS
 HEATING
  YESTERDAY        4                         6     -2       15
  MONTH TO DATE   54                        88    -34       52
  SINCE SEP 1     55                       100    -45       67
  SINCE JUL 1     55                       100    -45       67

 COOLING
  YESTERDAY        0                         1     -1        0
  MONTH TO DATE   69                        50     19       86
  SINCE SEP 1    329                       276     53      277
  SINCE JAN 1   1572                      1572      0     1657
..................................................................


WIND (MPH)
  HIGHEST WIND SPEED    16   HIGHEST WIND DIRECTION     N (340)
  HIGHEST GUST SPEED    23   HIGHEST GUST DIRECTION     N (350)
  AVERAGE WIND SPEED     8.2


SKY COVER
  POSSIBLE SUNSHINE  MM
  AVERAGE SKY COVER 0.0


WEATHER CONDITIONS
 THE FOLLOWING WEATHER WAS RECORDED YESTERDAY.
  NO SIGNIFICANT WEATHER WAS OBSERVED.


RELATIVE HUMIDITY (PERCENT)
 HIGHEST    80           400 AM
 LOWEST     44           200 PM
 AVERAGE    62

..........................................................


THE ELIZABETH CITY NC CLIMATE NORMALS FOR TODAY
                         NORMAL    RECORD    YEAR
 MAXIMUM TEMPERATURE (F)   70        86      2001
 MINIMUM TEMPERATURE (F)   49        30      1987


SUNRISE AND SUNSET
OCTOBER 25 2014.......SUNRISE   721 AM EDT   SUNSET   616 PM EDT
OCTOBER 26 2014.......SUNRISE   722 AM EDT   SUNSET   615 PM EDT


-  INDICATES NEGATIVE NUMBERS.
R  INDICATES RECORD WAS SET OR TIED.
MM INDICATES DATA IS MISSING.
T  INDICATES TRACE AMOUNT.




$$





U.S. Dept. of Commerce
NOAA National Weather Service
1325 East West Highway
Silver Spring, MD 20910
E-mail: w-nws.webmaster@noaa.gov
Page last modified: May 16, 2007
NATIONAL WEATHER SERVICE: for Safety, for Work, for Fun - FOR LIFE