125
CDUS42 KAKQ 210827
CLIECG


CLIMATE REPORT
NATIONAL WEATHER SERVICE WAKEFIELD, VA
427 AM EDT TUE OCT 21 2014


...................................

...THE ELIZABETH CITY NC CLIMATE SUMMARY FOR OCTOBER 20 2014...

CLIMATE NORMAL PERIOD 1981 TO 2010
CLIMATE RECORD PERIOD 1934 TO 2014


WEATHER ITEM   OBSERVED TIME   RECORD YEAR NORMAL DEPARTURE LAST
                VALUE   (LST)  VALUE       VALUE  FROM      YEAR
                                                  NORMAL
..................................................................
TEMPERATURE (F)
 YESTERDAY
  MAXIMUM         71    259 PM  87    1984  71      0       66
  MINIMUM         39    549 AM  30    1974  51    -12       44
  AVERAGE         55                        61     -6       55

PRECIPITATION (IN)
  YESTERDAY        0.00          2.21 1944   0.08  -0.08     0.00
  MONTH TO DATE    0.74                      2.01  -1.27     5.73
  SINCE SEP 1      6.74                      5.94   0.80     6.57
  SINCE JAN 1     34.18                     39.90  -5.72    36.60

SNOWFALL (IN)
  YESTERDAY        0.0           0.0  2002  MM     MM
  MONTH TO DATE    0.0                      MM     MM
  SINCE NOV 1     10.2                      MM     MM
  SINCE JUL 1      0.0                      MM     MM
  SNOW DEPTH       0

DEGREE DAYS
 HEATING
  YESTERDAY       10                         5      5       10
  MONTH TO DATE   39                        64    -25       11
  SINCE SEP 1     40                        76    -36       26
  SINCE JUL 1     40                        76    -36       26

 COOLING
  YESTERDAY        0                         1     -1        0
  MONTH TO DATE   69                        46     23       86
  SINCE SEP 1    329                       272     57      277
  SINCE JAN 1   1572                      1568      4     1657
..................................................................


WIND (MPH)
  HIGHEST WIND SPEED    18   HIGHEST WIND DIRECTION    SW (220)
  HIGHEST GUST SPEED    24   HIGHEST GUST DIRECTION     S (180)
  AVERAGE WIND SPEED     5.5


SKY COVER
  POSSIBLE SUNSHINE  MM
  AVERAGE SKY COVER 0.0


WEATHER CONDITIONS
 THE FOLLOWING WEATHER WAS RECORDED YESTERDAY.
  FOG


RELATIVE HUMIDITY (PERCENT)
 HIGHEST    93           300 AM
 LOWEST     37          1200 PM
 AVERAGE    65

..........................................................


THE ELIZABETH CITY NC CLIMATE NORMALS FOR TODAY
                         NORMAL    RECORD    YEAR
 MAXIMUM TEMPERATURE (F)   71        85      1947
 MINIMUM TEMPERATURE (F)   50        30      1974


SUNRISE AND SUNSET
OCTOBER 21 2014.......SUNRISE   717 AM EDT   SUNSET   621 PM EDT
OCTOBER 22 2014.......SUNRISE   718 AM EDT   SUNSET   620 PM EDT


-  INDICATES NEGATIVE NUMBERS.
R  INDICATES RECORD WAS SET OR TIED.
MM INDICATES DATA IS MISSING.
T  INDICATES TRACE AMOUNT.




$$





U.S. Dept. of Commerce
NOAA National Weather Service
1325 East West Highway
Silver Spring, MD 20910
E-mail: w-nws.webmaster@noaa.gov
Page last modified: May 16, 2007
NATIONAL WEATHER SERVICE: for Safety, for Work, for Fun - FOR LIFE