622
CDUS42 KAKQ 260827
CLIECG


CLIMATE REPORT
NATIONAL WEATHER SERVICE WAKEFIELD, VA
327 AM EST MON JAN 26 2015


...................................

...THE ELIZABETH CITY NC CLIMATE SUMMARY FOR JANUARY 25 2015...

CLIMATE NORMAL PERIOD 1981 TO 2010
CLIMATE RECORD PERIOD 1934 TO 2015


WEATHER ITEM   OBSERVED TIME   RECORD YEAR NORMAL DEPARTURE LAST
                VALUE   (LST)  VALUE       VALUE  FROM      YEAR
                                                  NORMAL
..................................................................
TEMPERATURE (F)
 YESTERDAY
  MAXIMUM         50    400 PM  79    1950  51     -1       39
  MINIMUM         34    733 AM  14    1963  32      2       18
  AVERAGE         42                        42      0       29

PRECIPITATION (IN)
  YESTERDAY        0.00          1.54 1974   0.11  -0.11     0.00
  MONTH TO DATE    3.94                      2.55   1.39     1.80
  SINCE DEC 1      7.08                      5.11   1.97     6.95
  SINCE JAN 1      3.94                      2.55   1.39     1.80

SNOWFALL (IN)
  YESTERDAY        0.0           2.3  2000  MM     MM
  MONTH TO DATE    0.0                      MM     MM
  SINCE NOV 1      0.0                      MM     MM
  SINCE JUL 1      0.0                      MM     MM
  SNOW DEPTH       0

DEGREE DAYS
 HEATING
  YESTERDAY       23                        23      0       36
  MONTH TO DATE  476                       596   -120      647
  SINCE DEC 1    943                      1236   -293     1203
  SINCE JUL 1   1458                      1751   -293     1766

 COOLING
  YESTERDAY        0                         0      0        0
  MONTH TO DATE    2                         0      2        0
  SINCE DEC 1      2                         2      0       14
  SINCE JAN 1      2                         0      2        0
..................................................................


WIND (MPH)
  HIGHEST WIND SPEED    15   HIGHEST WIND DIRECTION     W (270)
  HIGHEST GUST SPEED    20   HIGHEST GUST DIRECTION     W (260)
  AVERAGE WIND SPEED     7.4


SKY COVER
  POSSIBLE SUNSHINE  MM
  AVERAGE SKY COVER 0.0


WEATHER CONDITIONS
 THE FOLLOWING WEATHER WAS RECORDED YESTERDAY.
  NO SIGNIFICANT WEATHER WAS OBSERVED.


RELATIVE HUMIDITY (PERCENT)
 HIGHEST    85          1100 PM
 LOWEST     46           300 PM
 AVERAGE    66

..........................................................


THE ELIZABETH CITY NC CLIMATE NORMALS FOR TODAY
                         NORMAL    RECORD    YEAR
 MAXIMUM TEMPERATURE (F)   51        79      1950
 MINIMUM TEMPERATURE (F)   32        13      1961


SUNRISE AND SUNSET
JANUARY 26 2015.......SUNRISE   710 AM EST   SUNSET   525 PM EST
JANUARY 27 2015.......SUNRISE   710 AM EST   SUNSET   526 PM EST


-  INDICATES NEGATIVE NUMBERS.
R  INDICATES RECORD WAS SET OR TIED.
MM INDICATES DATA IS MISSING.
T  INDICATES TRACE AMOUNT.




$$





U.S. Dept. of Commerce
NOAA National Weather Service
1325 East West Highway
Silver Spring, MD 20910
E-mail: w-nws.webmaster@noaa.gov
Page last modified: May 16, 2007
NATIONAL WEATHER SERVICE: for Safety, for Work, for Fun - FOR LIFE