950
CDUS43 KMPX 180655
CLIEAU


CLIMATE REPORT
NATIONAL WEATHER SERVICE CHANHASSEN MN
1254 AM CST THU DEC 18 2014


...................................

...THE EAU CLAIRE WI CLIMATE SUMMARY FOR DECEMBER 17 2014...

CLIMATE NORMAL PERIOD 1981 TO 2010
CLIMATE RECORD PERIOD 1893 TO 2014


WEATHER ITEM   OBSERVED TIME   RECORD YEAR NORMAL DEPARTURE LAST
                VALUE   (LST)  VALUE       VALUE  FROM      YEAR
                                                  NORMAL
..................................................................
TEMPERATURE (F)
 YESTERDAY
  MAXIMUM         21   1257 AM  47    1923  26     -5       31
                                      1939
                                      1997
  MINIMUM         14    716 PM -21    1985  10      4        5
  AVERAGE         18                        18      0       18

PRECIPITATION (IN)
  YESTERDAY        T             0.66 1908   0.03  -0.03     0.06
  MONTH TO DATE    0.10                      0.61  -0.51     1.19
  SINCE DEC 1      0.10                      0.61  -0.51     1.19
  SINCE JAN 1     42.40                     30.59  11.81    35.56

SNOWFALL (IN)
  YESTERDAY        T             5.0  1908   0.3   -0.3      0.7
  MONTH TO DATE    0.5                       5.2   -4.7     11.1
  SINCE DEC 1      0.5                       5.2   -4.7     11.1
  SINCE JUL 1     14.7                      11.5    3.2     13.3
  SNOW DEPTH       T

DEGREE DAYS
 HEATING
  YESTERDAY       47                        47      0       47
  MONTH TO DATE  674                       750    -76      918
  SINCE DEC 1    674                       750    -76      918
  SINCE JUL 1   2646                      2496    150     2663

 COOLING
  YESTERDAY        0                         0      0        0
  MONTH TO DATE    0                         0      0        0
  SINCE DEC 1      0                         0      0        0
  SINCE JAN 1    500                       579    -79      653
..................................................................


WIND (MPH)
  HIGHEST WIND SPEED    14   HIGHEST WIND DIRECTION    NW (300)
  HIGHEST GUST SPEED    17   HIGHEST GUST DIRECTION    NW (310)
  AVERAGE WIND SPEED     6.7


SKY COVER
  POSSIBLE SUNSHINE  MM
  AVERAGE SKY COVER 0.9


WEATHER CONDITIONS
 THE FOLLOWING WEATHER WAS RECORDED YESTERDAY.
  LIGHT SNOW


RELATIVE HUMIDITY (PERCENT)
 HIGHEST    80           900 AM
 LOWEST     67           400 AM
 AVERAGE    74

..........................................................


THE EAU CLAIRE WI CLIMATE NORMALS FOR TODAY
                         NORMAL    RECORD    YEAR
 MAXIMUM TEMPERATURE (F)   26        50      2002
 MINIMUM TEMPERATURE (F)   10       -27      1983


SUNRISE AND SUNSET
DECEMBER 18 2014......SUNRISE   739 AM CST   SUNSET   426 PM CST
DECEMBER 19 2014......SUNRISE   739 AM CST   SUNSET   427 PM CST


-  INDICATES NEGATIVE NUMBERS.
R  INDICATES RECORD WAS SET OR TIED.
MM INDICATES DATA IS MISSING.
T  INDICATES TRACE AMOUNT.




$$





U.S. Dept. of Commerce
NOAA National Weather Service
1325 East West Highway
Silver Spring, MD 20910
E-mail: w-nws.webmaster@noaa.gov
Page last modified: May 16, 2007
NATIONAL WEATHER SERVICE: for Safety, for Work, for Fun - FOR LIFE