671
CDUS46 KOTX 280830
CLIEAT


CLIMATE REPORT
NATIONAL WEATHER SERVICE SPOKANE, WA
1230 AM PST FRI NOV 28 2014


...................................

...THE WENATCHEE WA PANGBORN FIELD CLIMATE SUMMARY FOR NOVEMBER 27 2014...

CLIMATE NORMAL PERIOD 1981 TO 2010
CLIMATE RECORD PERIOD 1959 TO 2014


WEATHER ITEM   OBSERVED TIME   RECORD YEAR NORMAL DEPARTURE LAST
                VALUE   (LST)  VALUE       VALUE  FROM      YEAR
                                                  NORMAL
..................................................................
TEMPERATURE (F)
 YESTERDAY
  MAXIMUM         57R   316 PM  52    1968  38     19       40
  MINIMUM         35    903 AM   0    1985  28      7       25
  AVERAGE         46                        33     13       33

PRECIPITATION (IN)
  YESTERDAY        0.00          0.87 1984   0.05  -0.05     0.00
  MONTH TO DATE    0.91                      0.98  -0.07     0.30
  SINCE OCT 1      1.84                      1.42   0.42     0.45
  SINCE JAN 1      5.96                      6.48  -0.52     7.14

SNOWFALL (IN)
  YESTERDAY       MM

DEGREE DAYS
 HEATING
  YESTERDAY       19                        32    -13       32
  MONTH TO DATE  702                       723    -21      719
  SINCE SEP 1   1010                      1259   -249     1265
  SINCE JUL 1   1010                      1273   -263     1265

 COOLING
  YESTERDAY        0                         0      0        0
  MONTH TO DATE    0                         0      0        0
  SINCE SEP 1    127                         2    125      147
  SINCE JAN 1   1218                       790    428     1028
..................................................................


WIND (MPH)
  HIGHEST WIND SPEED    15   HIGHEST WIND DIRECTION     E (90)
  HIGHEST GUST SPEED    18   HIGHEST GUST DIRECTION     E (80)
  AVERAGE WIND SPEED     3.9


SKY COVER
  POSSIBLE SUNSHINE  MM
  AVERAGE SKY COVER 0.3


WEATHER CONDITIONS
 THE FOLLOWING WEATHER WAS RECORDED YESTERDAY.
  FOG
  FOG W/VISIBILITY <= 1/4 MILE


RELATIVE HUMIDITY (PERCENT)
 HIGHEST    92          1200 AM
 LOWEST     66           300 PM
 AVERAGE    79

..........................................................


THE WENATCHEE WA PANGBORN FIELD CLIMATE NORMALS FOR TODAY
                         NORMAL    RECORD    YEAR
 MAXIMUM TEMPERATURE (F)   38        61      1995
 MINIMUM TEMPERATURE (F)   28         3      1985


SUNRISE AND SUNSET
NOVEMBER 28 2014......SUNRISE   724 AM PST   SUNSET   414 PM PST
NOVEMBER 29 2014......SUNRISE   725 AM PST   SUNSET   413 PM PST


-  INDICATES NEGATIVE NUMBERS.
R  INDICATES RECORD WAS SET OR TIED.
MM INDICATES DATA IS MISSING.
T  INDICATES TRACE AMOUNT.




$$





U.S. Dept. of Commerce
NOAA National Weather Service
1325 East West Highway
Silver Spring, MD 20910
E-mail: w-nws.webmaster@noaa.gov
Page last modified: May 16, 2007
NATIONAL WEATHER SERVICE: for Safety, for Work, for Fun - FOR LIFE