416
CDUS46 KOTX 220828
CLIEAT


CLIMATE REPORT
NATIONAL WEATHER SERVICE SPOKANE, WA
1227 AM PST SAT NOV 22 2014


...................................

...THE WENATCHEE WA PANGBORN FIELD CLIMATE SUMMARY FOR NOVEMBER 21 2014...

CLIMATE NORMAL PERIOD 1981 TO 2010
CLIMATE RECORD PERIOD 1959 TO 2014


WEATHER ITEM   OBSERVED TIME   RECORD YEAR NORMAL DEPARTURE LAST
                VALUE   (LST)  VALUE       VALUE  FROM      YEAR
                                                  NORMAL
..................................................................
TEMPERATURE (F)
 YESTERDAY
  MAXIMUM         34    125 PM  56    1965  41     -7       35
  MINIMUM         26   1159 PM   7    1985  30     -4       18
  AVERAGE         30                        35     -5       27

PRECIPITATION (IN)
  YESTERDAY        0.36R         0.34 1992   0.04   0.32     0.00
  MONTH TO DATE    0.46                      0.74  -0.28     0.30
  SINCE OCT 1      1.39                      1.18   0.21     0.45
  SINCE JAN 1      5.51                      6.24  -0.73     7.14

SNOWFALL (IN)
  YESTERDAY       MM

DEGREE DAYS
 HEATING
  YESTERDAY       35                        30      5       38
  MONTH TO DATE  549                       537     12      506
  SINCE SEP 1    857                      1073   -216     1052
  SINCE JUL 1    857                      1087   -230     1052

 COOLING
  YESTERDAY        0                         0      0        0
  MONTH TO DATE    0                         0      0        0
  SINCE SEP 1    127                         2    125      147
  SINCE JAN 1   1218                       790    428     1028
..................................................................


WIND (MPH)
  HIGHEST WIND SPEED    10   HIGHEST WIND DIRECTION    SE (140)
  HIGHEST GUST SPEED    13   HIGHEST GUST DIRECTION     E (110)
  AVERAGE WIND SPEED     3.6


SKY COVER
  POSSIBLE SUNSHINE  MM
  AVERAGE SKY COVER 0.8


WEATHER CONDITIONS
 THE FOLLOWING WEATHER WAS RECORDED YESTERDAY.
  FREEZING RAIN
  LT FREEZING RAIN
  HEAVY SNOW
  SNOW
  LIGHT SNOW
  FOG
  FOG W/VISIBILITY <= 1/4 MILE
  HAZE


RELATIVE HUMIDITY (PERCENT)
 HIGHEST    85           100 AM
 LOWEST     72          1200 AM
 AVERAGE    79

..........................................................


THE WENATCHEE WA PANGBORN FIELD CLIMATE NORMALS FOR TODAY
                         NORMAL    RECORD    YEAR
 MAXIMUM TEMPERATURE (F)   40        60      1967
 MINIMUM TEMPERATURE (F)   30         1      1985


SUNRISE AND SUNSET
NOVEMBER 22 2014......SUNRISE   716 AM PST   SUNSET   418 PM PST
NOVEMBER 23 2014......SUNRISE   717 AM PST   SUNSET   417 PM PST


-  INDICATES NEGATIVE NUMBERS.
R  INDICATES RECORD WAS SET OR TIED.
MM INDICATES DATA IS MISSING.
T  INDICATES TRACE AMOUNT.




$$





U.S. Dept. of Commerce
NOAA National Weather Service
1325 East West Highway
Silver Spring, MD 20910
E-mail: w-nws.webmaster@noaa.gov
Page last modified: May 16, 2007
NATIONAL WEATHER SERVICE: for Safety, for Work, for Fun - FOR LIFE