899
CDUS46 KOTX 010824
CLIEAT


CLIMATE REPORT
NATIONAL WEATHER SERVICE SPOKANE, WA
123 AM PDT WED OCT 1 2014


...................................

...THE WENATCHEE WA PANGBORN FIELD CLIMATE SUMMARY FOR SEPTEMBER 30 2014...

CLIMATE NORMAL PERIOD 1981 TO 2010
CLIMATE RECORD PERIOD 1959 TO 2014


WEATHER ITEM   OBSERVED TIME   RECORD YEAR NORMAL DEPARTURE LAST
                VALUE   (LST)  VALUE       VALUE  FROM      YEAR
                                                  NORMAL
..................................................................
TEMPERATURE (F)
 YESTERDAY
  MAXIMUM         71    207 PM  85    1970  70      1       60
  MINIMUM         51    601 AM  34    1985  47      4       42
  AVERAGE         61                        59      2       51

PRECIPITATION (IN)
  YESTERDAY        0.00          0.11 2007   0.01  -0.01     0.06
  MONTH TO DATE    0.16                      0.34  -0.18     0.81
  SINCE OCT 1      4.68                      8.01  -3.33    10.49
  SINCE JAN 1      4.12                      5.06  -0.94     6.69

SNOWFALL (IN)
  YESTERDAY       MM             0.0  1999   0.0   MM       MM
  MONTH TO DATE   MM                         0.0   MM       MM
  SINCE SEP 1     MM                         0.0   MM       MM
  SINCE JUL 1     MM                         0.0   MM       MM
  SNOW DEPTH      MM

DEGREE DAYS
 HEATING
  YESTERDAY        4                         7     -3       14
  MONTH TO DATE   35                        99    -64       96
  SINCE SEP 1     35                        98    -63       96
  SINCE JUL 1     35                       112    -77       96

 COOLING
  YESTERDAY        0                         1     -1        0
  MONTH TO DATE  110                         2    108      147
  SINCE SEP 1    110                         2    108      147
  SINCE JAN 1   1201                       790    411     1028
..................................................................


WIND (MPH)
  HIGHEST WIND SPEED    31   HIGHEST WIND DIRECTION    NW (310)
  HIGHEST GUST SPEED    37   HIGHEST GUST DIRECTION    NW (310)
  AVERAGE WIND SPEED    13.9


SKY COVER
  POSSIBLE SUNSHINE  MM
  AVERAGE SKY COVER 0.0


WEATHER CONDITIONS
 THE FOLLOWING WEATHER WAS RECORDED YESTERDAY.
  HAZE


RELATIVE HUMIDITY (PERCENT)
 HIGHEST    54           600 AM
 LOWEST     26           100 PM
 AVERAGE    40

..........................................................


THE WENATCHEE WA PANGBORN FIELD CLIMATE NORMALS FOR TODAY
                         NORMAL    RECORD    YEAR
 MAXIMUM TEMPERATURE (F)   70        87      1992
 MINIMUM TEMPERATURE (F)   47        35      1983


SUNRISE AND SUNSET
OCTOBER  1 2014.......SUNRISE   700 AM PDT   SUNSET   640 PM PDT
OCTOBER  2 2014.......SUNRISE   701 AM PDT   SUNSET   638 PM PDT


-  INDICATES NEGATIVE NUMBERS.
R  INDICATES RECORD WAS SET OR TIED.
MM INDICATES DATA IS MISSING.
T  INDICATES TRACE AMOUNT.




$$





U.S. Dept. of Commerce
NOAA National Weather Service
1325 East West Highway
Silver Spring, MD 20910
E-mail: w-nws.webmaster@noaa.gov
Page last modified: May 16, 2007
NATIONAL WEATHER SERVICE: for Safety, for Work, for Fun - FOR LIFE