346
CDUS43 KDVN 010919
CLIDVN


CLIMATE REPORT
NATIONAL WEATHER SERVICE QUAD CITIES IA IL
417 AM CDT MON SEP 1 2014


...................................

...THE DAVENPORT IA CLIMATE SUMMARY FOR AUGUST 31 2014...

CLIMATE NORMAL PERIOD 1981 TO 2010
CLIMATE RECORD PERIOD 9999 TO 9999


WEATHER ITEM   OBSERVED TIME   RECORD YEAR NORMAL DEPARTURE LAST
                VALUE   (LST)  VALUE       VALUE  FROM      YEAR
                                                  NORMAL
..................................................................
TEMPERATURE (F)
 YESTERDAY
  MAXIMUM         85    407 PM  MM      MM  80      5       85
  MINIMUM         59    340 AM  MM      MM  58      1       69
  AVERAGE         72                        69      3       77

PRECIPITATION (IN)
  YESTERDAY        0.00         MM      MM   0.17  -0.17     0.00
  MONTH TO DATE    3.34                      4.62  -1.28     1.01
  SINCE JUN 1     13.13                     13.01   0.12     7.42
  SINCE JAN 1     24.69                     25.82  -1.13    28.39

SNOWFALL (IN)
  YESTERDAY        0.0          MM      MM  MM     MM        0.0
  MONTH TO DATE    0.0                      MM     MM        0.0
  SINCE JUN 1      0.0                      MM     MM        0.0
  SINCE JUL 1      0.0                      MM     MM        0.0
  SNOW DEPTH       0

DEGREE DAYS
 HEATING
  YESTERDAY        0                         1     -1        0
  MONTH TO DATE    3                         5     -2        7
  SINCE JUN 1     25                        38    -13       43
  SINCE JUL 1     21                        14      7       19

 COOLING
  YESTERDAY        7                         5      2       12
  MONTH TO DATE  211                       203      8      241
  SINCE JUN 1    551                       643    -92      678
  SINCE JAN 1    659                       704    -45      773
..................................................................


WIND (MPH)
  HIGHEST WIND SPEED    18   HIGHEST WIND DIRECTION     S (170)
  HIGHEST GUST SPEED    24   HIGHEST GUST DIRECTION     S (170)
  AVERAGE WIND SPEED     9.0


SKY COVER
  POSSIBLE SUNSHINE  MM
  AVERAGE SKY COVER 0.2


WEATHER CONDITIONS
 THE FOLLOWING WEATHER WAS RECORDED YESTERDAY.
  FOG
  FOG W/VISIBILITY <= 1/4 MILE


RELATIVE HUMIDITY (PERCENT)
 HIGHEST   100          1200 AM
 LOWEST     55           300 PM
 AVERAGE    78

..........................................................


THE DAVENPORT IA CLIMATE NORMALS FOR TODAY
                         NORMAL    RECORD    YEAR
 MAXIMUM TEMPERATURE (F)   80        MM        MM
 MINIMUM TEMPERATURE (F)   57        MM        MM


SUNRISE AND SUNSET
SEPTEMBER  1 2014.....SUNRISE   628 AM CDT   SUNSET   735 PM CDT
SEPTEMBER  2 2014.....SUNRISE   629 AM CDT   SUNSET   734 PM CDT


-  INDICATES NEGATIVE NUMBERS.
R  INDICATES RECORD WAS SET OR TIED.
MM INDICATES DATA IS MISSING.
T  INDICATES TRACE AMOUNT.




$$






U.S. Dept. of Commerce
NOAA National Weather Service
1325 East West Highway
Silver Spring, MD 20910
E-mail: w-nws.webmaster@noaa.gov
Page last modified: May 16, 2007
NATIONAL WEATHER SERVICE: for Safety, for Work, for Fun - FOR LIFE