259
CDUS43 KDVN 162136
CLIDVN


CLIMATE REPORT
NATIONAL WEATHER SERVICE QUAD CITIES IA IL
435 PM CDT WED APR 16 2014


...................................

...THE DAVENPORT IA CLIMATE SUMMARY FOR APRIL 16 2014...
VALID TODAY AS OF 0400 PM LOCAL TIME.

CLIMATE NORMAL PERIOD 1981 TO 2010
CLIMATE RECORD PERIOD 9999 TO 9999


WEATHER ITEM   OBSERVED TIME   RECORD YEAR NORMAL DEPARTURE LAST
                VALUE   (LST)  VALUE       VALUE  FROM      YEAR
                                                  NORMAL
..................................................................
TEMPERATURE (F)
 TODAY
  MAXIMUM         58    231 PM  MM      MM  62     -4       51
  MINIMUM         29   1214 AM  MM      MM  39    -10       34
  AVERAGE         44                        51     -7       43

PRECIPITATION (IN)
  TODAY            0.00         MM      MM   0.11  -0.11      T
  MONTH TO DATE    1.56                      1.62  -0.06     3.27
  SINCE MAR 1      2.08                      4.14  -2.06     5.27
  SINCE JAN 1      4.87                      6.67  -1.80     8.97

SNOWFALL (IN)
  TODAY            0.0          MM      MM  MM     MM        0.0
  MONTH TO DATE    T                        MM     MM         T
  SINCE MAR 1      7.4                      MM     MM        8.5
  SINCE JUL 1     50.2                      MM     MM       27.1
  SNOW DEPTH       0

DEGREE DAYS
 HEATING
  TODAY           21                        15      6       22
  MONTH TO DATE  306                       276     30      322
  SINCE MAR 1   1343                      1109    234     1390
  SINCE JUL 1   7206                      6134   1072     6176

 COOLING
  TODAY            0                         0      0        0
  MONTH TO DATE    3                         0      3        0
  SINCE MAR 1      3                         0      3        0
  SINCE JAN 1      3                         0      3        0
..................................................................


WIND (MPH)
  HIGHEST WIND SPEED    35   HIGHEST WIND DIRECTION     S (160)
  HIGHEST GUST SPEED    43   HIGHEST GUST DIRECTION     S (160)
  AVERAGE WIND SPEED    19.1


SKY COVER
  POSSIBLE SUNSHINE  MM
  AVERAGE SKY COVER 0.0


WEATHER CONDITIONS
 THE FOLLOWING WEATHER WAS RECORDED TODAY.
  NO SIGNIFICANT WEATHER WAS OBSERVED.


RELATIVE HUMIDITY (PERCENT)
 HIGHEST    64           700 AM
 LOWEST     30           300 PM
 AVERAGE    47

..........................................................


THE DAVENPORT IA CLIMATE NORMALS FOR TOMORROW
                         NORMAL    RECORD    YEAR
 MAXIMUM TEMPERATURE (F)   62        MM        MM
 MINIMUM TEMPERATURE (F)   40        MM        MM


SUNRISE AND SUNSET
APRIL 16 2014.........SUNRISE   621 AM CDT   SUNSET   744 PM CDT
APRIL 17 2014.........SUNRISE   619 AM CDT   SUNSET   745 PM CDT


-  INDICATES NEGATIVE NUMBERS.
R  INDICATES RECORD WAS SET OR TIED.
MM INDICATES DATA IS MISSING.
T  INDICATES TRACE AMOUNT.




$$






U.S. Dept. of Commerce
NOAA National Weather Service
1325 East West Highway
Silver Spring, MD 20910
E-mail: w-nws.webmaster@noaa.gov
Page last modified: May 16, 2007
NATIONAL WEATHER SERVICE: for Safety, for Work, for Fun - FOR LIFE