945
CDUS43 KDVN 200914
CLIDVN


CLIMATE REPORT
NATIONAL WEATHER SERVICE QUAD CITIES IA IL
413 AM CDT WED AUG 20 2014


...................................

...THE DAVENPORT IA CLIMATE SUMMARY FOR AUGUST 19 2014...

CLIMATE NORMAL PERIOD 1981 TO 2010
CLIMATE RECORD PERIOD 9999 TO 9999


WEATHER ITEM   OBSERVED TIME   RECORD YEAR NORMAL DEPARTURE LAST
                VALUE   (LST)  VALUE       VALUE  FROM      YEAR
                                                  NORMAL
..................................................................
TEMPERATURE (F)
 YESTERDAY
  MAXIMUM         85    306 PM  MM      MM  82      3       84
  MINIMUM         61   1151 PM  MM      MM  61      0       57
  AVERAGE         73                        71      2       71

PRECIPITATION (IN)
  YESTERDAY        0.00         MM      MM   0.14  -0.14     0.00
  MONTH TO DATE    0.64                      3.07  -2.43     1.01
  SINCE JUN 1     10.43                     11.46  -1.03     7.42
  SINCE JAN 1     21.99                     24.27  -2.28    28.39

SNOWFALL (IN)
  YESTERDAY        0.0          MM      MM  MM     MM        0.0
  MONTH TO DATE    0.0                      MM     MM        0.0
  SINCE JUN 1      0.0                      MM     MM        0.0
  SINCE JUL 1      0.0                      MM     MM        0.0
  SNOW DEPTH       0

DEGREE DAYS
 HEATING
  YESTERDAY        0                         0      0        0
  MONTH TO DATE    3                         0      3        7
  SINCE JUN 1     25                        28     -3       43
  SINCE JUL 1     21                         4     17       19

 COOLING
  YESTERDAY        8                         6      2        6
  MONTH TO DATE   98                       139    -41       74
  SINCE JUN 1    438                       579   -141      511
  SINCE JAN 1    546                       640    -94      606
..................................................................


WIND (MPH)
  HIGHEST WIND SPEED    18   HIGHEST WIND DIRECTION     W (270)
  HIGHEST GUST SPEED    23   HIGHEST GUST DIRECTION     W (280)
  AVERAGE WIND SPEED     9.3


SKY COVER
  POSSIBLE SUNSHINE  MM
  AVERAGE SKY COVER 0.2


WEATHER CONDITIONS
 THE FOLLOWING WEATHER WAS RECORDED YESTERDAY.
  FOG


RELATIVE HUMIDITY (PERCENT)
 HIGHEST    93          1000 PM
 LOWEST     51           100 PM
 AVERAGE    72

..........................................................


THE DAVENPORT IA CLIMATE NORMALS FOR TODAY
                         NORMAL    RECORD    YEAR
 MAXIMUM TEMPERATURE (F)   81        MM        MM
 MINIMUM TEMPERATURE (F)   61        MM        MM


SUNRISE AND SUNSET
AUGUST 20 2014........SUNRISE   616 AM CDT   SUNSET   755 PM CDT
AUGUST 21 2014........SUNRISE   617 AM CDT   SUNSET   753 PM CDT


-  INDICATES NEGATIVE NUMBERS.
R  INDICATES RECORD WAS SET OR TIED.
MM INDICATES DATA IS MISSING.
T  INDICATES TRACE AMOUNT.




$$





U.S. Dept. of Commerce
NOAA National Weather Service
1325 East West Highway
Silver Spring, MD 20910
E-mail: w-nws.webmaster@noaa.gov
Page last modified: May 16, 2007
NATIONAL WEATHER SERVICE: for Safety, for Work, for Fun - FOR LIFE