245
CDUS43 KDVN 240914
CLIDVN


CLIMATE REPORT
NATIONAL WEATHER SERVICE QUAD CITIES IA IL
412 AM CDT THU APR 24 2014


...................................

...THE DAVENPORT IA CLIMATE SUMMARY FOR APRIL 23 2014...

CLIMATE NORMAL PERIOD 1981 TO 2010
CLIMATE RECORD PERIOD 9999 TO 9999


WEATHER ITEM   OBSERVED TIME   RECORD YEAR NORMAL DEPARTURE LAST
                VALUE   (LST)  VALUE       VALUE  FROM      YEAR
                                                  NORMAL
..................................................................
TEMPERATURE (F)
 YESTERDAY
  MAXIMUM         56   1251 PM  MM      MM  64     -8       52
  MINIMUM         34    446 AM  MM      MM  42     -8       38
  AVERAGE         45                        53     -8       45

PRECIPITATION (IN)
  YESTERDAY        0.11         MM      MM   0.12  -0.01     0.37
  MONTH TO DATE    1.90                      2.45  -0.55     6.75
  SINCE MAR 1      2.42                      4.97  -2.55     8.75
  SINCE JAN 1      5.21                      7.50  -2.29    12.45

SNOWFALL (IN)
  YESTERDAY        0.0          MM      MM  MM     MM         T
  MONTH TO DATE    T                        MM     MM         T
  SINCE MAR 1      7.4                      MM     MM        8.5
  SINCE JUL 1     50.2                      MM     MM       27.1
  SNOW DEPTH       0

DEGREE DAYS
 HEATING
  YESTERDAY       20                        12      8       20
  MONTH TO DATE  392                       369     23      458
  SINCE MAR 1   1429                      1202    227     1526
  SINCE JUL 1   7292                      6227   1065     6312

 COOLING
  YESTERDAY        0                         0      0        0
  MONTH TO DATE    6                         0      6        0
  SINCE MAR 1      6                         0      6        0
  SINCE JAN 1      6                         0      6        0
..................................................................


WIND (MPH)
  HIGHEST WIND SPEED    21   HIGHEST WIND DIRECTION     E (110)
  HIGHEST GUST SPEED    26   HIGHEST GUST DIRECTION     E (110)
  AVERAGE WIND SPEED    11.8


SKY COVER
  POSSIBLE SUNSHINE  MM
  AVERAGE SKY COVER 0.5


WEATHER CONDITIONS
 THE FOLLOWING WEATHER WAS RECORDED YESTERDAY.
  LIGHT RAIN


RELATIVE HUMIDITY (PERCENT)
 HIGHEST    76           600 AM
 LOWEST     35           100 PM
 AVERAGE    56

..........................................................


THE DAVENPORT IA CLIMATE NORMALS FOR TODAY
                         NORMAL    RECORD    YEAR
 MAXIMUM TEMPERATURE (F)   65        MM        MM
 MINIMUM TEMPERATURE (F)   42        MM        MM


SUNRISE AND SUNSET
APRIL 24 2014.........SUNRISE   609 AM CDT   SUNSET   753 PM CDT
APRIL 25 2014.........SUNRISE   607 AM CDT   SUNSET   754 PM CDT


-  INDICATES NEGATIVE NUMBERS.
R  INDICATES RECORD WAS SET OR TIED.
MM INDICATES DATA IS MISSING.
T  INDICATES TRACE AMOUNT.




$$






U.S. Dept. of Commerce
NOAA National Weather Service
1325 East West Highway
Silver Spring, MD 20910
E-mail: w-nws.webmaster@noaa.gov
Page last modified: May 16, 2007
NATIONAL WEATHER SERVICE: for Safety, for Work, for Fun - FOR LIFE