138
CDUS45 KTWC 210735
CLIDUG

CLIMATE REPORT
NATIONAL WEATHER SERVICE TUCSON AZ
1234 AM MST TUE OCT 21 2014


...................................

...THE DOUGLAS AZ CLIMATE SUMMARY FOR OCTOBER 20 2014...

CLIMATE NORMAL PERIOD 1981 TO 2010
CLIMATE RECORD PERIOD 1948 TO 2014


WEATHER ITEM   OBSERVED TIME   RECORD YEAR NORMAL DEPARTURE LAST
                VALUE   (LST)  VALUE       VALUE  FROM      YEAR
                                                  NORMAL
..................................................................
TEMPERATURE (F)
 YESTERDAY
  MAXIMUM         77    249 PM  92    2007  80     -3       80
  MINIMUM         47    601 AM  31    1949  46      1       33
  AVERAGE         62                        63     -1       57

PRECIPITATION (IN)
  YESTERDAY        0.00          0.66 1988   0.02  -0.02     0.00
  MONTH TO DATE    1.36                      0.63   0.73     0.00
  SINCE OCT 1      1.36                      0.63   0.73     0.00
  SINCE JAN 1     14.93                     11.18   3.75    17.11

DEGREE DAYS
 HEATING
  YESTERDAY        3                         3      0        8
  MONTH TO DATE    8                        30    -22       66
  SINCE SEP 1      8                        32    -24       66
  SINCE JUL 1      8                        32    -24       66

 COOLING
  YESTERDAY        0                         1     -1        0
  MONTH TO DATE   34                        54    -20       23
  SINCE SEP 1    320                       335    -15      298
  SINCE JAN 1   1766                      1805    -39     1838
..................................................................


WIND (MPH)
  HIGHEST WIND SPEED    22   HIGHEST WIND DIRECTION    SE (140)
  HIGHEST GUST SPEED    29   HIGHEST GUST DIRECTION    SE (130)
  AVERAGE WIND SPEED     5.8


SKY COVER
  POSSIBLE SUNSHINE  MM
  AVERAGE SKY COVER 0.1


WEATHER CONDITIONS
 THE FOLLOWING WEATHER WAS RECORDED YESTERDAY.
  NO SIGNIFICANT WEATHER WAS OBSERVED.


RELATIVE HUMIDITY (PERCENT)
 HIGHEST    93
 LOWEST     36
 AVERAGE    65

..........................................................


THE DOUGLAS AZ CLIMATE NORMALS FOR TODAY
                         NORMAL    RECORD    YEAR
 MAXIMUM TEMPERATURE (F)   80        90      2003
 MINIMUM TEMPERATURE (F)   46        29      2013


SUNRISE AND SUNSET
OCTOBER 21 2014.......SUNRISE   626 AM MST   SUNSET   540 PM MST
OCTOBER 22 2014.......SUNRISE   627 AM MST   SUNSET   539 PM MST


-  INDICATES NEGATIVE NUMBERS.
R  INDICATES RECORD WAS SET OR TIED.
MM INDICATES DATA IS MISSING.
T  INDICATES TRACE AMOUNT.




$$








U.S. Dept. of Commerce
NOAA National Weather Service
1325 East West Highway
Silver Spring, MD 20910
E-mail: w-nws.webmaster@noaa.gov
Page last modified: May 16, 2007
NATIONAL WEATHER SERVICE: for Safety, for Work, for Fun - FOR LIFE