233
CDUS43 KDTX 010541
CLIDTW


CLIMATE REPORT
NATIONAL WEATHER SERVICE DETROIT/PONTIAC MI
141 AM EDT SAT NOV 1 2014


...................................

...THE DETROIT MI CLIMATE SUMMARY FOR OCTOBER 31 2014...

CLIMATE NORMAL PERIOD 1981 TO 2010
CLIMATE RECORD PERIOD 1874 TO 2014


WEATHER ITEM   OBSERVED TIME   RECORD YEAR NORMAL DEPARTURE LAST
                VALUE   (LST)  VALUE       VALUE  FROM      YEAR
                                                  NORMAL
..................................................................
TEMPERATURE (F)
 YESTERDAY
  MAXIMUM         46    249 AM  79    1950  56    -10       62
                                      1933
  MINIMUM         36   1159 PM  21    1988  39     -3       54
  AVERAGE         41                        48     -7       58

PRECIPITATION (IN)
  YESTERDAY        0.18          1.59 2013   0.08   0.10     1.59
  MONTH TO DATE    2.36                      2.52  -0.16     3.48
  SINCE SEP 1      7.07                      5.79   1.28     4.68
  SINCE JAN 1     34.49                     28.22   6.27    35.66

SNOWFALL (IN)
  YESTERDAY        T             0.1  1993   0.0    0.0      0.0
  MONTH TO DATE    T                         0.1   -0.1       T
  SINCE SEP 1      T                         0.1   -0.1       T
  SINCE JUL 1      T                         0.1   -0.1       T
  SNOW DEPTH       0

DEGREE DAYS
 HEATING
  YESTERDAY       24                        18      6        7
  MONTH TO DATE  391                       397     -6      375
  SINCE SEP 1    499                       501     -2      473
  SINCE JUL 1    512                       511      1      485

 COOLING
  YESTERDAY        0                         0      0        0
  MONTH TO DATE    0                         8     -8       20
  SINCE SEP 1     72                        92    -20       98
  SINCE JAN 1    704                       803    -99      891
..................................................................


WIND (MPH)
  HIGHEST WIND SPEED    21   HIGHEST WIND DIRECTION     N (340)
  HIGHEST GUST SPEED    35   HIGHEST GUST DIRECTION     N (350)
  AVERAGE WIND SPEED    12.1


SKY COVER
  POSSIBLE SUNSHINE  MM
  AVERAGE SKY COVER 1.0


WEATHER CONDITIONS
 THE FOLLOWING WEATHER WAS RECORDED YESTERDAY.
  LIGHT RAIN
  SNOW
  LIGHT SNOW
  FOG


RELATIVE HUMIDITY (PERCENT)
 HIGHEST    96          1000 AM
 LOWEST     65           200 AM
 AVERAGE    81

..........................................................


THE DETROIT MI CLIMATE NORMALS FOR TODAY
                         NORMAL    RECORD    YEAR
 MAXIMUM TEMPERATURE (F)   56        81      1950
 MINIMUM TEMPERATURE (F)   39        21      1879


SUNRISE AND SUNSET
NOVEMBER  1 2014......SUNRISE   806 AM EDT   SUNSET   627 PM EDT
NOVEMBER  2 2014......SUNRISE   708 AM EST   SUNSET   526 PM EST


-  INDICATES NEGATIVE NUMBERS.
R  INDICATES RECORD WAS SET OR TIED.
MM INDICATES DATA IS MISSING.
T  INDICATES TRACE AMOUNT.




$$





U.S. Dept. of Commerce
NOAA National Weather Service
1325 East West Highway
Silver Spring, MD 20910
E-mail: w-nws.webmaster@noaa.gov
Page last modified: May 16, 2007
NATIONAL WEATHER SERVICE: for Safety, for Work, for Fun - FOR LIFE