171
CDUS43 KDTX 280536
CLIDTW


CLIMATE REPORT
NATIONAL WEATHER SERVICE DETROIT/PONTIAC MI
1236 AM EST WED JAN 28 2015


...................................

...THE DETROIT MI CLIMATE SUMMARY FOR JANUARY 27 2015...

CLIMATE NORMAL PERIOD 1981 TO 2010
CLIMATE RECORD PERIOD 1874 TO 2015


WEATHER ITEM   OBSERVED TIME   RECORD YEAR NORMAL DEPARTURE LAST
                VALUE   (LST)  VALUE       VALUE  FROM      YEAR
                                                  NORMAL
..................................................................
TEMPERATURE (F)
 YESTERDAY
  MAXIMUM         29    415 PM  61    1916  32     -3       27
  MINIMUM         11    648 AM  -6    1936  19     -8       -4
  AVERAGE         20                        25     -5       12

PRECIPITATION (IN)
  YESTERDAY        0.00          0.77 1944   0.06  -0.06     0.14
  MONTH TO DATE    1.40                      1.72  -0.32     2.86
  SINCE DEC 1      2.81                      4.18  -1.37     5.28
  SINCE JAN 1      1.40                      1.72  -0.32     2.86

SNOWFALL (IN)
  YESTERDAY        0.0           4.3  1951   0.4   -0.4      3.3
  MONTH TO DATE   13.3                      10.9    2.4     38.3
  SINCE DEC 1     13.4                      20.5   -7.1     53.8
  SINCE JUL 1     17.4                      22.1   -4.7     55.0
  SNOW DEPTH       3

DEGREE DAYS
 HEATING
  YESTERDAY       45                        40      5       53
  MONTH TO DATE 1183                      1070    113     1292
  SINCE DEC 1   2150                      2152     -2     2469
  SINCE JUL 1   3527                      3367    160     3771

 COOLING
  YESTERDAY        0                         0      0        0
  MONTH TO DATE    0                         0      0        0
  SINCE DEC 1      0                         0      0        0
  SINCE JAN 1      0                         0      0        0
..................................................................


WIND (MPH)
  HIGHEST WIND SPEED    13   HIGHEST WIND DIRECTION    NW (330)
  HIGHEST GUST SPEED    17   HIGHEST GUST DIRECTION     N (340)
  AVERAGE WIND SPEED     6.4


SKY COVER
  POSSIBLE SUNSHINE  MM
  AVERAGE SKY COVER 0.4


WEATHER CONDITIONS
 THE FOLLOWING WEATHER WAS RECORDED YESTERDAY.
  NO SIGNIFICANT WEATHER WAS OBSERVED.


RELATIVE HUMIDITY (PERCENT)
 HIGHEST    84           200 AM
 LOWEST     50           300 PM
 AVERAGE    67

..........................................................


THE DETROIT MI CLIMATE NORMALS FOR TODAY
                         NORMAL    RECORD    YEAR
 MAXIMUM TEMPERATURE (F)   32        57      2002
 MINIMUM TEMPERATURE (F)   19       -10      2014


SUNRISE AND SUNSET
JANUARY 28 2015.......SUNRISE   751 AM EST   SUNSET   542 PM EST
JANUARY 29 2015.......SUNRISE   750 AM EST   SUNSET   544 PM EST


-  INDICATES NEGATIVE NUMBERS.
R  INDICATES RECORD WAS SET OR TIED.
MM INDICATES DATA IS MISSING.
T  INDICATES TRACE AMOUNT.




$$





U.S. Dept. of Commerce
NOAA National Weather Service
1325 East West Highway
Silver Spring, MD 20910
E-mail: w-nws.webmaster@noaa.gov
Page last modified: May 16, 2007
NATIONAL WEATHER SERVICE: for Safety, for Work, for Fun - FOR LIFE