040
CDUS43 KDTX 280541
CLIDTW


CLIMATE REPORT
NATIONAL WEATHER SERVICE DETROIT/PONTIAC MI
1241 AM EST FRI NOV 28 2014


...................................

...THE DETROIT MI CLIMATE SUMMARY FOR NOVEMBER 27 2014...

CLIMATE NORMAL PERIOD 1981 TO 2010
CLIMATE RECORD PERIOD 1874 TO 2014


WEATHER ITEM   OBSERVED TIME   RECORD YEAR NORMAL DEPARTURE LAST
                VALUE   (LST)  VALUE       VALUE  FROM      YEAR
                                                  NORMAL
..................................................................
TEMPERATURE (F)
 YESTERDAY
  MAXIMUM         36    115 PM  69    1990  43     -7       30
  MINIMUM         22   1159 PM   9    1930  30     -8       19
  AVERAGE         29                        37     -8       25

PRECIPITATION (IN)
  YESTERDAY        T             1.69 1893   0.09  -0.09      T
  MONTH TO DATE    1.65                      2.51  -0.86     1.80
  SINCE SEP 1      8.72                      8.30   0.42     6.48
  SINCE JAN 1     36.14                     30.73   5.41    37.46

SNOWFALL (IN)
  YESTERDAY        T             5.6  1977   0.1   -0.1       T
  MONTH TO DATE    3.7                       1.2    2.5      0.7
  SINCE SEP 1      3.7                       1.3    2.4      0.7
  SINCE JUL 1      3.7                       1.3    2.4      0.7
  SNOW DEPTH       0

DEGREE DAYS
 HEATING
  YESTERDAY       36                        28      8       40
  MONTH TO DATE  787                       617    170      708
  SINCE SEP 1   1286                      1118    168     1181
  SINCE JUL 1   1299                      1128    171     1193

 COOLING
  YESTERDAY        0                         0      0        0
  MONTH TO DATE    0                         0      0        0
  SINCE SEP 1     72                        92    -20       98
  SINCE JAN 1    704                       803    -99      891
..................................................................


WIND (MPH)
  HIGHEST WIND SPEED    29   HIGHEST WIND DIRECTION    SW (240)
  HIGHEST GUST SPEED    40   HIGHEST GUST DIRECTION    SW (230)
  AVERAGE WIND SPEED     9.2


SKY COVER
  POSSIBLE SUNSHINE  MM
  AVERAGE SKY COVER 0.9


WEATHER CONDITIONS
 THE FOLLOWING WEATHER WAS RECORDED YESTERDAY.
  LIGHT SNOW


RELATIVE HUMIDITY (PERCENT)
 HIGHEST    75           400 AM
 LOWEST     59          1200 PM
 AVERAGE    67

..........................................................


THE DETROIT MI CLIMATE NORMALS FOR TODAY
                         NORMAL    RECORD    YEAR
 MAXIMUM TEMPERATURE (F)   43        68      1990
 MINIMUM TEMPERATURE (F)   30         8      1955


SUNRISE AND SUNSET
NOVEMBER 28 2014......SUNRISE   739 AM EST   SUNSET   503 PM EST
NOVEMBER 29 2014......SUNRISE   740 AM EST   SUNSET   503 PM EST


-  INDICATES NEGATIVE NUMBERS.
R  INDICATES RECORD WAS SET OR TIED.
MM INDICATES DATA IS MISSING.
T  INDICATES TRACE AMOUNT.




$$





U.S. Dept. of Commerce
NOAA National Weather Service
1325 East West Highway
Silver Spring, MD 20910
E-mail: w-nws.webmaster@noaa.gov
Page last modified: May 16, 2007
NATIONAL WEATHER SERVICE: for Safety, for Work, for Fun - FOR LIFE