075
CDUS44 KEWX 212328
CLIDRT


CLIMATE REPORT
NATIONAL WEATHER SERVICE AUSTIN/SAN ANTONIO, TX
528 PM CST SUN DEC 21 2014


...................................

...THE DEL RIO CLIMATE SUMMARY FOR DECEMBER 21 2014...
VALID TODAY AS OF 0528 PM LOCAL TIME.

CLIMATE NORMAL PERIOD 1981 TO 2010
CLIMATE RECORD PERIOD 1906 TO 2014


WEATHER ITEM   OBSERVED TIME   RECORD YEAR NORMAL DEPARTURE LAST
                VALUE   (LST)  VALUE       VALUE  FROM      YEAR
                                                  NORMAL
..................................................................
TEMPERATURE (F)
 TODAY
  MAXIMUM         56    518 PM  82    1966  63     -7       73
  MINIMUM         49    838 AM  21    1989  40      9       48
  AVERAGE         53                        52      1       61

PRECIPITATION (IN)
  TODAY            0.00          1.09 1991   0.03  -0.03     0.14
  MONTH TO DATE    0.04                      0.42  -0.38     0.18
  SINCE DEC 1      0.04                      0.42  -0.38     0.18
  SINCE JAN 1     15.94                     19.29  -3.35    15.17

SNOWFALL (IN)
  TODAY            0.0
  MONTH TO DATE    0.0
  SINCE DEC 1      0.0
  SINCE JUL 1      0.0
  SNOW DEPTH       0

DEGREE DAYS
 HEATING
  TODAY           12                        14     -2        4
  MONTH TO DATE  119                       256   -137      283
  SINCE DEC 1    119                       256   -137      283
  SINCE JUL 1    391                       453    -62      516

 COOLING
  TODAY            0                         0      0        0
  MONTH TO DATE    6                         0      6        5
  SINCE DEC 1      6                         0      6        5
  SINCE JAN 1   3694                      3372    322     3746
..................................................................


WIND (MPH)
  HIGHEST WIND SPEED    16   HIGHEST WIND DIRECTION    SE (130)
  HIGHEST GUST SPEED    21   HIGHEST GUST DIRECTION    SE (130)
  AVERAGE WIND SPEED     9.7



WEATHER CONDITIONS
 THE FOLLOWING WEATHER WAS RECORDED TODAY.
  FOG


RELATIVE HUMIDITY (PERCENT)
 HIGHEST    93           400 AM
 LOWEST     77           400 PM
 AVERAGE    85

..........................................................


THE DEL RIO CLIMATE NORMALS FOR TOMORROW
                         NORMAL    RECORD    YEAR
 MAXIMUM TEMPERATURE (F)   63        79      1933
 MINIMUM TEMPERATURE (F)   40        16      1989


SUNRISE AND SUNSET
DECEMBER 21 2014......SUNRISE   734 AM CST   SUNSET   550 PM CST
DECEMBER 22 2014......SUNRISE   734 AM CST   SUNSET   550 PM CST


-  INDICATES NEGATIVE NUMBERS.
R  INDICATES RECORD WAS SET OR TIED.
MM INDICATES DATA IS MISSING.
T  INDICATES TRACE AMOUNT.




$$






U.S. Dept. of Commerce
NOAA National Weather Service
1325 East West Highway
Silver Spring, MD 20910
E-mail: w-nws.webmaster@noaa.gov
Page last modified: May 16, 2007
NATIONAL WEATHER SERVICE: for Safety, for Work, for Fun - FOR LIFE