756
CDUS44 KEWX 302344
CLIDRT


CLIMATE REPORT
NATIONAL WEATHER SERVICE AUSTIN/SAN ANTONIO, TX
540 PM CST FRI JAN 30 2015


...................................

...THE DEL RIO CLIMATE SUMMARY FOR JANUARY 30 2015...
VALID TODAY AS OF 540 PM LOCAL TIME.

CLIMATE NORMAL PERIOD 1981 TO 2010
CLIMATE RECORD PERIOD 1906 TO 2015


WEATHER ITEM   OBSERVED TIME   RECORD YEAR NORMAL DEPARTURE LAST
                VALUE   (LST)  VALUE       VALUE  FROM      YEAR
                                                  NORMAL
..................................................................
TEMPERATURE (F)
 TODAY
  MAXIMUM         63   1200 AM  91    1911  65     -2       65
  MINIMUM         54    831 AM  18    1949  42     12       32
  AVERAGE         59                        54      5       49

PRECIPITATION (IN)
  TODAY            0.00          0.33 1977   0.03  -0.03     0.00
  MONTH TO DATE    0.43                      0.70  -0.27      T
  SINCE DEC 1      0.68                      1.35  -0.67     0.48
  SINCE JAN 1      0.43                      0.70  -0.27      T

SNOWFALL (IN)
  TODAY            0.0
  MONTH TO DATE    0.0
  SINCE DEC 1      0.0
  SINCE JUL 1      0.0
  SNOW DEPTH       0

DEGREE DAYS
 HEATING
  TODAY            6                        12     -6       16
  MONTH TO DATE  468                       391     77      454
  SINCE DEC 1    737                       785    -48      909
  SINCE JUL 1   1009                       982     27     1142

 COOLING
  TODAY            0                         0      0        0
  MONTH TO DATE    0                         0      0        0
  SINCE DEC 1      6                         3      3        5
  SINCE JAN 1      0                         0      0        0
..................................................................


WIND (MPH)
  HIGHEST WIND SPEED    10   HIGHEST WIND DIRECTION    SW (210)
  HIGHEST GUST SPEED    14   HIGHEST GUST DIRECTION     S (160)
  AVERAGE WIND SPEED     4.5



WEATHER CONDITIONS
 THE FOLLOWING WEATHER WAS RECORDED TODAY.
  NO SIGNIFICANT WEATHER WAS OBSERVED.


RELATIVE HUMIDITY (PERCENT)
 HIGHEST    51           500 AM
 LOWEST     42           200 AM
 AVERAGE    47

..........................................................


THE DEL RIO CLIMATE NORMALS FOR TOMORROW
                         NORMAL    RECORD    YEAR
 MAXIMUM TEMPERATURE (F)   66        92      1911
 MINIMUM TEMPERATURE (F)   42        17      1949


SUNRISE AND SUNSET
JANUARY 30 2015.......SUNRISE   734 AM CST   SUNSET   620 PM CST
JANUARY 31 2015.......SUNRISE   734 AM CST   SUNSET   621 PM CST


-  INDICATES NEGATIVE NUMBERS.
R  INDICATES RECORD WAS SET OR TIED.
MM INDICATES DATA IS MISSING.
T  INDICATES TRACE AMOUNT.




$$







U.S. Dept. of Commerce
NOAA National Weather Service
1325 East West Highway
Silver Spring, MD 20910
E-mail: w-nws.webmaster@noaa.gov
Page last modified: May 16, 2007
NATIONAL WEATHER SERVICE: for Safety, for Work, for Fun - FOR LIFE