738
CDUS43 KLOT 260631
CLIDPA


CLIMATE REPORT
NATIONAL WEATHER SERVICE CHICAGO IL
131 AM CDT SUN OCT 26 2014


...................................

...THE DU PAGE  AIRPORT CLIMATE SUMMARY FOR OCTOBER 25 2014...

CLIMATE NORMAL PERIOD 1981 TO 2010
CLIMATE RECORD PERIOD 1997 TO 2014


WEATHER ITEM   OBSERVED TIME   RECORD YEAR NORMAL DEPARTURE LAST
                VALUE   (LST)  VALUE       VALUE  FROM      YEAR
                                                  NORMAL
..................................................................
TEMPERATURE (F)
 YESTERDAY
  MAXIMUM         73    215 PM  74    2012  60     13       52
  MINIMUM         48   1156 PM  24    2013  39      9       24
  AVERAGE         61                        49     12       38

PRECIPITATION (IN)
  YESTERDAY        0.00          0.25        0.10  -0.10     0.00
  MONTH TO DATE    3.13                      2.64   0.49     0.92
  SINCE SEP 1      5.21                      5.93  -0.72     3.02
  SINCE JAN 1     27.83                     31.56  -3.73    30.38

SNOWFALL (IN)
  YESTERDAY        0.0

DEGREE DAYS
 HEATING
  YESTERDAY        4                        16    -12       27
  MONTH TO DATE  304                       300      4      328
  SINCE SEP 1    432                       402     30      427
  SINCE JUL 1    441                       411     30      453

 COOLING
  YESTERDAY        0                         0      0        0
  MONTH TO DATE    4                        11     -7       16
  SINCE SEP 1     77                        90    -13      118
  SINCE JAN 1    766                       814    -48      745
..................................................................


WIND (MPH)
  RESULTANT WIND SPEED  10   RESULTANT WIND DIRECTION   W (290)
  HIGHEST WIND SPEED    23   HIGHEST WIND DIRECTION     W (290)
  HIGHEST GUST SPEED    31   HIGHEST GUST DIRECTION     W (280)
  AVERAGE WIND SPEED    10.7



WEATHER CONDITIONS
 THE FOLLOWING WEATHER WAS RECORDED YESTERDAY.
  FOG
  HAZE


..........................................................


THE DU PAGE  AIRPORT CLIMATE NORMALS FOR TODAY
                         NORMAL    RECORD    YEAR
 MAXIMUM TEMPERATURE (F)   59        75      2000
 MINIMUM TEMPERATURE (F)   39        31      2013


SUNRISE AND SUNSET
OCTOBER 26 2014.......SUNRISE   718 AM CDT   SUNSET   555 PM CDT
OCTOBER 27 2014.......SUNRISE   719 AM CDT   SUNSET   554 PM CDT


-  INDICATES NEGATIVE NUMBERS.
R  INDICATES RECORD WAS SET OR TIED.
MM INDICATES DATA IS MISSING.
T  INDICATES TRACE AMOUNT.




$$





U.S. Dept. of Commerce
NOAA National Weather Service
1325 East West Highway
Silver Spring, MD 20910
E-mail: w-nws.webmaster@noaa.gov
Page last modified: May 16, 2007
NATIONAL WEATHER SERVICE: for Safety, for Work, for Fun - FOR LIFE