363
CDUS43 KLOT 240633
CLIDPA


CLIMATE REPORT
NATIONAL WEATHER SERVICE CHICAGO IL
132 AM CDT THU APR 24 2014


...................................

...THE DU PAGE  AIRPORT CLIMATE SUMMARY FOR APRIL 23 2014...

CLIMATE NORMAL PERIOD 1981 TO 2010
CLIMATE RECORD PERIOD 1997 TO 2014


WEATHER ITEM   OBSERVED TIME   RECORD YEAR NORMAL DEPARTURE LAST
                VALUE   (LST)  VALUE       VALUE  FROM      YEAR
                                                  NORMAL
..................................................................
TEMPERATURE (F)
 YESTERDAY
  MAXIMUM         54    205 PM  75    2008  64    -10       57
  MINIMUM         28    511 AM  25    2003  40    -12       37
  AVERAGE         41                        52    -11       47

PRECIPITATION (IN)
  YESTERDAY        T             0.56        0.11  -0.11     0.54
  MONTH TO DATE    1.12                      2.34  -1.22     6.23
  SINCE MAR 1      1.57                      4.70  -3.13     7.79
  SINCE JAN 1      2.79                      7.43  -4.64    13.19

SNOWFALL (IN)
  YESTERDAY       MM

DEGREE DAYS
 HEATING
  YESTERDAY       24                        13     11       18
  MONTH TO DATE  415                       392     23      474
  SINCE MAR 1   1505                      1228    277     1530
  SINCE JUL 1   7281                      5983   1298     6258

 COOLING
  YESTERDAY        0                         0      0        0
  MONTH TO DATE    0                         0      0        0
  SINCE MAR 1      0                         0      0        0
  SINCE JAN 1      0                         0      0        0
..................................................................


WIND (MPH)
  RESULTANT WIND SPEED   8   RESULTANT WIND DIRECTION  NE (60)
  HIGHEST WIND SPEED    17   HIGHEST WIND DIRECTION     E (90)
  HIGHEST GUST SPEED    21   HIGHEST GUST DIRECTION    NE (60)
  AVERAGE WIND SPEED     9.0



WEATHER CONDITIONS
 THE FOLLOWING WEATHER WAS RECORDED YESTERDAY.
  LIGHT RAIN


..........................................................


THE DU PAGE  AIRPORT CLIMATE NORMALS FOR TODAY
                         NORMAL    RECORD    YEAR
 MAXIMUM TEMPERATURE (F)   64        84      2009
 MINIMUM TEMPERATURE (F)   40        29      1999


SUNRISE AND SUNSET
APRIL 24 2014.........SUNRISE   559 AM CDT   SUNSET   744 PM CDT
APRIL 25 2014.........SUNRISE   558 AM CDT   SUNSET   745 PM CDT


-  INDICATES NEGATIVE NUMBERS.
R  INDICATES RECORD WAS SET OR TIED.
MM INDICATES DATA IS MISSING.
T  INDICATES TRACE AMOUNT.




$$





U.S. Dept. of Commerce
NOAA National Weather Service
1325 East West Highway
Silver Spring, MD 20910
E-mail: w-nws.webmaster@noaa.gov
Page last modified: May 16, 2007
NATIONAL WEATHER SERVICE: for Safety, for Work, for Fun - FOR LIFE