958
CDUS42 KCAE 230554
CLIDNL


CLIMATE REPORT
NATIONAL WEATHER SERVICE COLUMBIA SC
154 AM EDT WED APR 23 2014


...................................

...THE AUGUSTA DANIEL FIELD GA CLIMATE SUMMARY FOR APRIL 22 2014...

CLIMATE NORMAL PERIOD 1981 TO 2010
CLIMATE RECORD PERIOD 9999 TO 9999


WEATHER ITEM   OBSERVED TIME   RECORD YEAR NORMAL DEPARTURE LAST
                VALUE   (LST)  VALUE       VALUE  FROM      YEAR
                                                  NORMAL
..................................................................
TEMPERATURE (F)
 YESTERDAY
  MAXIMUM         82    137 PM  MM      MM  77      5       69
  MINIMUM         59    649 AM  MM      MM  55      4       51
  AVERAGE         71                        66      5       60

PRECIPITATION (IN)
  YESTERDAY        0.05         MM      MM   0.07  -0.02     0.00
  MONTH TO DATE    4.14                      2.46   1.68     2.14
  SINCE MAR 1      6.82                      6.77   0.05     4.98
  SINCE JAN 1     13.11                     15.01  -1.90    14.13

DEGREE DAYS
 HEATING
  YESTERDAY        0                         2     -2        5
  MONTH TO DATE   66                        83    -17       79
  SINCE MAR 1    386                       333     53      497
  SINCE JUL 1   2222                      2146     76     2070

 COOLING
  YESTERDAY        6                         3      3        0
  MONTH TO DATE   64                        45     19       55
  SINCE MAR 1     69                        67      2       60
  SINCE JAN 1     77                        71      6       80
..................................................................


WIND (MPH)
  HIGHEST WIND SPEED    17   HIGHEST WIND DIRECTION    NW (300)
  HIGHEST GUST SPEED    24   HIGHEST GUST DIRECTION     W (290)
  AVERAGE WIND SPEED     4.8


SKY COVER
  AVERAGE SKY COVER 0.2


WEATHER CONDITIONS
 THE FOLLOWING WEATHER WAS RECORDED YESTERDAY.
  LIGHT RAIN
  FOG


RELATIVE HUMIDITY (PERCENT)
 HIGHEST    87          1000 PM
 LOWEST     39           200 PM

..........................................................


THE AUGUSTA DANIEL FIELD GA CLIMATE NORMALS FOR TODAY
                         NORMAL    RECORD    YEAR
 MAXIMUM TEMPERATURE (F)   77        MM        MM
 MINIMUM TEMPERATURE (F)   55        MM        MM


SUNRISE AND SUNSET
APRIL 23 2014.........SUNRISE   648 AM EDT   SUNSET   805 PM EDT
APRIL 24 2014.........SUNRISE   647 AM EDT   SUNSET   806 PM EDT


-  INDICATES NEGATIVE NUMBERS.
R  INDICATES RECORD WAS SET OR TIED.
MM INDICATES DATA IS MISSING.
T  INDICATES TRACE AMOUNT.




$$





U.S. Dept. of Commerce
NOAA National Weather Service
1325 East West Highway
Silver Spring, MD 20910
E-mail: w-nws.webmaster@noaa.gov
Page last modified: May 16, 2007
NATIONAL WEATHER SERVICE: for Safety, for Work, for Fun - FOR LIFE