802
CDUS42 KCAE 230635
CLIDNL


CLIMATE REPORT
NATIONAL WEATHER SERVICE COLUMBIA SC
135 AM EST SUN NOV 23 2014


...................................

...THE AUGUSTA DANIEL FIELD GA CLIMATE SUMMARY FOR NOVEMBER 22 2014...

CLIMATE NORMAL PERIOD 1981 TO 2010
CLIMATE RECORD PERIOD 9999 TO 9999


WEATHER ITEM   OBSERVED TIME   RECORD YEAR NORMAL DEPARTURE LAST
                VALUE   (LST)  VALUE       VALUE  FROM      YEAR
                                                  NORMAL
..................................................................
TEMPERATURE (F)
 YESTERDAY
  MAXIMUM         64    353 PM  MM      MM  65     -1       71
  MINIMUM         39    724 AM  MM      MM  45     -6       52
  AVERAGE         52                        55     -3       62

PRECIPITATION (IN)
  YESTERDAY        0.01         MM      MM   0.12  -0.11      T
  MONTH TO DATE    1.36                      2.12  -0.76     1.11
  SINCE SEP 1      6.39                      8.72  -2.33     3.38
  SINCE JAN 1     34.88                     41.88  -7.00    52.45

DEGREE DAYS
 HEATING
  YESTERDAY       13                        10      3        3
  MONTH TO DATE  274                       165    109      170
  SINCE SEP 1    308                       243     65      223
  SINCE JUL 1    308                       243     65      223

 COOLING
  YESTERDAY        0                         0      0        0
  MONTH TO DATE    5                        14     -9       11
  SINCE SEP 1    559                       440    119      479
  SINCE JAN 1   2630                      2251    379     2081
..................................................................


WIND (MPH)
  HIGHEST WIND SPEED    12   HIGHEST WIND DIRECTION     E (70)
  HIGHEST GUST SPEED    15   HIGHEST GUST DIRECTION    SE (140)
  AVERAGE WIND SPEED     6.9


SKY COVER
  AVERAGE SKY COVER 0.2


WEATHER CONDITIONS
 THE FOLLOWING WEATHER WAS RECORDED YESTERDAY.
  LIGHT RAIN


RELATIVE HUMIDITY (PERCENT)
 HIGHEST    54           500 AM
 LOWEST     20           200 PM

..........................................................


THE AUGUSTA DANIEL FIELD GA CLIMATE NORMALS FOR TODAY
                         NORMAL    RECORD    YEAR
 MAXIMUM TEMPERATURE (F)   65        MM        MM
 MINIMUM TEMPERATURE (F)   45        MM        MM


SUNRISE AND SUNSET
NOVEMBER 23 2014......SUNRISE   707 AM EST   SUNSET   522 PM EST
NOVEMBER 24 2014......SUNRISE   708 AM EST   SUNSET   522 PM EST


-  INDICATES NEGATIVE NUMBERS.
R  INDICATES RECORD WAS SET OR TIED.
MM INDICATES DATA IS MISSING.
T  INDICATES TRACE AMOUNT.




$$





U.S. Dept. of Commerce
NOAA National Weather Service
1325 East West Highway
Silver Spring, MD 20910
E-mail: w-nws.webmaster@noaa.gov
Page last modified: May 16, 2007
NATIONAL WEATHER SERVICE: for Safety, for Work, for Fun - FOR LIFE