783
CDUS42 KCAE 280659
CLIDNL


CLIMATE REPORT
NATIONAL WEATHER SERVICE COLUMBIA SC
159 AM EST FRI NOV 28 2014


...................................

...THE AUGUSTA DANIEL FIELD GA CLIMATE SUMMARY FOR NOVEMBER 27 2014...

CLIMATE NORMAL PERIOD 1981 TO 2010
CLIMATE RECORD PERIOD 9999 TO 9999


WEATHER ITEM   OBSERVED TIME   RECORD YEAR NORMAL DEPARTURE LAST
                VALUE   (LST)  VALUE       VALUE  FROM      YEAR
                                                  NORMAL
..................................................................
TEMPERATURE (F)
 YESTERDAY
  MAXIMUM         55    343 PM  MM      MM  64     -9       49
  MINIMUM         40   1159 PM  MM      MM  44     -4       32
  AVERAGE         48                        54     -6       41

PRECIPITATION (IN)
  YESTERDAY        0.00         MM      MM   0.14  -0.14     0.17
  MONTH TO DATE    3.53                      2.79   0.74     2.21
  SINCE SEP 1      8.56                      9.39  -0.83     4.48
  SINCE JAN 1     37.05                     42.55  -5.50    53.55

DEGREE DAYS
 HEATING
  YESTERDAY       17                        12      5       24
  MONTH TO DATE  316                       220     96      254
  SINCE SEP 1    350                       298     52      307
  SINCE JUL 1    350                       298     52      307

 COOLING
  YESTERDAY        0                         0      0        0
  MONTH TO DATE    9                        14     -5       11
  SINCE SEP 1    563                       440    123      479
  SINCE JAN 1   2634                      2251    383     2081
..................................................................


WIND (MPH)
  HIGHEST WIND SPEED    21   HIGHEST WIND DIRECTION    NW (300)
  HIGHEST GUST SPEED    32   HIGHEST GUST DIRECTION     W (280)
  AVERAGE WIND SPEED    11.2


SKY COVER
  AVERAGE SKY COVER 0.2


WEATHER CONDITIONS
 THE FOLLOWING WEATHER WAS RECORDED YESTERDAY.
  NO SIGNIFICANT WEATHER WAS OBSERVED.


RELATIVE HUMIDITY (PERCENT)
 HIGHEST    58           400 AM
 LOWEST     38          1100 AM

..........................................................


THE AUGUSTA DANIEL FIELD GA CLIMATE NORMALS FOR TODAY
                         NORMAL    RECORD    YEAR
 MAXIMUM TEMPERATURE (F)   63        MM        MM
 MINIMUM TEMPERATURE (F)   44        MM        MM


SUNRISE AND SUNSET
NOVEMBER 28 2014......SUNRISE   711 AM EST   SUNSET   521 PM EST
NOVEMBER 29 2014......SUNRISE   712 AM EST   SUNSET   520 PM EST


-  INDICATES NEGATIVE NUMBERS.
R  INDICATES RECORD WAS SET OR TIED.
MM INDICATES DATA IS MISSING.
T  INDICATES TRACE AMOUNT.




$$






U.S. Dept. of Commerce
NOAA National Weather Service
1325 East West Highway
Silver Spring, MD 20910
E-mail: w-nws.webmaster@noaa.gov
Page last modified: May 16, 2007
NATIONAL WEATHER SERVICE: for Safety, for Work, for Fun - FOR LIFE