741
CDUS43 KEAX 301246
CLIDMO


CLIMATE REPORT
NATIONAL WEATHER SERVICE KANSAS CITY/PLEASANT HILL MO
746 AM CDT TUE SEP 30 2014


...................................

...THE SEDALIA MO CLIMATE SUMMARY FOR SEPTEMBER 30 2014...
VALID AS OF 0700 AM LOCAL TIME.

CLIMATE NORMAL PERIOD 1981 TO 2010
CLIMATE RECORD PERIOD 9999 TO 9999


WEATHER ITEM   OBSERVED TIME   NORMAL DEPARTURE LAST
                VALUE   (LST)  VALUE  FROM      YEAR
                                      NORMAL
......................................................
TEMPERATURE (F)
 TODAY
  MAXIMUM         67   1219 AM  74     -7       78
  MINIMUM         59    547 AM  53      6       49
  AVERAGE         63            63      0       64

PRECIPITATION (IN)
  TODAY            0.00          0.12  -0.12     0.00
  MONTH TO DATE    1.81          4.11  -2.30     3.56
  SINCE SEP 1      1.81          4.11  -2.30     3.56
  SINCE JAN 1     23.38         32.05  -8.67    33.47

DEGREE DAYS
 HEATING
  TODAY            2             4     -2        1
  MONTH TO DATE   45            42      3       19
  SINCE SEP 1     45            44      1       19
  SINCE JUL 1     45            45      0       19

 COOLING
  TODAY            0             3     -3        0
  MONTH TO DATE  151           165    -14      222
  SINCE SEP 1    151           165    -14      222
  SINCE JAN 1   1368          1450    -82     1437
......................................................


WIND (MPH)
  HIGHEST WIND SPEED     6   HIGHEST WIND DIRECTION     E (110)
  HIGHEST GUST SPEED     7   HIGHEST GUST DIRECTION     E (110)
  AVERAGE WIND SPEED     3.3


SKY COVER
  AVERAGE SKY COVER 0.0


WEATHER CONDITIONS
 THE FOLLOWING WEATHER WAS RECORDED TODAY.
  FOG
  HAZE


RELATIVE HUMIDITY (PERCENT)
 HIGHEST    90           200 AM
 LOWEST     84          1200 AM
 AVERAGE    87

..........................................................


THE SEDALIA MO CLIMATE NORMALS FOR TOMORROW
                         NORMAL
 MAXIMUM TEMPERATURE (F)   73
 MINIMUM TEMPERATURE (F)   53


SUNRISE AND SUNSET
SEPTEMBER 30 2014.....SUNRISE   707 AM CDT   SUNSET   657 PM CDT
OCTOBER  1 2014.......SUNRISE   708 AM CDT   SUNSET   655 PM CDT


-  INDICATES NEGATIVE NUMBERS.
R  INDICATES RECORD WAS SET OR TIED.
MM INDICATES DATA IS MISSING.
T  INDICATES TRACE AMOUNT.




$$





U.S. Dept. of Commerce
NOAA National Weather Service
1325 East West Highway
Silver Spring, MD 20910
E-mail: w-nws.webmaster@noaa.gov
Page last modified: May 16, 2007
NATIONAL WEATHER SERVICE: for Safety, for Work, for Fun - FOR LIFE