668
CDUS43 KEAX 230632
CLIDMO


CLIMATE REPORT
NATIONAL WEATHER SERVICE KANSAS CITY/PLEASANT HILL MO
132 AM CDT THU OCT 23 2014


...................................

...THE SEDALIA MO CLIMATE SUMMARY FOR OCTOBER 22 2014...

CLIMATE NORMAL PERIOD 1981 TO 2010
CLIMATE RECORD PERIOD 9999 TO 9999


WEATHER ITEM   OBSERVED TIME   NORMAL DEPARTURE LAST
                VALUE   (LST)  VALUE  FROM      YEAR
                                      NORMAL
......................................................
TEMPERATURE (F)
 YESTERDAY
  MAXIMUM         71    242 PM  67      4       65
  MINIMUM         46    644 AM  46      0       40
  AVERAGE         59            56      3       53

PRECIPITATION (IN)
  YESTERDAY        0.00          0.13  -0.13     0.00
  MONTH TO DATE    8.62          2.80   5.82     0.98
  SINCE SEP 1     10.43          6.91   3.52     4.54
  SINCE JAN 1     32.00         34.85  -2.85    34.45

DEGREE DAYS
 HEATING
  YESTERDAY        6             9     -3       12
  MONTH TO DATE  132           148    -16      150
  SINCE SEP 1    175           192    -17      169
  SINCE JUL 1    175           193    -18      169

 COOLING
  YESTERDAY        0             1     -1        0
  MONTH TO DATE   13            32    -19       45
  SINCE SEP 1    172           197    -25      267
  SINCE JAN 1   1389          1482    -93     1482
......................................................


WIND (MPH)
  HIGHEST WIND SPEED    14   HIGHEST WIND DIRECTION    SE (140)
  HIGHEST GUST SPEED    17   HIGHEST GUST DIRECTION     E (110)
  AVERAGE WIND SPEED     8.0


SKY COVER
  AVERAGE SKY COVER 0.0


WEATHER CONDITIONS
 THE FOLLOWING WEATHER WAS RECORDED YESTERDAY.
  FOG


RELATIVE HUMIDITY (PERCENT)
 HIGHEST    86           400 AM
 LOWEST     44           200 PM
 AVERAGE    65

..........................................................


THE SEDALIA MO CLIMATE NORMALS FOR TODAY
                         NORMAL
 MAXIMUM TEMPERATURE (F)   66
 MINIMUM TEMPERATURE (F)   46


SUNRISE AND SUNSET
OCTOBER 23 2014.......SUNRISE   730 AM CDT   SUNSET   623 PM CDT
OCTOBER 24 2014.......SUNRISE   731 AM CDT   SUNSET   622 PM CDT


-  INDICATES NEGATIVE NUMBERS.
R  INDICATES RECORD WAS SET OR TIED.
MM INDICATES DATA IS MISSING.
T  INDICATES TRACE AMOUNT.




$$





U.S. Dept. of Commerce
NOAA National Weather Service
1325 East West Highway
Silver Spring, MD 20910
E-mail: w-nws.webmaster@noaa.gov
Page last modified: May 16, 2007
NATIONAL WEATHER SERVICE: for Safety, for Work, for Fun - FOR LIFE