658
CDUS43 KEAX 231232
CLIDMO


CLIMATE REPORT
NATIONAL WEATHER SERVICE KANSAS CITY/PLEASANT HILL MO
732 AM CDT TUE SEP 23 2014


...................................

...THE SEDALIA MO CLIMATE SUMMARY FOR SEPTEMBER 23 2014...
VALID AS OF 0700 AM LOCAL TIME.

CLIMATE NORMAL PERIOD 1981 TO 2010
CLIMATE RECORD PERIOD 9999 TO 9999


WEATHER ITEM   OBSERVED TIME   NORMAL DEPARTURE LAST
                VALUE   (LST)  VALUE  FROM      YEAR
                                      NORMAL
......................................................
TEMPERATURE (F)
 TODAY
  MAXIMUM         57   1243 AM  76    -19       77
  MINIMUM         49    520 AM  56     -7       50
  AVERAGE         53            66    -13       64

PRECIPITATION (IN)
  TODAY            0.00          0.12  -0.12     0.00
  MONTH TO DATE    1.81          3.23  -1.42     2.79
  SINCE SEP 1      1.81          3.23  -1.42     2.79
  SINCE JAN 1     23.38         31.17  -7.79    32.70

DEGREE DAYS
 HEATING
  TODAY           12             2     10        1
  MONTH TO DATE   53            18     35       12
  SINCE SEP 1     53            18     35       12
  SINCE JUL 1     53            19     34       12

 COOLING
  TODAY            0             3     -3        0
  MONTH TO DATE  116           144    -28      196
  SINCE SEP 1    116           144    -28      196
  SINCE JAN 1   1333          1429    -96     1411
......................................................


WIND (MPH)
  HIGHEST WIND SPEED     8   HIGHEST WIND DIRECTION     S (160)
  HIGHEST GUST SPEED     9   HIGHEST GUST DIRECTION     S (160)
  AVERAGE WIND SPEED     4.4


SKY COVER
  AVERAGE SKY COVER 0.0


WEATHER CONDITIONS
 THE FOLLOWING WEATHER WAS RECORDED TODAY.
  NO SIGNIFICANT WEATHER WAS OBSERVED.


RELATIVE HUMIDITY (PERCENT)
 HIGHEST    89          1200 AM
 LOWEST     77           100 AM
 AVERAGE    83

..........................................................


THE SEDALIA MO CLIMATE NORMALS FOR TOMORROW
                         NORMAL
 MAXIMUM TEMPERATURE (F)   76
 MINIMUM TEMPERATURE (F)   55


SUNRISE AND SUNSET
SEPTEMBER 23 2014.....SUNRISE   701 AM CDT   SUNSET   708 PM CDT
SEPTEMBER 24 2014.....SUNRISE   702 AM CDT   SUNSET   706 PM CDT


-  INDICATES NEGATIVE NUMBERS.
R  INDICATES RECORD WAS SET OR TIED.
MM INDICATES DATA IS MISSING.
T  INDICATES TRACE AMOUNT.




$$





U.S. Dept. of Commerce
NOAA National Weather Service
1325 East West Highway
Silver Spring, MD 20910
E-mail: w-nws.webmaster@noaa.gov
Page last modified: May 16, 2007
NATIONAL WEATHER SERVICE: for Safety, for Work, for Fun - FOR LIFE