964
CDUS43 KEAX 242236
CLIDMO


CLIMATE REPORT
NATIONAL WEATHER SERVICE KANSAS CITY/PLEASANT HILL MO
435 PM CST MON NOV 24 2014


...................................

...THE SEDALIA MO CLIMATE SUMMARY FOR NOVEMBER 24 2014...
VALID AS OF 0400 PM LOCAL TIME.

CLIMATE NORMAL PERIOD 1981 TO 2010
CLIMATE RECORD PERIOD 9999 TO 9999


WEATHER ITEM   OBSERVED TIME   NORMAL DEPARTURE LAST
                VALUE   (LST)  VALUE  FROM      YEAR
                                      NORMAL
......................................................
TEMPERATURE (F)
 TODAY
  MAXIMUM         41   1258 PM  51    -10       30
  MINIMUM         34    606 AM  34      0       13
  AVERAGE         38            43     -5       22

PRECIPITATION (IN)
  TODAY            0.02          0.10  -0.08     0.00
  MONTH TO DATE    1.26          2.50  -1.24     2.04
  SINCE SEP 1     11.72         10.25   1.47     9.15
  SINCE JAN 1     33.29         38.19  -4.90    39.06

DEGREE DAYS
 HEATING
  TODAY           27            22      5       43
  MONTH TO DATE  605           409    196      468
  SINCE SEP 1    844           699    145      766
  SINCE JUL 1    844           700    144      766

 COOLING
  TODAY            0             0      0        0
  MONTH TO DATE    0             0      0        0
  SINCE SEP 1    192           202    -10      270
  SINCE JAN 1   1409          1487    -78     1485
......................................................


WIND (MPH)
  HIGHEST WIND SPEED    30   HIGHEST WIND DIRECTION     W (290)
  HIGHEST GUST SPEED    37   HIGHEST GUST DIRECTION     W (290)
  AVERAGE WIND SPEED    16.3


SKY COVER
  AVERAGE SKY COVER 0.9


WEATHER CONDITIONS
 THE FOLLOWING WEATHER WAS RECORDED TODAY.
  LIGHT RAIN


RELATIVE HUMIDITY (PERCENT)
 HIGHEST    92          1200 AM
 LOWEST     59          1000 AM
 AVERAGE    76

..........................................................


THE SEDALIA MO CLIMATE NORMALS FOR TOMORROW
                         NORMAL
 MAXIMUM TEMPERATURE (F)   51
 MINIMUM TEMPERATURE (F)   34


SUNRISE AND SUNSET
NOVEMBER 24 2014......SUNRISE   704 AM CST   SUNSET   454 PM CST
NOVEMBER 25 2014......SUNRISE   705 AM CST   SUNSET   453 PM CST


-  INDICATES NEGATIVE NUMBERS.
R  INDICATES RECORD WAS SET OR TIED.
MM INDICATES DATA IS MISSING.
T  INDICATES TRACE AMOUNT.




$$





U.S. Dept. of Commerce
NOAA National Weather Service
1325 East West Highway
Silver Spring, MD 20910
E-mail: w-nws.webmaster@noaa.gov
Page last modified: May 16, 2007
NATIONAL WEATHER SERVICE: for Safety, for Work, for Fun - FOR LIFE