187
CDUS43 KEAX 240708
CLIDMO


CLIMATE REPORT
NATIONAL WEATHER SERVICE KANSAS CITY/PLEASANT HILL MO
208 AM CDT FRI OCT 24 2014


...................................

...THE SEDALIA MO CLIMATE SUMMARY FOR OCTOBER 23 2014...

CLIMATE NORMAL PERIOD 1981 TO 2010
CLIMATE RECORD PERIOD 9999 TO 9999


WEATHER ITEM   OBSERVED TIME   NORMAL DEPARTURE LAST
                VALUE   (LST)  VALUE  FROM      YEAR
                                      NORMAL
......................................................
TEMPERATURE (F)
 YESTERDAY
  MAXIMUM         68    328 PM  66      2       52
  MINIMUM         50   1259 AM  46      4       31
  AVERAGE         59            56      3       42

PRECIPITATION (IN)
  YESTERDAY        0.00          0.10  -0.10     0.00
  MONTH TO DATE    8.62          2.90   5.72     0.98
  SINCE SEP 1     10.43          7.01   3.42     4.54
  SINCE JAN 1     32.00         34.95  -2.95    34.45

DEGREE DAYS
 HEATING
  YESTERDAY        6            10     -4       23
  MONTH TO DATE  138           158    -20      173
  SINCE SEP 1    181           202    -21      192
  SINCE JUL 1    181           203    -22      192

 COOLING
  YESTERDAY        0             1     -1        0
  MONTH TO DATE   13            33    -20       45
  SINCE SEP 1    172           198    -26      267
  SINCE JAN 1   1389          1483    -94     1482
......................................................


WIND (MPH)
  HIGHEST WIND SPEED    15   HIGHEST WIND DIRECTION    SW (210)
  HIGHEST GUST SPEED    20   HIGHEST GUST DIRECTION    SW (230)
  AVERAGE WIND SPEED     9.5


SKY COVER
  AVERAGE SKY COVER 0.7


WEATHER CONDITIONS
 THE FOLLOWING WEATHER WAS RECORDED YESTERDAY.
  NO SIGNIFICANT WEATHER WAS OBSERVED.


RELATIVE HUMIDITY (PERCENT)
 HIGHEST    84           600 PM
 LOWEST     63          1200 PM
 AVERAGE    74

..........................................................


THE SEDALIA MO CLIMATE NORMALS FOR TODAY
                         NORMAL
 MAXIMUM TEMPERATURE (F)   66
 MINIMUM TEMPERATURE (F)   46


SUNRISE AND SUNSET
OCTOBER 24 2014.......SUNRISE   731 AM CDT   SUNSET   622 PM CDT
OCTOBER 25 2014.......SUNRISE   732 AM CDT   SUNSET   621 PM CDT


-  INDICATES NEGATIVE NUMBERS.
R  INDICATES RECORD WAS SET OR TIED.
MM INDICATES DATA IS MISSING.
T  INDICATES TRACE AMOUNT.




$$





U.S. Dept. of Commerce
NOAA National Weather Service
1325 East West Highway
Silver Spring, MD 20910
E-mail: w-nws.webmaster@noaa.gov
Page last modified: May 16, 2007
NATIONAL WEATHER SERVICE: for Safety, for Work, for Fun - FOR LIFE