551
CDUS43 KEAX 161235
CLIDMO


CLIMATE REPORT
NATIONAL WEATHER SERVICE KANSAS CITY/PLEASANT HILL MO
735 AM CDT WED APR 16 2014


...................................

...THE SEDALIA MO CLIMATE SUMMARY FOR APRIL 16 2014...
VALID AS OF 0700 AM LOCAL TIME.

CLIMATE NORMAL PERIOD 1981 TO 2010
CLIMATE RECORD PERIOD 9999 TO 9999


WEATHER ITEM   OBSERVED TIME   NORMAL DEPARTURE LAST
                VALUE   (LST)  VALUE  FROM      YEAR
                                      NORMAL
......................................................
TEMPERATURE (F)
 TODAY
  MAXIMUM         43    559 AM  68    -25       47
  MINIMUM         40    121 AM  46     -6       41
  AVERAGE         42            57    -15       44

PRECIPITATION (IN)
  TODAY            0.00          0.15  -0.15     1.04
  MONTH TO DATE    5.40          1.86   3.54     3.27
  SINCE MAR 1      6.33          4.47   1.86     5.67
  SINCE JAN 1      7.11          8.07  -0.96    10.94

DEGREE DAYS
 HEATING
  TODAY           23             9     14       21
  MONTH TO DATE  215           181     34      208
  SINCE MAR 1    909           766    143     1011
  SINCE JUL 1   5128          4383    745     4449

 COOLING
  TODAY            0             1     -1        0
  MONTH TO DATE    6            15     -9       12
  SINCE MAR 1      6            18    -12       12
  SINCE JAN 1      6            18    -12       13
......................................................


WIND (MPH)
  HIGHEST WIND SPEED    20   HIGHEST WIND DIRECTION     S (160)
  HIGHEST GUST SPEED    24   HIGHEST GUST DIRECTION    SE (150)
  AVERAGE WIND SPEED    14.1


SKY COVER
  AVERAGE SKY COVER 0.0


WEATHER CONDITIONS
 THE FOLLOWING WEATHER WAS RECORDED TODAY.
  NO SIGNIFICANT WEATHER WAS OBSERVED.


RELATIVE HUMIDITY (PERCENT)
 HIGHEST    55           100 AM
 LOWEST     49           200 AM
 AVERAGE    52

..........................................................


THE SEDALIA MO CLIMATE NORMALS FOR TOMORROW
                         NORMAL
 MAXIMUM TEMPERATURE (F)   68
 MINIMUM TEMPERATURE (F)   47


SUNRISE AND SUNSET
APRIL 16 2014.........SUNRISE   635 AM CDT   SUNSET   750 PM CDT
APRIL 17 2014.........SUNRISE   633 AM CDT   SUNSET   751 PM CDT


-  INDICATES NEGATIVE NUMBERS.
R  INDICATES RECORD WAS SET OR TIED.
MM INDICATES DATA IS MISSING.
T  INDICATES TRACE AMOUNT.




$$





U.S. Dept. of Commerce
NOAA National Weather Service
1325 East West Highway
Silver Spring, MD 20910
E-mail: w-nws.webmaster@noaa.gov
Page last modified: May 16, 2007
NATIONAL WEATHER SERVICE: for Safety, for Work, for Fun - FOR LIFE