611
CDUS45 KEPZ 220927
CLIDMN


CLIMATE REPORT
NATIONAL WEATHER SERVICE EL PASO, TX
325 AM MDT FRI AUG 22 2014


...................................

...THE DEMING CLIMATE SUMMARY FOR AUGUST 21 2014...

CLIMATE NORMAL PERIOD 1981 TO 2010
CLIMATE RECORD PERIOD 2000 TO 2014


WEATHER ITEM   OBSERVED TIME   NORMAL DEPARTURE LAST
                VALUE   (LST)  VALUE  FROM      YEAR
                                      NORMAL
......................................................
TEMPERATURE (F)
 YESTERDAY
  MAXIMUM         90    422 PM  91              92
  MINIMUM         61    615 AM  64              64
  AVERAGE         76            78     -2       78

PRECIPITATION (IN)
  YESTERDAY        0.00          0.05  -0.05     0.00
  MONTH TO DATE    0.68          1.79  -1.11     1.79
  SINCE JUN 1      2.68          4.68  -2.00     5.05
  SINCE JAN 1      3.25          7.09  -3.84     5.56

......................................................


WIND (MPH)
  HIGHEST WIND SPEED    20   HIGHEST WIND DIRECTION     W (270)
  HIGHEST GUST SPEED    24   HIGHEST GUST DIRECTION     W (260)
  AVERAGE WIND SPEED     8.4


SKY COVER
  AVERAGE SKY COVER 0.0


WEATHER CONDITIONS
 THE FOLLOWING WEATHER WAS RECORDED YESTERDAY.
  NO SIGNIFICANT WEATHER WAS OBSERVED.


RELATIVE HUMIDITY (PERCENT)
 HIGHEST    72           600 AM
 LOWEST     19           200 PM
 AVERAGE    46

..........................................................


THE DEMING CLIMATE NORMALS FOR TODAY
                         NORMAL
 MAXIMUM TEMPERATURE (F)   91
 MINIMUM TEMPERATURE (F)   64


SUNRISE AND SUNSET
AUGUST 22 2014........SUNRISE   640 AM MDT   SUNSET   747 PM MDT
AUGUST 23 2014........SUNRISE   640 AM MDT   SUNSET   746 PM MDT


-  INDICATES NEGATIVE NUMBERS.
R  INDICATES RECORD WAS SET OR TIED.
MM INDICATES DATA IS MISSING.
T  INDICATES TRACE AMOUNT.




$$






U.S. Dept. of Commerce
NOAA National Weather Service
1325 East West Highway
Silver Spring, MD 20910
E-mail: w-nws.webmaster@noaa.gov
Page last modified: May 16, 2007
NATIONAL WEATHER SERVICE: for Safety, for Work, for Fun - FOR LIFE