216
CDUS45 KEPZ 250935
CLIDMN


CLIMATE REPORT
NATIONAL WEATHER SERVICE EL PASO, TX
233 AM MST TUE NOV 25 2014


...................................

...THE DEMING CLIMATE SUMMARY FOR NOVEMBER 24 2014...

CLIMATE NORMAL PERIOD 1981 TO 2010
CLIMATE RECORD PERIOD 2000 TO 2014


WEATHER ITEM   OBSERVED TIME   NORMAL DEPARTURE LAST
                VALUE   (LST)  VALUE  FROM      YEAR
                                      NORMAL
......................................................
TEMPERATURE (F)
 YESTERDAY
  MAXIMUM         58    333 PM  62              31
  MINIMUM         20    717 AM  31              27
  AVERAGE         39            47     -8       29

PRECIPITATION (IN)
  YESTERDAY        0.00          0.03  -0.03     0.14
  MONTH TO DATE    0.51          0.54  -0.03     0.28
  SINCE SEP 1      5.69          2.90   2.79     3.40
  SINCE JAN 1      9.27         10.49  -1.22     9.64

......................................................


WIND (MPH)
  HIGHEST WIND SPEED    26   HIGHEST WIND DIRECTION     N (350)
  HIGHEST GUST SPEED    34   HIGHEST GUST DIRECTION     N (350)
  AVERAGE WIND SPEED     9.5


SKY COVER
  AVERAGE SKY COVER 0.0


WEATHER CONDITIONS
 THE FOLLOWING WEATHER WAS RECORDED YESTERDAY.
  NO SIGNIFICANT WEATHER WAS OBSERVED.


RELATIVE HUMIDITY (PERCENT)
 HIGHEST    41           600 AM
 LOWEST      8           300 PM
 AVERAGE    25

..........................................................


THE DEMING CLIMATE NORMALS FOR TODAY
                         NORMAL
 MAXIMUM TEMPERATURE (F)   62
 MINIMUM TEMPERATURE (F)   31


SUNRISE AND SUNSET
NOVEMBER 25 2014......SUNRISE   649 AM MST   SUNSET   507 PM MST
NOVEMBER 26 2014......SUNRISE   650 AM MST   SUNSET   506 PM MST


-  INDICATES NEGATIVE NUMBERS.
R  INDICATES RECORD WAS SET OR TIED.
MM INDICATES DATA IS MISSING.
T  INDICATES TRACE AMOUNT.




$$






U.S. Dept. of Commerce
NOAA National Weather Service
1325 East West Highway
Silver Spring, MD 20910
E-mail: w-nws.webmaster@noaa.gov
Page last modified: May 16, 2007
NATIONAL WEATHER SERVICE: for Safety, for Work, for Fun - FOR LIFE