708
CDUS45 KEPZ 010930
CLIDMN


CLIMATE REPORT
NATIONAL WEATHER SERVICE EL PASO, TX
228 AM MST SUN FEB 1 2015


...................................

...THE DEMING CLIMATE SUMMARY FOR JANUARY 31 2015...

CLIMATE NORMAL PERIOD 1981 TO 2010
CLIMATE RECORD PERIOD 2000 TO 2015


WEATHER ITEM   OBSERVED TIME   NORMAL DEPARTURE LAST
                VALUE   (LST)  VALUE  FROM      YEAR
                                      NORMAL
......................................................
TEMPERATURE (F)
 YESTERDAY
  MAXIMUM         51    525 PM  60              69
  MINIMUM         40   1159 PM  29              42
  AVERAGE         46            44      2       56

PRECIPITATION (IN)
  YESTERDAY        0.24          0.02   0.22     0.00
  MONTH TO DATE    1.47          0.61   0.86     0.00
  SINCE DEC 1      1.98          1.50   0.48     0.37
  SINCE JAN 1      1.47          0.61   0.86     0.00

......................................................


WIND (MPH)
  HIGHEST WIND SPEED    16   HIGHEST WIND DIRECTION     E (70)
  HIGHEST GUST SPEED    19   HIGHEST GUST DIRECTION     E (70)
  AVERAGE WIND SPEED     6.8


SKY COVER
  AVERAGE SKY COVER 0.8


WEATHER CONDITIONS
 THE FOLLOWING WEATHER WAS RECORDED YESTERDAY.
  HEAVY RAIN
  RAIN
  LIGHT RAIN
  FOG


RELATIVE HUMIDITY (PERCENT)
 HIGHEST   100          1200 AM
 LOWEST     80           100 PM
 AVERAGE    90

..........................................................


THE DEMING CLIMATE NORMALS FOR TODAY
                         NORMAL
 MAXIMUM TEMPERATURE (F)   60
 MINIMUM TEMPERATURE (F)   29


SUNRISE AND SUNSET
FEBRUARY  1 2015......SUNRISE   705 AM MST   SUNSET   544 PM MST
FEBRUARY  2 2015......SUNRISE   704 AM MST   SUNSET   545 PM MST


-  INDICATES NEGATIVE NUMBERS.
R  INDICATES RECORD WAS SET OR TIED.
MM INDICATES DATA IS MISSING.
T  INDICATES TRACE AMOUNT.




$$






U.S. Dept. of Commerce
NOAA National Weather Service
1325 East West Highway
Silver Spring, MD 20910
E-mail: w-nws.webmaster@noaa.gov
Page last modified: May 16, 2007
NATIONAL WEATHER SERVICE: for Safety, for Work, for Fun - FOR LIFE