800
CDUS41 KLWX 300538
CLIDMH


CLIMATE REPORT
NATIONAL WEATHER SERVICE BALTIMORE MD/WASHINGTON DC
137 AM EDT THU OCT 30 2014


...................................

...THE BALTIMORE INNER HARBOR MD CLIMATE SUMMARY FOR OCTOBER 29 2014...

CLIMATE NORMAL PERIOD 1981 TO 2010
CLIMATE RECORD PERIOD 9999 TO 9999


WEATHER ITEM   OBSERVED TIME   RECORD YEAR NORMAL DEPARTURE LAST
                VALUE   (LST)  VALUE       VALUE  FROM      YEAR
                                                  NORMAL
..................................................................
TEMPERATURE (F)
 YESTERDAY
  MAXIMUM         68    959 AM  MM      MM  64      4       65
  MINIMUM         52   1159 PM  MM      MM  48      4       50
  AVERAGE         60                        56      4       58

PRECIPITATION (IN)
  YESTERDAY        0.05         MM      MM   0.08  -0.03     0.00
  MONTH TO DATE    3.71                      2.88   0.83     4.58
  SINCE SEP 1      6.51                      6.97  -0.46     6.25
  SINCE JAN 1     46.12                     34.34  11.78    34.23

DEGREE DAYS
 HEATING
  YESTERDAY        5                         9     -4        7
  MONTH TO DATE  124                       171    -47      117
  SINCE SEP 1    129                       189    -60      122
  SINCE JUL 1    129                       189    -60      122

 COOLING
  YESTERDAY        0                         0      0        0
  MONTH TO DATE   21                        40    -19       98
  SINCE SEP 1    238                       269    -31      345
  SINCE JAN 1   1456                      1665   -209     2019
..................................................................


WIND (MPH)
  HIGHEST WIND SPEED    MM   HIGHEST WIND DIRECTION    MM
  HIGHEST GUST SPEED    MM   HIGHEST GUST DIRECTION    MM
  AVERAGE WIND SPEED    MM


SKY COVER
  POSSIBLE SUNSHINE  MM



RELATIVE HUMIDITY (PERCENT)
 HIGHEST    96          1100 PM
 LOWEST     46          1200 PM
 AVERAGE    71

..........................................................


THE BALTIMORE INNER HARBOR MD CLIMATE NORMALS FOR TODAY
                         NORMAL
 MAXIMUM TEMPERATURE (F)   64
 MINIMUM TEMPERATURE (F)   48


SUNRISE AND SUNSET
OCTOBER 30 2014.......SUNRISE   732 AM EDT   SUNSET   608 PM EDT
OCTOBER 31 2014.......SUNRISE   733 AM EDT   SUNSET   606 PM EDT


-  INDICATES NEGATIVE NUMBERS.
R  INDICATES RECORD WAS SET OR TIED.
MM INDICATES DATA IS MISSING.
T  INDICATES TRACE AMOUNT.




$$





U.S. Dept. of Commerce
NOAA National Weather Service
1325 East West Highway
Silver Spring, MD 20910
E-mail: w-nws.webmaster@noaa.gov
Page last modified: May 16, 2007
NATIONAL WEATHER SERVICE: for Safety, for Work, for Fun - FOR LIFE