936
CDUS41 KLWX 230522
CLIDMH


CLIMATE REPORT
NATIONAL WEATHER SERVICE BALTIMORE MD/WASHINGTON DC
120 AM EDT THU OCT 23 2014


...................................

...THE BALTIMORE INNER HARBOR MD CLIMATE SUMMARY FOR OCTOBER 22 2014...

CLIMATE NORMAL PERIOD 1981 TO 2010
CLIMATE RECORD PERIOD 9999 TO 9999


WEATHER ITEM   OBSERVED TIME   RECORD YEAR NORMAL DEPARTURE LAST
                VALUE   (LST)  VALUE       VALUE  FROM      YEAR
                                                  NORMAL
..................................................................
TEMPERATURE (F)
 YESTERDAY
  MAXIMUM         56    802 PM  MM      MM  66    -10       66
  MINIMUM         54   1159 PM  MM      MM  50      4       52
  AVERAGE         55                        58     -3       59

PRECIPITATION (IN)
  YESTERDAY        0.94         MM      MM   0.09   0.85     0.00
  MONTH TO DATE    3.66                      2.29   1.37     4.58
  SINCE SEP 1      6.46                      6.38   0.08     6.25
  SINCE JAN 1     46.07                     33.75  12.32    34.23

DEGREE DAYS
 HEATING
  YESTERDAY       10                         8      2        6
  MONTH TO DATE   94                       111    -17       34
  SINCE SEP 1     99                       129    -30       39
  SINCE JUL 1     99                       129    -30       39

 COOLING
  YESTERDAY        0                         1     -1        0
  MONTH TO DATE   21                        37    -16       98
  SINCE SEP 1    238                       266    -28      345
  SINCE JAN 1   1456                      1662   -206     2019
..................................................................


WIND (MPH)
  HIGHEST WIND SPEED    MM   HIGHEST WIND DIRECTION    MM
  HIGHEST GUST SPEED    MM   HIGHEST GUST DIRECTION    MM
  AVERAGE WIND SPEED    MM


SKY COVER
  POSSIBLE SUNSHINE  MM



RELATIVE HUMIDITY (PERCENT)
 HIGHEST    93           200 AM
 LOWEST     66           800 PM
 AVERAGE    80

..........................................................


THE BALTIMORE INNER HARBOR MD CLIMATE NORMALS FOR TODAY
                         NORMAL
 MAXIMUM TEMPERATURE (F)   66
 MINIMUM TEMPERATURE (F)   50


SUNRISE AND SUNSET
OCTOBER 23 2014.......SUNRISE   724 AM EDT   SUNSET   616 PM EDT
OCTOBER 24 2014.......SUNRISE   726 AM EDT   SUNSET   615 PM EDT


-  INDICATES NEGATIVE NUMBERS.
R  INDICATES RECORD WAS SET OR TIED.
MM INDICATES DATA IS MISSING.
T  INDICATES TRACE AMOUNT.




$$






U.S. Dept. of Commerce
NOAA National Weather Service
1325 East West Highway
Silver Spring, MD 20910
E-mail: w-nws.webmaster@noaa.gov
Page last modified: May 16, 2007
NATIONAL WEATHER SERVICE: for Safety, for Work, for Fun - FOR LIFE