720
CDUS41 KLWX 210521
CLIDMH


CLIMATE REPORT
NATIONAL WEATHER SERVICE BALTIMORE MD/WASHINGTON DC
121 AM EDT MON APR 21 2014


...................................

...THE BALTIMORE INNER HARBOR MD CLIMATE SUMMARY FOR APRIL 20 2014...

CLIMATE NORMAL PERIOD 1981 TO 2010
CLIMATE RECORD PERIOD 9999 TO 9999


WEATHER ITEM   OBSERVED TIME   RECORD YEAR NORMAL DEPARTURE LAST
                VALUE   (LST)  VALUE       VALUE  FROM      YEAR
                                                  NORMAL
..................................................................
TEMPERATURE (F)
 YESTERDAY
  MAXIMUM         61    419 PM  MM      MM  67     -6       64
  MINIMUM         48   1159 PM  MM      MM  49     -1       50
  AVERAGE         55                        58     -3       57

PRECIPITATION (IN)
  YESTERDAY        0.00         MM      MM   0.10  -0.10     0.05
  MONTH TO DATE    2.80                      2.21   0.59     1.68
  SINCE MAR 1      7.00                      6.07   0.93     3.95
  SINCE JAN 1     13.33                     11.59   1.74     9.80

DEGREE DAYS
 HEATING
  YESTERDAY       10                         8      2        8
  MONTH TO DATE  204                       214    -10      129
  SINCE MAR 1    938                       793    145      725
  SINCE JUL 1   4008                      3881    127     3276

 COOLING
  YESTERDAY        0                         1     -1        0
  MONTH TO DATE   14                        13      1       51
  SINCE MAR 1     14                        14      0       51
  SINCE JAN 1     14                        14      0       51
..................................................................


WIND (MPH)
  HIGHEST WIND SPEED    MM   HIGHEST WIND DIRECTION    MM
  HIGHEST GUST SPEED    MM   HIGHEST GUST DIRECTION    MM
  AVERAGE WIND SPEED    MM


SKY COVER
  POSSIBLE SUNSHINE  MM



RELATIVE HUMIDITY (PERCENT)
 HIGHEST    54          1200 AM
 LOWEST     35           300 AM
 AVERAGE    45

..........................................................


THE BALTIMORE INNER HARBOR MD CLIMATE NORMALS FOR TODAY
                         NORMAL
 MAXIMUM TEMPERATURE (F)   68
 MINIMUM TEMPERATURE (F)   49


SUNRISE AND SUNSET
APRIL 21 2014.........SUNRISE   621 AM EDT   SUNSET   750 PM EDT
APRIL 22 2014.........SUNRISE   620 AM EDT   SUNSET   751 PM EDT


-  INDICATES NEGATIVE NUMBERS.
R  INDICATES RECORD WAS SET OR TIED.
MM INDICATES DATA IS MISSING.
T  INDICATES TRACE AMOUNT.




$$





U.S. Dept. of Commerce
NOAA National Weather Service
1325 East West Highway
Silver Spring, MD 20910
E-mail: w-nws.webmaster@noaa.gov
Page last modified: May 16, 2007
NATIONAL WEATHER SERVICE: for Safety, for Work, for Fun - FOR LIFE