941
CDUS41 KLWX 262140
CLIDMH


CLIMATE REPORT
NATIONAL WEATHER SERVICE BALTIMORE MD/WASHINGTON DC
440 PM EST WED NOV 26 2014


...................................

...THE BALTIMORE INNER HARBOR MD CLIMATE SUMMARY FOR NOVEMBER 26 2014...
VALID TODAY AS OF 0400 PM LOCAL TIME.

CLIMATE NORMAL PERIOD 1981 TO 2010
CLIMATE RECORD PERIOD 9999 TO 9999


WEATHER ITEM   OBSERVED TIME   RECORD YEAR NORMAL DEPARTURE LAST
                VALUE   (LST)  VALUE       VALUE  FROM      YEAR
                                                  NORMAL
..................................................................
TEMPERATURE (F)
 TODAY
  MAXIMUM         50        MM  MM      MM  53     -3       52
  MINIMUM         34        MM  MM      MM  39     -5       36
  AVERAGE         42                        46     -4       44

PRECIPITATION (IN)
  TODAY            1.08         MM      MM   0.11   0.97     1.52
  MONTH TO DATE    3.33                      2.53   0.80     1.96
  SINCE SEP 1      9.84                      9.67   0.17     8.32
  SINCE JAN 1     49.45                     37.04  12.41    36.30

DEGREE DAYS
 HEATING
  TODAY           23                        19      4       21
  MONTH TO DATE  487                       364    123      393
  SINCE SEP 1    638                       573     65      520
  SINCE JUL 1    638                       573     65      520

 COOLING
  TODAY            0                         0      0        0
  MONTH TO DATE    0                         0      0        4
  SINCE SEP 1    238                       268    -30      349
  SINCE JAN 1   1456                      1664   -208     2023
..................................................................


WIND (MPH)
  HIGHEST WIND SPEED    MM   HIGHEST WIND DIRECTION    MM
  HIGHEST GUST SPEED    MM   HIGHEST GUST DIRECTION    MM
  AVERAGE WIND SPEED    MM


SKY COVER
  POSSIBLE SUNSHINE  MM



RELATIVE HUMIDITY (PERCENT)
 HIGHEST   100          1200 PM
 LOWEST     52           400 AM
 AVERAGE    76

..........................................................


THE BALTIMORE INNER HARBOR MD CLIMATE NORMALS FOR TOMORROW
                         NORMAL    RECORD    YEAR
 MAXIMUM TEMPERATURE (F)   53        MM        MM
 MINIMUM TEMPERATURE (F)   39        MM        MM


SUNRISE AND SUNSET
NOVEMBER 26 2014......SUNRISE   702 AM EST   SUNSET   445 PM EST
NOVEMBER 27 2014......SUNRISE   703 AM EST   SUNSET   445 PM EST


-  INDICATES NEGATIVE NUMBERS.
R  INDICATES RECORD WAS SET OR TIED.
MM INDICATES DATA IS MISSING.
T  INDICATES TRACE AMOUNT.




$$





U.S. Dept. of Commerce
NOAA National Weather Service
1325 East West Highway
Silver Spring, MD 20910
E-mail: w-nws.webmaster@noaa.gov
Page last modified: May 16, 2007
NATIONAL WEATHER SERVICE: for Safety, for Work, for Fun - FOR LIFE