817
CDUS41 KLWX 010522
CLIDMH


CLIMATE REPORT
NATIONAL WEATHER SERVICE BALTIMORE MD/WASHINGTON DC
122 AM EDT WED OCT 1 2014


...................................

...THE BALTIMORE INNER HARBOR MD CLIMATE SUMMARY FOR SEPTEMBER 30 2014...

CLIMATE NORMAL PERIOD 1981 TO 2010
CLIMATE RECORD PERIOD 9999 TO 9999


WEATHER ITEM   OBSERVED TIME   RECORD YEAR NORMAL DEPARTURE LAST
                VALUE   (LST)  VALUE       VALUE  FROM      YEAR
                                                  NORMAL
..................................................................
TEMPERATURE (F)
 YESTERDAY
  MAXIMUM         76    348 PM  MM      MM  74      2       78
  MINIMUM         66   1159 PM  MM      MM  58      8       60
  AVERAGE         71                        66      5       69

PRECIPITATION (IN)
  YESTERDAY        0.29         MM      MM   0.15   0.14     0.00
  MONTH TO DATE    2.80                      4.09  -1.29     1.67
  SINCE SEP 1      2.80                      4.09  -1.29     1.67
  SINCE JAN 1     42.41                     31.46  10.95    29.65

DEGREE DAYS
 HEATING
  YESTERDAY        0                         2     -2        0
  MONTH TO DATE    5                        16    -11        5
  SINCE SEP 1      5                        18    -13        5
  SINCE JUL 1      5                        18    -13        5

 COOLING
  YESTERDAY        6                         3      3        4
  MONTH TO DATE  217                       229    -12      247
  SINCE SEP 1    217                       229    -12      247
  SINCE JAN 1   1435                      1625   -190     1921
..................................................................


WIND (MPH)
  HIGHEST WIND SPEED    MM   HIGHEST WIND DIRECTION    MM
  HIGHEST GUST SPEED    MM   HIGHEST GUST DIRECTION    MM
  AVERAGE WIND SPEED    MM


SKY COVER
  POSSIBLE SUNSHINE  MM



RELATIVE HUMIDITY (PERCENT)
 HIGHEST    93           100 AM
 LOWEST     50           400 PM
 AVERAGE    72

..........................................................


THE BALTIMORE INNER HARBOR MD CLIMATE NORMALS FOR TODAY
                         NORMAL
 MAXIMUM TEMPERATURE (F)   74
 MINIMUM TEMPERATURE (F)   57


SUNRISE AND SUNSET
OCTOBER  1 2014.......SUNRISE   702 AM EDT   SUNSET   649 PM EDT
OCTOBER  2 2014.......SUNRISE   703 AM EDT   SUNSET   647 PM EDT


-  INDICATES NEGATIVE NUMBERS.
R  INDICATES RECORD WAS SET OR TIED.
MM INDICATES DATA IS MISSING.
T  INDICATES TRACE AMOUNT.




$$





U.S. Dept. of Commerce
NOAA National Weather Service
1325 East West Highway
Silver Spring, MD 20910
E-mail: w-nws.webmaster@noaa.gov
Page last modified: May 16, 2007
NATIONAL WEATHER SERVICE: for Safety, for Work, for Fun - FOR LIFE