908
CDUS41 KLWX 210524
CLIDMH


CLIMATE REPORT
NATIONAL WEATHER SERVICE BALTIMORE MD/WASHINGTON DC
1224 AM EST SUN DEC 21 2014


...................................

...THE BALTIMORE INNER HARBOR MD CLIMATE SUMMARY FOR DECEMBER 20 2014...

CLIMATE NORMAL PERIOD 1981 TO 2010
CLIMATE RECORD PERIOD 9999 TO 9999


WEATHER ITEM   OBSERVED TIME   RECORD YEAR NORMAL DEPARTURE LAST
                VALUE   (LST)  VALUE       VALUE  FROM      YEAR
                                                  NORMAL
..................................................................
TEMPERATURE (F)
 YESTERDAY
  MAXIMUM         39    107 PM  MM      MM  45     -6       59
  MINIMUM         30    729 AM  MM      MM  31     -1       43
  AVERAGE         35                        38     -3       51

PRECIPITATION (IN)
  YESTERDAY        0.00         MM      MM   0.11  -0.11     0.00
  MONTH TO DATE    2.02                      2.30  -0.28     2.99
  SINCE DEC 1      2.02                      2.30  -0.28     2.99
  SINCE JAN 1     51.54                     39.78  11.76    39.95

DEGREE DAYS
 HEATING
  YESTERDAY       30                        27      3       14
  MONTH TO DATE  484                       483      1      353
  SINCE DEC 1    484                       483      1      353
  SINCE JUL 1   1219                      1134     85      978

 COOLING
  YESTERDAY        0                         0      0        0
  MONTH TO DATE    0                         0      0        0
  SINCE DEC 1      0                         0      0        0
  SINCE JAN 1   1456                      1665   -209     2023
..................................................................


WIND (MPH)
  HIGHEST WIND SPEED    MM   HIGHEST WIND DIRECTION    MM
  HIGHEST GUST SPEED    MM   HIGHEST GUST DIRECTION    MM
  AVERAGE WIND SPEED    MM


SKY COVER
  POSSIBLE SUNSHINE  MM



RELATIVE HUMIDITY (PERCENT)
 HIGHEST    63           100 AM
 LOWEST     52           100 PM
 AVERAGE    58

..........................................................


THE BALTIMORE INNER HARBOR MD CLIMATE NORMALS FOR TODAY
                         NORMAL
 MAXIMUM TEMPERATURE (F)   44
 MINIMUM TEMPERATURE (F)   31


SUNRISE AND SUNSET
DECEMBER 21 2014......SUNRISE   723 AM EST   SUNSET   447 PM EST
DECEMBER 22 2014......SUNRISE   723 AM EST   SUNSET   447 PM EST


-  INDICATES NEGATIVE NUMBERS.
R  INDICATES RECORD WAS SET OR TIED.
MM INDICATES DATA IS MISSING.
T  INDICATES TRACE AMOUNT.




$$





U.S. Dept. of Commerce
NOAA National Weather Service
1325 East West Highway
Silver Spring, MD 20910
E-mail: w-nws.webmaster@noaa.gov
Page last modified: May 16, 2007
NATIONAL WEATHER SERVICE: for Safety, for Work, for Fun - FOR LIFE