215
CDUS45 KTFX 020956
CLIDLN


CLIMATE REPORT
NATIONAL WEATHER SERVICE GREAT FALLS MT
356 AM MDT TUE SEP 2 2014


...................................

...THE DILLON AIRPORT MT CLIMATE SUMMARY FOR SEPTEMBER 1 2014...

CLIMATE NORMAL PERIOD 1981 TO 2010
CLIMATE RECORD PERIOD 1929 TO 2014


WEATHER ITEM   OBSERVED TIME   RECORD YEAR NORMAL DEPARTURE LAST
                VALUE   (LST)  VALUE       VALUE  FROM      YEAR
                                                  NORMAL
..................................................................
TEMPERATURE (F)
 YESTERDAY
  MAXIMUM         71    444 PM  92    1967  77     -6       90
  MINIMUM         42    615 AM  32    2006  44     -2       48
  AVERAGE         57                        60     -3       69

PRECIPITATION (IN)
  YESTERDAY        0.00          0.24 1961   0.03  -0.03     0.00
  MONTH TO DATE    0.00                      0.03  -0.03     0.00
  SINCE OCT 1      9.36                      9.73  -0.37     8.02
  SINCE JAN 1      8.87                      8.33   0.54     7.00

SNOWFALL (IN)
  YESTERDAY       MM
  SNOW DEPTH       0

DEGREE DAYS
 HEATING
  YESTERDAY        8                                3        0
  MONTH TO DATE    8                                3        0
  SINCE SEP 1      8                                3        0
  SINCE JUL 1    100                              -41        6

 COOLING
  YESTERDAY        0                               -1        4
  MONTH TO DATE    0                               -1        4
  SINCE SEP 1      0                               -1        4
  SINCE JAN 1    164                               15      232
..................................................................


WIND (MPH)
  HIGHEST WIND SPEED    18   HIGHEST WIND DIRECTION     W (280)
  HIGHEST GUST SPEED    23   HIGHEST GUST DIRECTION    SW (230)
  AVERAGE WIND SPEED     7.4



WEATHER CONDITIONS
 THE FOLLOWING WEATHER WAS RECORDED YESTERDAY.
  NO SIGNIFICANT WEATHER WAS OBSERVED.


RELATIVE HUMIDITY (PERCENT)
 HIGHEST    83
 LOWEST     24
 AVERAGE    54

..........................................................


THE DILLON AIRPORT MT CLIMATE NORMALS FOR TODAY
                         NORMAL    RECORD    YEAR
 MAXIMUM TEMPERATURE (F)   76        93      1950
 MINIMUM TEMPERATURE (F)   44        25      1974


SUNRISE AND SUNSET
SEPTEMBER  2 2014.....SUNRISE   653 AM MDT   SUNSET   806 PM MDT
SEPTEMBER  3 2014.....SUNRISE   654 AM MDT   SUNSET   804 PM MDT


-  INDICATES NEGATIVE NUMBERS.
R  INDICATES RECORD WAS SET OR TIED.
MM INDICATES DATA IS MISSING.
T  INDICATES TRACE AMOUNT.




$$





U.S. Dept. of Commerce
NOAA National Weather Service
1325 East West Highway
Silver Spring, MD 20910
E-mail: w-nws.webmaster@noaa.gov
Page last modified: May 16, 2007
NATIONAL WEATHER SERVICE: for Safety, for Work, for Fun - FOR LIFE