465
CDUS45 KTFX 250735
CLIDLN


CLIMATE REPORT
NATIONAL WEATHER SERVICE GREAT FALLS MT
1233 AM MST SUN JAN 25 2015


...................................

...THE DILLON AIRPORT MT CLIMATE SUMMARY FOR JANUARY 24 2015...

CLIMATE NORMAL PERIOD 1981 TO 2010
CLIMATE RECORD PERIOD 1929 TO 2015


WEATHER ITEM   OBSERVED TIME   RECORD YEAR NORMAL DEPARTURE LAST
                VALUE   (LST)  VALUE       VALUE  FROM      YEAR
                                                  NORMAL
..................................................................
TEMPERATURE (F)
 YESTERDAY
  MAXIMUM         50    240 PM  53    2005  33     17       48
  MINIMUM         30   1228 AM -33    1949  14     16       17
  AVERAGE         40                        23     17       33

PRECIPITATION (IN)
  YESTERDAY        0.00          0.09 2010   0.01  -0.01     0.00
  MONTH TO DATE    T                         0.22  -0.22     0.02
  SINCE OCT 1      1.16                      1.62  -0.46     0.51
  SINCE JAN 1      T                         0.22  -0.22     0.02

SNOWFALL (IN)
  YESTERDAY       MM
  SNOW DEPTH       0

DEGREE DAYS
 HEATING
  YESTERDAY       25                              -17       32
  MONTH TO DATE  883                             -137      819
  SINCE DEC 1   2074                             -316     2220
  SINCE JUL 1   4048                             -493     4149

 COOLING
  YESTERDAY        0                                0        0
  MONTH TO DATE    0                                0        0
  SINCE DEC 1      0                                0        0
  SINCE JAN 1      0                                0        0
..................................................................


WIND (MPH)
  HIGHEST WIND SPEED    30   HIGHEST WIND DIRECTION    SW (230)
  HIGHEST GUST SPEED    37   HIGHEST GUST DIRECTION    SW (230)
  AVERAGE WIND SPEED    19.2



WEATHER CONDITIONS
 THE FOLLOWING WEATHER WAS RECORDED YESTERDAY.
  NO SIGNIFICANT WEATHER WAS OBSERVED.


RELATIVE HUMIDITY (PERCENT)
 HIGHEST    76
 LOWEST     49
 AVERAGE    63

..........................................................


THE DILLON AIRPORT MT CLIMATE NORMALS FOR TODAY
                         NORMAL    RECORD    YEAR
 MAXIMUM TEMPERATURE (F)   33        54      2014
 MINIMUM TEMPERATURE (F)   14       -31      1957


SUNRISE AND SUNSET
JANUARY 25 2015.......SUNRISE   758 AM MST   SUNSET   527 PM MST
JANUARY 26 2015.......SUNRISE   757 AM MST   SUNSET   529 PM MST


-  INDICATES NEGATIVE NUMBERS.
R  INDICATES RECORD WAS SET OR TIED.
MM INDICATES DATA IS MISSING.
T  INDICATES TRACE AMOUNT.




$$





U.S. Dept. of Commerce
NOAA National Weather Service
1325 East West Highway
Silver Spring, MD 20910
E-mail: w-nws.webmaster@noaa.gov
Page last modified: May 16, 2007
NATIONAL WEATHER SERVICE: for Safety, for Work, for Fun - FOR LIFE