660
CDUS43 KDLH 221245
CLIDLH


CLIMATE REPORT
NATIONAL WEATHER SERVICE DULUTH MN
642 AM CST MON DEC 22 2014


...................................

...THE DULUTH MN CLIMATE SUMMARY FOR DECEMBER 21 2014...

CLIMATE NORMAL PERIOD 1981 TO 2010
CLIMATE RECORD PERIOD 1870 TO 2014


WEATHER ITEM   OBSERVED TIME   RECORD YEAR NORMAL DEPARTURE LAST
                VALUE   (LST)  VALUE       VALUE  FROM      YEAR
                                                  NORMAL
..................................................................
TEMPERATURE (F)
 YESTERDAY
  MAXIMUM         34   1159 PM  47    1894  21     13       20
  MINIMUM         29    612 AM -28    1989   5     24        2
  AVERAGE         32                        13     19       11

PRECIPITATION (IN)
  YESTERDAY        0.01          0.46 1911   0.04  -0.03     0.04
  MONTH TO DATE    0.91                      0.84   0.07     2.55
  SINCE DEC 1      0.91                      0.84   0.07     2.55
  SINCE JAN 1     30.28                     30.59  -0.31    30.15

SNOWFALL (IN)
  YESTERDAY        T             5.8  2010   0.6   -0.6      0.6
  MONTH TO DATE    5.5                      11.5   -6.0     31.0
  SINCE DEC 1      5.5                      11.5   -6.0     31.0
  SINCE JUL 1     22.0                      27.6   -5.6     36.0
  SNOW DEPTH       4

DEGREE DAYS
 HEATING
  YESTERDAY       33                        52    -19       54
  MONTH TO DATE  876                      1025   -149     1236
  SINCE DEC 1    876                      1025   -149     1236
  SINCE JUL 1   3091                      3238   -147     3193

 COOLING
  YESTERDAY        0                         0      0        0
  MONTH TO DATE    0                         0      0        0
  SINCE DEC 1      0                         0      0        0
  SINCE JAN 1    179                       204    -25      375
..................................................................


WIND (MPH)
  HIGHEST WIND SPEED    17   HIGHEST WIND DIRECTION     S (180)
  HIGHEST GUST SPEED    23   HIGHEST GUST DIRECTION     S (190)
  AVERAGE WIND SPEED    10.7


SKY COVER
  AVERAGE SKY COVER 1.0


WEATHER CONDITIONS
 THE FOLLOWING WEATHER WAS RECORDED YESTERDAY.
  LIGHT RAIN
  LT FREEZING RAIN
  LIGHT SNOW
  FOG
  FOG W/VISIBILITY <= 1/4 MILE
  HAZE


RELATIVE HUMIDITY (PERCENT)
 HIGHEST    96          1000 PM
 LOWEST     78          1200 AM
 AVERAGE    87

..........................................................


THE DULUTH MN CLIMATE NORMALS FOR TODAY
                         NORMAL    RECORD    YEAR
 MAXIMUM TEMPERATURE (F)   20        50      1890
 MINIMUM TEMPERATURE (F)    5       -22      1989
                                             1983


SUNRISE AND SUNSET
DECEMBER 22 2014......SUNRISE   751 AM CST   SUNSET   423 PM CST
DECEMBER 23 2014......SUNRISE   751 AM CST   SUNSET   424 PM CST


-  INDICATES NEGATIVE NUMBERS.
R  INDICATES RECORD WAS SET OR TIED.
MM INDICATES DATA IS MISSING.
T  INDICATES TRACE AMOUNT.




$$






U.S. Dept. of Commerce
NOAA National Weather Service
1325 East West Highway
Silver Spring, MD 20910
E-mail: w-nws.webmaster@noaa.gov
Page last modified: May 16, 2007
NATIONAL WEATHER SERVICE: for Safety, for Work, for Fun - FOR LIFE