151
CDUS43 KDLH 240620
CLIDLH


CLIMATE REPORT
NATIONAL WEATHER SERVICE DULUTH MN
120 AM CDT FRI OCT 24 2014


...................................

...THE DULUTH MN CLIMATE SUMMARY FOR OCTOBER 23 2014...

CLIMATE NORMAL PERIOD 1981 TO 2010
CLIMATE RECORD PERIOD 1870 TO 2014


WEATHER ITEM   OBSERVED TIME   RECORD YEAR NORMAL DEPARTURE LAST
                VALUE   (LST)  VALUE       VALUE  FROM      YEAR
                                                  NORMAL
..................................................................
TEMPERATURE (F)
 YESTERDAY
  MAXIMUM         57    403 PM  78    1963  48      9       37
  MINIMUM         47   1156 PM   9    1936  33     14       28
  AVERAGE         52                        40     12       33

PRECIPITATION (IN)
  YESTERDAY        0.05          0.85 1886   0.08  -0.03      T
  MONTH TO DATE    1.65                      2.23  -0.58     3.72
  SINCE SEP 1      3.29                      6.34  -3.05     4.98
  SINCE JAN 1     28.24                     27.04   1.20    26.57

SNOWFALL (IN)
  YESTERDAY        0.0           8.0  1933   0.1   -0.1       T
  MONTH TO DATE    T                         1.2   -1.2      0.2
  SINCE SEP 1      T                         1.3   -1.3      0.2
  SINCE JUL 1      T                         1.3   -1.3      0.2
  SNOW DEPTH       0

DEGREE DAYS
 HEATING
  YESTERDAY       13                        25    -12       32
  MONTH TO DATE  446                       466    -20      383
  SINCE SEP 1    673                       764    -91      551
  SINCE JUL 1    750                       913   -163      625

 COOLING
  YESTERDAY        0                         0      0        0
  MONTH TO DATE    0                         0      0        0
  SINCE SEP 1      9                        14     -5       24
  SINCE JAN 1    179                       204    -25      375
..................................................................


WIND (MPH)
  HIGHEST WIND SPEED    14   HIGHEST WIND DIRECTION     S (180)
  HIGHEST GUST SPEED    19   HIGHEST GUST DIRECTION     S (190)
  AVERAGE WIND SPEED     7.9


SKY COVER
  AVERAGE SKY COVER 0.6


WEATHER CONDITIONS
 THE FOLLOWING WEATHER WAS RECORDED YESTERDAY.
  LIGHT RAIN
  FOG
  FOG W/VISIBILITY <= 1/4 MILE


RELATIVE HUMIDITY (PERCENT)
 HIGHEST    93           800 AM
 LOWEST     54          1200 AM
 AVERAGE    74

..........................................................


THE DULUTH MN CLIMATE NORMALS FOR TODAY
                         NORMAL    RECORD    YEAR
 MAXIMUM TEMPERATURE (F)   48        71      1998
 MINIMUM TEMPERATURE (F)   32        12      1887


SUNRISE AND SUNSET
OCTOBER 24 2014.......SUNRISE   739 AM CDT   SUNSET   606 PM CDT
OCTOBER 25 2014.......SUNRISE   741 AM CDT   SUNSET   604 PM CDT


-  INDICATES NEGATIVE NUMBERS.
R  INDICATES RECORD WAS SET OR TIED.
MM INDICATES DATA IS MISSING.
T  INDICATES TRACE AMOUNT.




$$






U.S. Dept. of Commerce
NOAA National Weather Service
1325 East West Highway
Silver Spring, MD 20910
E-mail: w-nws.webmaster@noaa.gov
Page last modified: May 16, 2007
NATIONAL WEATHER SERVICE: for Safety, for Work, for Fun - FOR LIFE