980
CDUS43 KDLH 230620
CLIDLH


CLIMATE REPORT
NATIONAL WEATHER SERVICE DULUTH MN
120 AM CDT THU OCT 23 2014


...................................

...THE DULUTH MN CLIMATE SUMMARY FOR OCTOBER 22 2014...

CLIMATE NORMAL PERIOD 1981 TO 2010
CLIMATE RECORD PERIOD 1870 TO 2014


WEATHER ITEM   OBSERVED TIME   RECORD YEAR NORMAL DEPARTURE LAST
                VALUE   (LST)  VALUE       VALUE  FROM      YEAR
                                                  NORMAL
..................................................................
TEMPERATURE (F)
 YESTERDAY
  MAXIMUM         57    210 PM  76    1901  49      8       36
  MINIMUM         39    708 AM   9    1936  33      6       25
  AVERAGE         48                        41      7       31

PRECIPITATION (IN)
  YESTERDAY        0.00          0.71 1951   0.07  -0.07      T
  MONTH TO DATE    1.60                      2.15  -0.55     3.72
  SINCE SEP 1      3.24                      6.26  -3.02     4.98
  SINCE JAN 1     28.19                     26.96   1.23    26.57

SNOWFALL (IN)
  YESTERDAY        0.0           2.5  1917   0.1   -0.1       T
  MONTH TO DATE    T                         1.1   -1.1      0.2
  SINCE SEP 1      T                         1.2   -1.2      0.2
  SINCE JUL 1      T                         1.2   -1.2      0.2
  SNOW DEPTH       0

DEGREE DAYS
 HEATING
  YESTERDAY       17                        24     -7       34
  MONTH TO DATE  433                       441     -8      351
  SINCE SEP 1    660                       739    -79      519
  SINCE JUL 1    737                       888   -151      593

 COOLING
  YESTERDAY        0                         0      0        0
  MONTH TO DATE    0                         0      0        0
  SINCE SEP 1      9                        14     -5       24
  SINCE JAN 1    179                       204    -25      375
..................................................................


WIND (MPH)
  HIGHEST WIND SPEED    20   HIGHEST WIND DIRECTION    SE (150)
  HIGHEST GUST SPEED    26   HIGHEST GUST DIRECTION     S (170)
  AVERAGE WIND SPEED    11.0


SKY COVER
  AVERAGE SKY COVER 0.2


WEATHER CONDITIONS
 THE FOLLOWING WEATHER WAS RECORDED YESTERDAY.
  NO SIGNIFICANT WEATHER WAS OBSERVED.


RELATIVE HUMIDITY (PERCENT)
 HIGHEST    85          1200 AM
 LOWEST     50           900 PM
 AVERAGE    68

..........................................................


THE DULUTH MN CLIMATE NORMALS FOR TODAY
                         NORMAL    RECORD    YEAR
 MAXIMUM TEMPERATURE (F)   48        78      1963
 MINIMUM TEMPERATURE (F)   33         9      1936


SUNRISE AND SUNSET
OCTOBER 23 2014.......SUNRISE   738 AM CDT   SUNSET   607 PM CDT
OCTOBER 24 2014.......SUNRISE   739 AM CDT   SUNSET   605 PM CDT


-  INDICATES NEGATIVE NUMBERS.
R  INDICATES RECORD WAS SET OR TIED.
MM INDICATES DATA IS MISSING.
T  INDICATES TRACE AMOUNT.




$$






U.S. Dept. of Commerce
NOAA National Weather Service
1325 East West Highway
Silver Spring, MD 20910
E-mail: w-nws.webmaster@noaa.gov
Page last modified: May 16, 2007
NATIONAL WEATHER SERVICE: for Safety, for Work, for Fun - FOR LIFE