628
CDUS43 KDLH 220625
CLIDLH


CLIMATE REPORT
NATIONAL WEATHER SERVICE DULUTH MN
1222 AM CST SAT NOV 22 2014


...................................

...THE DULUTH MN CLIMATE SUMMARY FOR NOVEMBER 21 2014...

CLIMATE NORMAL PERIOD 1981 TO 2010
CLIMATE RECORD PERIOD 1870 TO 2014


WEATHER ITEM   OBSERVED TIME   RECORD YEAR NORMAL DEPARTURE LAST
                VALUE   (LST)  VALUE       VALUE  FROM      YEAR
                                                  NORMAL
..................................................................
TEMPERATURE (F)
 YESTERDAY
  MAXIMUM         28   1159 PM  64    1990  32     -4       36
  MINIMUM         -4   1221 AM -13    1880  19    -23       20
  AVERAGE         12                        26    -14       28

PRECIPITATION (IN)
  YESTERDAY        0.00          0.59 1876   0.07  -0.07      T
  MONTH TO DATE    0.79                      1.55  -0.76     0.69
  SINCE SEP 1      4.23                      8.51  -4.28     5.88
  SINCE JAN 1     29.18                     29.21  -0.03    27.47

SNOWFALL (IN)
  YESTERDAY        0.0           5.8  1947   0.6   -0.6       T
  MONTH TO DATE   12.3                       8.6    3.7      1.3
  SINCE SEP 1     12.4                      11.0    1.4      1.6
  SINCE JUL 1     12.4                      11.0    1.4      1.6
  SNOW DEPTH       6

DEGREE DAYS
 HEATING
  YESTERDAY       53                        39     14       37
  MONTH TO DATE  872                       711    161      676
  SINCE SEP 1   1721                      1687     34     1454
  SINCE JUL 1   1798                      1836    -38     1528

 COOLING
  YESTERDAY        0                         0      0        0
  MONTH TO DATE    0                         0      0        0
  SINCE SEP 1      9                        14     -5       24
  SINCE JAN 1    179                       204    -25      375
..................................................................


WIND (MPH)
  HIGHEST WIND SPEED    28   HIGHEST WIND DIRECTION    SW (220)
  HIGHEST GUST SPEED    35   HIGHEST GUST DIRECTION    SW (220)
  AVERAGE WIND SPEED    14.5


SKY COVER
  AVERAGE SKY COVER 0.3


WEATHER CONDITIONS
 THE FOLLOWING WEATHER WAS RECORDED YESTERDAY.
  HAZE


RELATIVE HUMIDITY (PERCENT)
 HIGHEST    76           300 AM
 LOWEST     58           200 PM
 AVERAGE    67

..........................................................


THE DULUTH MN CLIMATE NORMALS FOR TODAY
                         NORMAL    RECORD    YEAR
 MAXIMUM TEMPERATURE (F)   32        52      2012
                                             2006
                                             1966
 MINIMUM TEMPERATURE (F)   18        -9      1880


SUNRISE AND SUNSET
NOVEMBER 22 2014......SUNRISE   721 AM CST   SUNSET   428 PM CST
NOVEMBER 23 2014......SUNRISE   722 AM CST   SUNSET   427 PM CST


-  INDICATES NEGATIVE NUMBERS.
R  INDICATES RECORD WAS SET OR TIED.
MM INDICATES DATA IS MISSING.
T  INDICATES TRACE AMOUNT.




$$






U.S. Dept. of Commerce
NOAA National Weather Service
1325 East West Highway
Silver Spring, MD 20910
E-mail: w-nws.webmaster@noaa.gov
Page last modified: May 16, 2007
NATIONAL WEATHER SERVICE: for Safety, for Work, for Fun - FOR LIFE