027
CDUS43 KBIS 290725
CLIDIK


CLIMATE REPORT
NATIONAL WEATHER SERVICE BISMARCK ND
224 AM CDT TUE JUL 29 2014


...................................

...THE DICKINSON ND CLIMATE SUMMARY FOR JULY 28 2014...

CLIMATE NORMAL PERIOD 1981 TO 2010
CLIMATE RECORD PERIOD 1903 TO 2014


WEATHER ITEM   OBSERVED TIME   RECORD YEAR NORMAL DEPARTURE LAST
                VALUE   (LST)  VALUE       VALUE  FROM      YEAR
                                                  NORMAL
..................................................................
TEMPERATURE (F)
 YESTERDAY
  MAXIMUM         79    309 PM 106    1935  85     -6       78
  MINIMUM         48    414 AM  33    1942  56     -8       48
  AVERAGE         64                        71     -7       63

PRECIPITATION (IN)
  YESTERDAY        0.00          0.75 1972   0.06  -0.06     0.00
  MONTH TO DATE    1.11                      2.26  -1.15     1.93
  SINCE JUN 1      4.94                      5.46  -0.52     4.25
  SINCE JAN 1     12.98                     10.57   2.41    13.18

DEGREE DAYS
 HEATING
  YESTERDAY        1                         1      0        2
  MONTH TO DATE   49                        34     15       29
  SINCE JUN 1    214                       171     43      153
  SINCE JUL 1     49                        34     15       29

 COOLING
  YESTERDAY        0                         6     -6        0
  MONTH TO DATE   83                       144    -61      107
  SINCE JUN 1     95                       198   -103      133
  SINCE JAN 1    125                       208    -83      142
..................................................................


WIND (MPH)
  HIGHEST WIND SPEED    14   HIGHEST WIND DIRECTION     S (200)
  HIGHEST GUST SPEED    16   HIGHEST GUST DIRECTION     S (200)
  AVERAGE WIND SPEED     7.2


SKY COVER
  POSSIBLE SUNSHINE  MM
  AVERAGE SKY COVER 0.1


WEATHER CONDITIONS
 THE FOLLOWING WEATHER WAS RECORDED YESTERDAY.
  NO SIGNIFICANT WEATHER WAS OBSERVED.


RELATIVE HUMIDITY (PERCENT)
 HIGHEST    93           100 AM
 LOWEST     39           200 PM
 AVERAGE    66

..........................................................


THE DICKINSON ND CLIMATE NORMALS FOR TODAY
                         NORMAL    RECORD    YEAR
 MAXIMUM TEMPERATURE (F)   86       103      1999
 MINIMUM TEMPERATURE (F)   56        42      1971


SUNRISE AND SUNSET
JULY 29 2014..........SUNRISE   528 AM MDT   SUNSET   827 PM MDT
JULY 30 2014..........SUNRISE   529 AM MDT   SUNSET   826 PM MDT


-  INDICATES NEGATIVE NUMBERS.
R  INDICATES RECORD WAS SET OR TIED.
MM INDICATES DATA IS MISSING.
T  INDICATES TRACE AMOUNT.




$$





U.S. Dept. of Commerce
NOAA National Weather Service
1325 East West Highway
Silver Spring, MD 20910
E-mail: w-nws.webmaster@noaa.gov
Page last modified: May 16, 2007
NATIONAL WEATHER SERVICE: for Safety, for Work, for Fun - FOR LIFE