178
CDUS43 KBIS 220726
CLIDIK


CLIMATE REPORT
NATIONAL WEATHER SERVICE BISMARCK ND
126 AM CST MON DEC 22 2014


...................................

...THE DICKINSON ND CLIMATE SUMMARY FOR DECEMBER 21 2014...

CLIMATE NORMAL PERIOD 1981 TO 2010
CLIMATE RECORD PERIOD 1903 TO 2014


WEATHER ITEM   OBSERVED TIME   RECORD YEAR NORMAL DEPARTURE LAST
                VALUE   (LST)  VALUE       VALUE  FROM      YEAR
                                                  NORMAL
..................................................................
TEMPERATURE (F)
 YESTERDAY
  MAXIMUM         43    222 PM  52    1991  27     16        1
  MINIMUM         22    704 AM -33    1989   6     16      -13
  AVERAGE         33                        16     17       -6

PRECIPITATION (IN)
  YESTERDAY        0.05          0.09 2009   0.01   0.04     0.01
  MONTH TO DATE    0.05                      0.15  -0.10     0.26
  SINCE DEC 1      0.05                      0.15  -0.10     0.26
  SINCE JAN 1     21.84                     15.68   6.16    23.10

DEGREE DAYS
 HEATING
  YESTERDAY       32                        48    -16       71
  MONTH TO DATE  746                       969   -223     1202
  SINCE DEC 1    746                       969   -223     1202
  SINCE JUL 1   2952                      3046    -94     3146

 COOLING
  YESTERDAY        0                         0      0        0
  MONTH TO DATE    0                         0      0        0
  SINCE DEC 1      0                         0      0        0
  SINCE JAN 1    256                       419   -163      386
..................................................................


WIND (MPH)
  HIGHEST WIND SPEED    16   HIGHEST WIND DIRECTION     W (290)
  HIGHEST GUST SPEED    21   HIGHEST GUST DIRECTION     W (280)
  AVERAGE WIND SPEED     9.3


SKY COVER
  POSSIBLE SUNSHINE  MM
  AVERAGE SKY COVER 0.6


WEATHER CONDITIONS
 THE FOLLOWING WEATHER WAS RECORDED YESTERDAY.
  LIGHT RAIN
  FOG


RELATIVE HUMIDITY (PERCENT)
 HIGHEST    92           700 PM
 LOWEST     57           200 PM
 AVERAGE    75

..........................................................


THE DICKINSON ND CLIMATE NORMALS FOR TODAY
                         NORMAL    RECORD    YEAR
 MAXIMUM TEMPERATURE (F)   27        55      1954
 MINIMUM TEMPERATURE (F)    6       -34      1989


SUNRISE AND SUNSET
DECEMBER 22 2014......SUNRISE   734 AM MST   SUNSET   406 PM MST
DECEMBER 23 2014......SUNRISE   734 AM MST   SUNSET   407 PM MST


-  INDICATES NEGATIVE NUMBERS.
R  INDICATES RECORD WAS SET OR TIED.
MM INDICATES DATA IS MISSING.
T  INDICATES TRACE AMOUNT.




$$





U.S. Dept. of Commerce
NOAA National Weather Service
1325 East West Highway
Silver Spring, MD 20910
E-mail: w-nws.webmaster@noaa.gov
Page last modified: May 16, 2007
NATIONAL WEATHER SERVICE: for Safety, for Work, for Fun - FOR LIFE