786
CDUS43 KBIS 190726
CLIDIK


CLIMATE REPORT
NATIONAL WEATHER SERVICE BISMARCK ND
225 AM CDT SAT APR 19 2014


...................................

...THE DICKINSON ND CLIMATE SUMMARY FOR APRIL 18 2014...

CLIMATE NORMAL PERIOD 1981 TO 2010
CLIMATE RECORD PERIOD 1903 TO 2014


WEATHER ITEM   OBSERVED TIME   RECORD YEAR NORMAL DEPARTURE LAST
                VALUE   (LST)  VALUE       VALUE  FROM      YEAR
                                                  NORMAL
..................................................................
TEMPERATURE (F)
 YESTERDAY
  MAXIMUM         64    354 PM  89    1987  57      7       32
  MINIMUM         30    523 AM  11    2013  30      0       11
  AVERAGE         47                        43      4       22

PRECIPITATION (IN)
  YESTERDAY        T             0.98 2006   0.05  -0.05     0.00
  MONTH TO DATE    0.04                      0.77  -0.73     0.56
  SINCE MAR 1      0.54                      1.46  -0.92     0.91
  SINCE JAN 1      0.71                      2.09  -1.38     0.99

DEGREE DAYS
 HEATING
  YESTERDAY       18                        22     -4       43
  MONTH TO DATE  556                       451    105      610
  SINCE MAR 1   1752                      1537    215     1816
  SINCE JUL 1   8394                      7831    563     7794

 COOLING
  YESTERDAY        0                         0      0        0
  MONTH TO DATE    0                         0      0        0
  SINCE MAR 1      0                         0      0        0
  SINCE JAN 1      0                         0      0        0
..................................................................


WIND (MPH)
  HIGHEST WIND SPEED    38   HIGHEST WIND DIRECTION    NW (300)
  HIGHEST GUST SPEED    47   HIGHEST GUST DIRECTION    NW (300)
  AVERAGE WIND SPEED    18.6


SKY COVER
  POSSIBLE SUNSHINE  MM
  AVERAGE SKY COVER 0.3


WEATHER CONDITIONS
 THE FOLLOWING WEATHER WAS RECORDED YESTERDAY.
  LIGHT RAIN


RELATIVE HUMIDITY (PERCENT)
 HIGHEST    89          1000 PM
 LOWEST     36           300 PM
 AVERAGE    63

..........................................................


THE DICKINSON ND CLIMATE NORMALS FOR TODAY
                         NORMAL    RECORD    YEAR
 MAXIMUM TEMPERATURE (F)   57        88      1926
 MINIMUM TEMPERATURE (F)   30         9      2002


SUNRISE AND SUNSET
APRIL 19 2014.........SUNRISE   556 AM MDT   SUNSET   745 PM MDT
APRIL 20 2014.........SUNRISE   555 AM MDT   SUNSET   746 PM MDT


-  INDICATES NEGATIVE NUMBERS.
R  INDICATES RECORD WAS SET OR TIED.
MM INDICATES DATA IS MISSING.
T  INDICATES TRACE AMOUNT.




$$





U.S. Dept. of Commerce
NOAA National Weather Service
1325 East West Highway
Silver Spring, MD 20910
E-mail: w-nws.webmaster@noaa.gov
Page last modified: May 16, 2007
NATIONAL WEATHER SERVICE: for Safety, for Work, for Fun - FOR LIFE