546
CDUS43 KBIS 240724
CLIDIK


CLIMATE REPORT
NATIONAL WEATHER SERVICE BISMARCK ND
224 AM CDT THU JUL 24 2014


...................................

...THE DICKINSON ND CLIMATE SUMMARY FOR JULY 23 2014...

CLIMATE NORMAL PERIOD 1981 TO 2010
CLIMATE RECORD PERIOD 1903 TO 2014


WEATHER ITEM   OBSERVED TIME   RECORD YEAR NORMAL DEPARTURE LAST
                VALUE   (LST)  VALUE       VALUE  FROM      YEAR
                                                  NORMAL
..................................................................
TEMPERATURE (F)
 YESTERDAY
  MAXIMUM         84    238 PM 108    1936  85     -1       79
  MINIMUM         59    441 AM  42    1933  56      3       54
  AVERAGE         72                        70      2       67

PRECIPITATION (IN)
  YESTERDAY        0.00          1.11 1970   0.07  -0.07     0.00
  MONTH TO DATE    0.95                      1.95  -1.00     1.93
  SINCE JUN 1      4.78                      5.15  -0.37     4.25
  SINCE JAN 1     12.82                     10.26   2.56    13.18

DEGREE DAYS
 HEATING
  YESTERDAY        0                         1     -1        0
  MONTH TO DATE   44                        29     15        7
  SINCE JUN 1    209                       166     43      131
  SINCE JUL 1     44                        29     15        7

 COOLING
  YESTERDAY        7                         6      1        2
  MONTH TO DATE   73                       114    -41      104
  SINCE JUN 1     85                       168    -83      130
  SINCE JAN 1    115                       178    -63      139
..................................................................


WIND (MPH)
  HIGHEST WIND SPEED    24   HIGHEST WIND DIRECTION    SE (150)
  HIGHEST GUST SPEED    28   HIGHEST GUST DIRECTION    SE (140)
  AVERAGE WIND SPEED    13.8


SKY COVER
  POSSIBLE SUNSHINE  MM
  AVERAGE SKY COVER 0.1


WEATHER CONDITIONS
 THE FOLLOWING WEATHER WAS RECORDED YESTERDAY.
  FOG


RELATIVE HUMIDITY (PERCENT)
 HIGHEST    97           300 AM
 LOWEST     51           200 PM
 AVERAGE    74

..........................................................


THE DICKINSON ND CLIMATE NORMALS FOR TODAY
                         NORMAL    RECORD    YEAR
 MAXIMUM TEMPERATURE (F)   85       107      1931
 MINIMUM TEMPERATURE (F)   56        42      1911


SUNRISE AND SUNSET
JULY 24 2014..........SUNRISE   522 AM MDT   SUNSET   833 PM MDT
JULY 25 2014..........SUNRISE   523 AM MDT   SUNSET   832 PM MDT


-  INDICATES NEGATIVE NUMBERS.
R  INDICATES RECORD WAS SET OR TIED.
MM INDICATES DATA IS MISSING.
T  INDICATES TRACE AMOUNT.




$$





U.S. Dept. of Commerce
NOAA National Weather Service
1325 East West Highway
Silver Spring, MD 20910
E-mail: w-nws.webmaster@noaa.gov
Page last modified: May 16, 2007
NATIONAL WEATHER SERVICE: for Safety, for Work, for Fun - FOR LIFE