388
CDUS43 KBIS 240727
CLIDIK


CLIMATE REPORT
NATIONAL WEATHER SERVICE BISMARCK ND
227 AM CDT THU APR 24 2014


...................................

...THE DICKINSON ND CLIMATE SUMMARY FOR APRIL 23 2014...

CLIMATE NORMAL PERIOD 1981 TO 2010
CLIMATE RECORD PERIOD 1903 TO 2014


WEATHER ITEM   OBSERVED TIME   RECORD YEAR NORMAL DEPARTURE LAST
                VALUE   (LST)  VALUE       VALUE  FROM      YEAR
                                                  NORMAL
..................................................................
TEMPERATURE (F)
 YESTERDAY
  MAXIMUM         60   1225 PM  87    2012  59      1       45
  MINIMUM         33   1023 PM  13    1931  32      1       17
  AVERAGE         47                        45      2       31

PRECIPITATION (IN)
  YESTERDAY        T             1.02 1961   0.05  -0.05     0.00
  MONTH TO DATE    0.04                      1.02  -0.98     0.59
  SINCE MAR 1      0.54                      1.71  -1.17     0.94
  SINCE JAN 1      0.71                      2.34  -1.63     1.02

DEGREE DAYS
 HEATING
  YESTERDAY       18                        20     -2       34
  MONTH TO DATE  631                       553     78      789
  SINCE MAR 1   1827                      1639    188     1995
  SINCE JUL 1   8469                      7933    536     7973

 COOLING
  YESTERDAY        0                         0      0        0
  MONTH TO DATE    0                         0      0        0
  SINCE MAR 1      0                         0      0        0
  SINCE JAN 1      0                         0      0        0
..................................................................


WIND (MPH)
  HIGHEST WIND SPEED    36   HIGHEST WIND DIRECTION     W (280)
  HIGHEST GUST SPEED    43   HIGHEST GUST DIRECTION     W (270)
  AVERAGE WIND SPEED    19.8


SKY COVER
  POSSIBLE SUNSHINE  MM
  AVERAGE SKY COVER 0.2


WEATHER CONDITIONS
 THE FOLLOWING WEATHER WAS RECORDED YESTERDAY.
  LIGHT RAIN


RELATIVE HUMIDITY (PERCENT)
 HIGHEST    66           200 PM
 LOWEST     32           500 PM
 AVERAGE    49

..........................................................


THE DICKINSON ND CLIMATE NORMALS FOR TODAY
                         NORMAL    RECORD    YEAR
 MAXIMUM TEMPERATURE (F)   59        90      2012
 MINIMUM TEMPERATURE (F)   32        18      1931


SUNRISE AND SUNSET
APRIL 24 2014.........SUNRISE   548 AM MDT   SUNSET   752 PM MDT
APRIL 25 2014.........SUNRISE   546 AM MDT   SUNSET   753 PM MDT


-  INDICATES NEGATIVE NUMBERS.
R  INDICATES RECORD WAS SET OR TIED.
MM INDICATES DATA IS MISSING.
T  INDICATES TRACE AMOUNT.




$$





U.S. Dept. of Commerce
NOAA National Weather Service
1325 East West Highway
Silver Spring, MD 20910
E-mail: w-nws.webmaster@noaa.gov
Page last modified: May 16, 2007
NATIONAL WEATHER SERVICE: for Safety, for Work, for Fun - FOR LIFE