687
CDUS44 KAMA 190640
CLIDHT


CLIMATE REPORT
NATIONAL WEATHER SERVICE AMARILLO TX
139 AM CDT SAT APR 19 2014


...................................

...THE DALHART CLIMATE SUMMARY FOR APRIL 18 2014...

CLIMATE NORMAL PERIOD 1981 TO 2010
CLIMATE RECORD PERIOD 1894 TO 2014


WEATHER ITEM   OBSERVED TIME   RECORD YEAR NORMAL DEPARTURE LAST
                VALUE   (LST)  VALUE       VALUE  FROM      YEAR
                                                  NORMAL
..................................................................
TEMPERATURE (F)
 YESTERDAY
  MAXIMUM         77    417 PM  91    2011  70      7       44
                                      1994
  MINIMUM         30    609 AM  21    1953  38     -8       25
  AVERAGE         54                        54      0       35

PRECIPITATION (IN)
  YESTERDAY        0.00          0.79 1988   0.03  -0.03      T
  MONTH TO DATE    0.11                      0.58  -0.47      T
  SINCE MAR 1      0.20                      1.75  -1.55     0.06
  SINCE JAN 1      0.29                      2.67  -2.38     0.86

SNOWFALL (IN)
  YESTERDAY        0.0           T    2013   0.1   -0.1       T
  MONTH TO DATE    1.0                       1.0    0.0       T
  SINCE MAR 1      2.1                       5.2   -3.1      3.3
  SINCE JUL 1     17.4                      18.7   -1.3     21.6
  SNOW DEPTH       0

DEGREE DAYS
 HEATING
  YESTERDAY       11                        11      0       30
  MONTH TO DATE  246                       239      7      289
  SINCE MAR 1    835                       850    -15      822
  SINCE JUL 1   4429                      4493    -64     4147

 COOLING
  YESTERDAY        0                         0      0        0
  MONTH TO DATE    2                         0      2        1
  SINCE MAR 1      2                         0      2        1
  SINCE JAN 1      2                         0      2        1
..................................................................


WIND (MPH)
  RESULTANT WIND SPEED  15   RESULTANT WIND DIRECTION   S (190)
  HIGHEST WIND SPEED    29   HIGHEST WIND DIRECTION     S (180)
  HIGHEST GUST SPEED    37   HIGHEST GUST DIRECTION     S (190)
  AVERAGE WIND SPEED    15.8


SKY COVER
  AVERAGE SKY COVER 0.0


WEATHER CONDITIONS
 THE FOLLOWING WEATHER WAS RECORDED YESTERDAY.
  FOG
  HAZE


RELATIVE HUMIDITY (PERCENT)
 HIGHEST    92           400 AM
 LOWEST     27           400 PM
 AVERAGE    60

..........................................................


THE DALHART CLIMATE NORMALS FOR TODAY
                         NORMAL    RECORD    YEAR
 MAXIMUM TEMPERATURE (F)   70        90      2001
 MINIMUM TEMPERATURE (F)   39        23      2013
                                             1953


SUNRISE AND SUNSET
APRIL 19 2014.........SUNRISE   712 AM CDT   SUNSET   827 PM CDT
APRIL 20 2014.........SUNRISE   711 AM CDT   SUNSET   828 PM CDT


-  INDICATES NEGATIVE NUMBERS.
R  INDICATES RECORD WAS SET OR TIED.
MM INDICATES DATA IS MISSING.
T  INDICATES TRACE AMOUNT.




$$





U.S. Dept. of Commerce
NOAA National Weather Service
1325 East West Highway
Silver Spring, MD 20910
E-mail: w-nws.webmaster@noaa.gov
Page last modified: May 16, 2007
NATIONAL WEATHER SERVICE: for Safety, for Work, for Fun - FOR LIFE