560
CDUS44 KAMA 240646
CLIDHT


CLIMATE REPORT
NATIONAL WEATHER SERVICE AMARILLO TX
146 AM CDT FRI OCT 24 2014


...................................

...THE DALHART CLIMATE SUMMARY FOR OCTOBER 23 2014...

CLIMATE NORMAL PERIOD 1981 TO 2010
CLIMATE RECORD PERIOD 1894 TO 2014


WEATHER ITEM   OBSERVED TIME   RECORD YEAR NORMAL DEPARTURE LAST
                VALUE   (LST)  VALUE       VALUE  FROM      YEAR
                                                  NORMAL
..................................................................
TEMPERATURE (F)
 YESTERDAY
  MAXIMUM         79    425 PM  90    2012  69     10       79
  MINIMUM         49    738 AM  26    2006  38     11       33
  AVERAGE         64                        53     11       56

PRECIPITATION (IN)
  YESTERDAY        0.00          3.49 2000   0.05  -0.05     0.00
  MONTH TO DATE    1.01                      1.12  -0.11      T
  SINCE SEP 1      2.56                      2.77  -0.21     1.64
  SINCE JAN 1     11.20                     16.12  -4.92     6.66

SNOWFALL (IN)
  YESTERDAY        0.0           0.0    MM   0.0    0.0      0.0
  MONTH TO DATE    0.0                       0.3   -0.3       T
  SINCE SEP 1      0.0                       0.3   -0.3       T
  SINCE JUL 1      0.0                       0.3   -0.3       T
  SNOW DEPTH       0

DEGREE DAYS
 HEATING
  YESTERDAY        1                        12    -11        9
  MONTH TO DATE  109                       191    -82      202
  SINCE SEP 1    130                       251   -121      216
  SINCE JUL 1    130                       254   -124      216

 COOLING
  YESTERDAY        0                         0      0        0
  MONTH TO DATE   13                         8      5       13
  SINCE SEP 1    190                       140     50      223
  SINCE JAN 1   1405                      1136    269     1576
..................................................................


WIND (MPH)
  RESULTANT WIND SPEED   2   RESULTANT WIND DIRECTION   S (170)
  HIGHEST WIND SPEED    10   HIGHEST WIND DIRECTION     S (190)
  HIGHEST GUST SPEED    13   HIGHEST GUST DIRECTION     S (180)
  AVERAGE WIND SPEED     4.5


SKY COVER
  AVERAGE SKY COVER 0.2


WEATHER CONDITIONS
 THE FOLLOWING WEATHER WAS RECORDED YESTERDAY.
  FOG
  FOG W/VISIBILITY <= 1/4 MILE


RELATIVE HUMIDITY (PERCENT)
 HIGHEST   100           400 AM
 LOWEST     31           500 PM
 AVERAGE    66

..........................................................


THE DALHART CLIMATE NORMALS FOR TODAY
                         NORMAL    RECORD    YEAR
 MAXIMUM TEMPERATURE (F)   69        85      2012
 MINIMUM TEMPERATURE (F)   38        23      1980


SUNRISE AND SUNSET
OCTOBER 24 2014.......SUNRISE   805 AM CDT   SUNSET   703 PM CDT
OCTOBER 25 2014.......SUNRISE   806 AM CDT   SUNSET   702 PM CDT


-  INDICATES NEGATIVE NUMBERS.
R  INDICATES RECORD WAS SET OR TIED.
MM INDICATES DATA IS MISSING.
T  INDICATES TRACE AMOUNT.




$$





U.S. Dept. of Commerce
NOAA National Weather Service
1325 East West Highway
Silver Spring, MD 20910
E-mail: w-nws.webmaster@noaa.gov
Page last modified: May 16, 2007
NATIONAL WEATHER SERVICE: for Safety, for Work, for Fun - FOR LIFE