787
CDUS44 KAMA 240628
CLIDHT


CLIMATE REPORT
NATIONAL WEATHER SERVICE AMARILLO TX
126 AM CDT THU APR 24 2014


...................................

...THE DALHART CLIMATE SUMMARY FOR APRIL 23 2014...

CLIMATE NORMAL PERIOD 1981 TO 2010
CLIMATE RECORD PERIOD 1894 TO 2014


WEATHER ITEM   OBSERVED TIME   RECORD YEAR NORMAL DEPARTURE LAST
                VALUE   (LST)  VALUE       VALUE  FROM      YEAR
                                                  NORMAL
..................................................................
TEMPERATURE (F)
 YESTERDAY
  MAXIMUM         87    435 PM  92    2006  72     15       36
  MINIMUM         60    604 AM  25    2013  40     20       25
  AVERAGE         74                        56     18       31

PRECIPITATION (IN)
  YESTERDAY        0.00          1.25 2003   0.04  -0.04     0.00
  MONTH TO DATE    0.11                      0.77  -0.66      T
  SINCE MAR 1      0.20                      1.94  -1.74     0.06
  SINCE JAN 1      0.29                      2.86  -2.57     0.86

SNOWFALL (IN)
  YESTERDAY        0.0           0.0    MM   0.0    0.0      0.0
  MONTH TO DATE    1.0                       1.1   -0.1       T
  SINCE MAR 1      2.1                       5.3   -3.2      3.3
  SINCE JUL 1     17.4                      18.8   -1.4     21.6
  SNOW DEPTH       0

DEGREE DAYS
 HEATING
  YESTERDAY        0                         9     -9       34
  MONTH TO DATE  256                       289    -33      373
  SINCE MAR 1    845                       900    -55      906
  SINCE JUL 1   4439                      4543   -104     4231

 COOLING
  YESTERDAY        9                         0      9        0
  MONTH TO DATE   12                         0     12        1
  SINCE MAR 1     12                         0     12        1
  SINCE JAN 1     12                         0     12        1
..................................................................


WIND (MPH)
  RESULTANT WIND SPEED  18   RESULTANT WIND DIRECTION  SW (210)
  HIGHEST WIND SPEED    35   HIGHEST WIND DIRECTION    SW (210)
  HIGHEST GUST SPEED    45   HIGHEST GUST DIRECTION     S (190)
  AVERAGE WIND SPEED    21.5


SKY COVER
  AVERAGE SKY COVER 0.0


WEATHER CONDITIONS
 THE FOLLOWING WEATHER WAS RECORDED YESTERDAY.
  HAZE


RELATIVE HUMIDITY (PERCENT)
 HIGHEST    49           600 AM
 LOWEST      7           500 PM
 AVERAGE    28

..........................................................


THE DALHART CLIMATE NORMALS FOR TODAY
                         NORMAL    RECORD    YEAR
 MAXIMUM TEMPERATURE (F)   72        94      2012
 MINIMUM TEMPERATURE (F)   41        17      2013


SUNRISE AND SUNSET
APRIL 24 2014.........SUNRISE   706 AM CDT   SUNSET   832 PM CDT
APRIL 25 2014.........SUNRISE   704 AM CDT   SUNSET   832 PM CDT


-  INDICATES NEGATIVE NUMBERS.
R  INDICATES RECORD WAS SET OR TIED.
MM INDICATES DATA IS MISSING.
T  INDICATES TRACE AMOUNT.




$$






U.S. Dept. of Commerce
NOAA National Weather Service
1325 East West Highway
Silver Spring, MD 20910
E-mail: w-nws.webmaster@noaa.gov
Page last modified: May 16, 2007
NATIONAL WEATHER SERVICE: for Safety, for Work, for Fun - FOR LIFE