067
CDUS44 KAMA 220734
CLIDHT


CLIMATE REPORT
NATIONAL WEATHER SERVICE AMARILLO TX
134 AM CST MON DEC 22 2014


...................................

...THE DALHART CLIMATE SUMMARY FOR DECEMBER 21 2014...

CLIMATE NORMAL PERIOD 1981 TO 2010
CLIMATE RECORD PERIOD 1894 TO 2014


WEATHER ITEM   OBSERVED TIME   RECORD YEAR NORMAL DEPARTURE LAST
                VALUE   (LST)  VALUE       VALUE  FROM      YEAR
                                                  NORMAL
..................................................................
TEMPERATURE (F)
 YESTERDAY
  MAXIMUM         61    256 PM  70    1981  48     13       31
  MINIMUM         20    716 AM  -6    1990  19      1       12
  AVERAGE         41                        34      7       22

PRECIPITATION (IN)
  YESTERDAY        0.00          0.47 1991   0.01  -0.01     0.21
  MONTH TO DATE    0.17                      0.37  -0.20     0.21
  SINCE DEC 1      0.17                      0.37  -0.20     0.21
  SINCE JAN 1     11.52                     17.42  -5.90     7.84

SNOWFALL (IN)
  YESTERDAY        0.0           6.0  2013   0.1   -0.1      6.0
  MONTH TO DATE    0.0                       2.9   -2.9      6.5
  SINCE DEC 1      0.0                       2.9   -2.9      6.5
  SINCE JUL 1      1.5                       4.8   -3.3      9.5
  SNOW DEPTH       0

DEGREE DAYS
 HEATING
  YESTERDAY       24                        31     -7       43
  MONTH TO DATE  497                       633   -136      654
  SINCE DEC 1    497                       633   -136      654
  SINCE JUL 1   1350                      1628   -278     1600

 COOLING
  YESTERDAY        0                         0      0        0
  MONTH TO DATE    0                         0      0        0
  SINCE DEC 1      0                         0      0        0
  SINCE JAN 1   1411                      1138    273     1576
..................................................................


WIND (MPH)
  RESULTANT WIND SPEED   5   RESULTANT WIND DIRECTION  SW (240)
  HIGHEST WIND SPEED    17   HIGHEST WIND DIRECTION    SW (220)
  HIGHEST GUST SPEED    23   HIGHEST GUST DIRECTION    SW (220)
  AVERAGE WIND SPEED     6.4


SKY COVER
  AVERAGE SKY COVER 0.0


WEATHER CONDITIONS
 THE FOLLOWING WEATHER WAS RECORDED YESTERDAY.
  NO SIGNIFICANT WEATHER WAS OBSERVED.


RELATIVE HUMIDITY (PERCENT)
 HIGHEST    88           600 AM
 LOWEST     22           300 PM
 AVERAGE    55

..........................................................


THE DALHART CLIMATE NORMALS FOR TODAY
                         NORMAL    RECORD    YEAR
 MAXIMUM TEMPERATURE (F)   48        78      1955
 MINIMUM TEMPERATURE (F)   19       -10      1989


SUNRISE AND SUNSET
DECEMBER 22 2014......SUNRISE   757 AM CST   SUNSET   540 PM CST
DECEMBER 23 2014......SUNRISE   758 AM CST   SUNSET   541 PM CST


-  INDICATES NEGATIVE NUMBERS.
R  INDICATES RECORD WAS SET OR TIED.
MM INDICATES DATA IS MISSING.
T  INDICATES TRACE AMOUNT.




$$





U.S. Dept. of Commerce
NOAA National Weather Service
1325 East West Highway
Silver Spring, MD 20910
E-mail: w-nws.webmaster@noaa.gov
Page last modified: May 16, 2007
NATIONAL WEATHER SERVICE: for Safety, for Work, for Fun - FOR LIFE