304
CDUS44 KAMA 170644
CLIDHT


CLIMATE REPORT
NATIONAL WEATHER SERVICE AMARILLO TX
140 AM CDT THU APR 17 2014


...THE DALHART CLIMATE SUMMARY FOR APRIL 16 2014...

CLIMATE NORMAL PERIOD 1981 TO 2010
CLIMATE RECORD PERIOD 1894 TO 2014


WEATHER ITEM   OBSERVED TIME   RECORD YEAR NORMAL DEPARTURE LAST
                VALUE   (LST)  VALUE       VALUE  FROM      YEAR
                                                  NORMAL
..................................................................
TEMPERATURE (F)
 YESTERDAY
  MAXIMUM         70    247 PM  89    1962  70      0       64
  MINIMUM         34    537 AM  23    1961  38     -4       37
  AVERAGE         52                        54     -2       51

PRECIPITATION (IN)
  YESTERDAY        0.00          0.68 1992   0.03  -0.03     0.00
  MONTH TO DATE    0.11                      0.51  -0.40      T
  SINCE MAR 1      0.20                      1.68  -1.48     0.06
  SINCE JAN 1      0.29                      2.60  -2.31     0.86

SNOWFALL (IN)
  YESTERDAY        0.0           1.1  1998   0.0    0.0      0.0
  MONTH TO DATE    1.0                       0.9    0.1       T
  SINCE MAR 1      2.1                       5.1   -3.0      3.3
  SINCE JUL 1     17.4                      18.6   -1.2     21.6
  SNOW DEPTH       0

DEGREE DAYS
 HEATING
  YESTERDAY       13                        11      2       14
  MONTH TO DATE  217                       217      0      232
  SINCE MAR 1    806                       828    -22      765
  SINCE JUL 1   4400                      4471    -71     4090

 COOLING
  YESTERDAY        0                         0      0        0
  MONTH TO DATE    2                         0      2        1
  SINCE MAR 1      2                         0      2        1
  SINCE JAN 1      2                         0      2        1
..................................................................


WIND (MPH)
  RESULTANT WIND SPEED   9   RESULTANT WIND DIRECTION  NE (60)
  HIGHEST WIND SPEED    31   HIGHEST WIND DIRECTION    NE (50)
  HIGHEST GUST SPEED    41   HIGHEST GUST DIRECTION    NE (50)
  AVERAGE WIND SPEED   17.0


SKY COVER
  AVERAGE SKY COVER 0.0


WEATHER CONDITIONS
 THE FOLLOWING WEATHER WAS RECORDED YESTERDAY.
  NO SIGNIFICANT WEATHER WAS OBSERVED.


RELATIVE HUMIDITY (PERCENT)
 HIGHEST    37           600 AM
 LOWEST     18          1200 AM
 AVERAGE    28

..................................................................


THE DALHART CLIMATE NORMALS FOR TODAY
                         NORMAL    RECORD    YEAR
 MAXIMUM TEMPERATURE (F)   70        89      2006
 MINIMUM TEMPERATURE (F)   38        27      1953


SUNRISE AND SUNSET
APRIL 17 2014.........SUNRISE   714 AM CDT   SUNSET   826 PM CDT
APRIL 18 2014.........SUNRISE   713 AM CDT   SUNSET   826 PM CDT


-  INDICATES NEGATIVE NUMBERS.
R  INDICATES RECORD WAS SET OR TIED.
MM INDICATES DATA IS MISSING.
T  INDICATES TRACE AMOUNT.


$$






U.S. Dept. of Commerce
NOAA National Weather Service
1325 East West Highway
Silver Spring, MD 20910
E-mail: w-nws.webmaster@noaa.gov
Page last modified: May 16, 2007
NATIONAL WEATHER SERVICE: for Safety, for Work, for Fun - FOR LIFE