393
CDUS44 KAMA 210634
CLIDHT


CLIMATE REPORT
NATIONAL WEATHER SERVICE AMARILLO TX
134 AM CDT TUE OCT 21 2014


...................................

...THE DALHART CLIMATE SUMMARY FOR OCTOBER 20 2014...

CLIMATE NORMAL PERIOD 1981 TO 2010
CLIMATE RECORD PERIOD 1894 TO 2014


WEATHER ITEM   OBSERVED TIME   RECORD YEAR NORMAL DEPARTURE LAST
                VALUE   (LST)  VALUE       VALUE  FROM      YEAR
                                                  NORMAL
..................................................................
TEMPERATURE (F)
 YESTERDAY
  MAXIMUM         77    414 PM  91    2007  70      7       74
  MINIMUM         46    344 AM  23    1989  39      7       31
  AVERAGE         62                        54      8       53

PRECIPITATION (IN)
  YESTERDAY        0.00          4.02 1953   0.05  -0.05     0.00
  MONTH TO DATE    1.01                      0.96   0.05      T
  SINCE SEP 1      2.56                      2.61  -0.05     1.64
  SINCE JAN 1     11.20                     15.96  -4.76     6.66

SNOWFALL (IN)
  YESTERDAY        0.0           T    1953   0.0    0.0      0.0
  MONTH TO DATE    0.0                       0.2   -0.2       T
  SINCE SEP 1      0.0                       0.2   -0.2       T
  SINCE JUL 1      0.0                       0.2   -0.2       T
  SNOW DEPTH       0

DEGREE DAYS
 HEATING
  YESTERDAY        3                        11     -8       12
  MONTH TO DATE  104                       157    -53      169
  SINCE SEP 1    125                       217    -92      183
  SINCE JUL 1    125                       220    -95      183

 COOLING
  YESTERDAY        0                         0      0        0
  MONTH TO DATE   11                         8      3       13
  SINCE SEP 1    188                       140     48      223
  SINCE JAN 1   1403                      1136    267     1576
..................................................................


WIND (MPH)
  RESULTANT WIND SPEED   3   RESULTANT WIND DIRECTION  NE (40)
  HIGHEST WIND SPEED    16   HIGHEST WIND DIRECTION     N (20)
  HIGHEST GUST SPEED    19   HIGHEST GUST DIRECTION     N (20)
  AVERAGE WIND SPEED     7.5


SKY COVER
  AVERAGE SKY COVER 0.0


WEATHER CONDITIONS
 THE FOLLOWING WEATHER WAS RECORDED YESTERDAY.
  NO SIGNIFICANT WEATHER WAS OBSERVED.


RELATIVE HUMIDITY (PERCENT)
 HIGHEST    93           100 AM
 LOWEST     33           200 PM
 AVERAGE    63

..........................................................


THE DALHART CLIMATE NORMALS FOR TODAY
                         NORMAL    RECORD    YEAR
 MAXIMUM TEMPERATURE (F)   70        87      2012
                                             2003
 MINIMUM TEMPERATURE (F)   39        27      1990


SUNRISE AND SUNSET
OCTOBER 21 2014.......SUNRISE   802 AM CDT   SUNSET   707 PM CDT
OCTOBER 22 2014.......SUNRISE   803 AM CDT   SUNSET   705 PM CDT


-  INDICATES NEGATIVE NUMBERS.
R  INDICATES RECORD WAS SET OR TIED.
MM INDICATES DATA IS MISSING.
T  INDICATES TRACE AMOUNT.




$$





U.S. Dept. of Commerce
NOAA National Weather Service
1325 East West Highway
Silver Spring, MD 20910
E-mail: w-nws.webmaster@noaa.gov
Page last modified: May 16, 2007
NATIONAL WEATHER SERVICE: for Safety, for Work, for Fun - FOR LIFE