690
CDUS44 KAMA 251428
CLIDHT


CLIMATE REPORT
NATIONAL WEATHER SERVICE AMARILLO TX
927 AM CDT SAT OCT 25 2014


...................................

...THE DALHART CLIMATE SUMMARY FOR OCTOBER 25 2014...
VALID AS OF 0900 AM LOCAL TIME.

CLIMATE NORMAL PERIOD 1981 TO 2010
CLIMATE RECORD PERIOD 1894 TO 2014


WEATHER ITEM   OBSERVED TIME   RECORD YEAR NORMAL DEPARTURE LAST
                VALUE   (LST)  VALUE       VALUE  FROM      YEAR
                                                  NORMAL
..................................................................
TEMPERATURE (F)
 TODAY
  MINIMUM         42    640 AM  24    1997  37      5       35

PRECIPITATION (IN)
  TODAY            0.00          0.35 1997   0.05  -0.05     0.00
  MONTH TO DATE    1.01                      1.21  -0.20      T
  SINCE SEP 1      2.56                      2.86  -0.30     1.64
  SINCE JAN 1     11.20                     16.21  -5.01     6.66

SNOWFALL (IN)
  TODAY            0.0           1.0  1997   0.1   -0.1      0.0
  MONTH TO DATE    0.0                       0.4   -0.4       T
  SINCE SEP 1      0.0                       0.4   -0.4       T
  SINCE JUL 1      0.0                       0.4   -0.4       T
  SNOW DEPTH       0

..................................................................


WIND (MPH)
  RESULTANT WIND SPEED   6   RESULTANT WIND DIRECTION   W (250)
  HIGHEST WIND SPEED    10   HIGHEST WIND DIRECTION    SW (220)
  HIGHEST GUST SPEED    11   HIGHEST GUST DIRECTION    SW (220)
  AVERAGE WIND SPEED     7.0


SKY COVER
  AVERAGE SKY COVER 0.0


WEATHER CONDITIONS
 THE FOLLOWING WEATHER WAS RECORDED TODAY.
  NO SIGNIFICANT WEATHER WAS OBSERVED.


RELATIVE HUMIDITY (PERCENT)
 HIGHEST    83           600 AM
 LOWEST     59           100 AM
 AVERAGE    71

..........................................................


THE DALHART CLIMATE NORMALS FOR TOMORROW
                         NORMAL    RECORD    YEAR
 MAXIMUM TEMPERATURE (F)   68        92      1979
 MINIMUM TEMPERATURE (F)   37        24      2003


SUNRISE AND SUNSET
OCTOBER 25 2014.......SUNRISE   806 AM CDT   SUNSET   702 PM CDT
OCTOBER 26 2014.......SUNRISE   807 AM CDT   SUNSET   701 PM CDT


-  INDICATES NEGATIVE NUMBERS.
R  INDICATES RECORD WAS SET OR TIED.
MM INDICATES DATA IS MISSING.
T  INDICATES TRACE AMOUNT.




$$





U.S. Dept. of Commerce
NOAA National Weather Service
1325 East West Highway
Silver Spring, MD 20910
E-mail: w-nws.webmaster@noaa.gov
Page last modified: May 16, 2007
NATIONAL WEATHER SERVICE: for Safety, for Work, for Fun - FOR LIFE