795
CDUS44 KTAE 210651
CLIDHN


CLIMATE REPORT
NATIONAL WEATHER SERVICE TALLAHASSEE FL
250 AM EDT TUE OCT 21 2014


...................................

...THE DOTHAN CLIMATE SUMMARY FOR OCTOBER 20 2014...

CLIMATE NORMAL PERIOD 1981 TO 2010
CLIMATE RECORD PERIOD 1965 TO 2014


WEATHER ITEM   OBSERVED TIME   NORMAL DEPARTURE LAST
                VALUE   (LST)  VALUE  FROM      YEAR
                                      NORMAL
......................................................
TEMPERATURE (F)
 YESTERDAY
  MAXIMUM         78    153 PM  79     -1       75
  MINIMUM         47    549 AM  54     -7       56
  AVERAGE         63            66     -3       66

PRECIPITATION (IN)
  YESTERDAY        0.00          0.10  -0.10     0.00
  MONTH TO DATE    5.80          2.16   3.64     0.41
  SINCE SEP 1      8.44          5.75   2.69     8.78
  SINCE JAN 1     48.38         44.14   4.24    66.62

SNOWFALL (IN)
  YESTERDAY        0.0

DEGREE DAYS
 HEATING
  YESTERDAY        2             2      0        0
  MONTH TO DATE   17            19     -2        0
  SINCE SEP 1     17            21     -4        0
  SINCE JUL 1     17            21     -4        0

 COOLING
  YESTERDAY        0             3     -3        1
  MONTH TO DATE  115           104     11      138
  SINCE SEP 1    502           452     50      522
  SINCE JAN 1   2387          2332     55     2276
......................................................


WIND (MPH)
  HIGHEST WIND SPEED     9   HIGHEST WIND DIRECTION     N (350)
  HIGHEST GUST SPEED    12   HIGHEST GUST DIRECTION    SW (220)
  AVERAGE WIND SPEED     3.1








-  INDICATES NEGATIVE NUMBERS.
R  INDICATES RECORD WAS SET OR TIED.
MM INDICATES DATA IS MISSING.
T  INDICATES TRACE AMOUNT.




$$





U.S. Dept. of Commerce
NOAA National Weather Service
1325 East West Highway
Silver Spring, MD 20910
E-mail: w-nws.webmaster@noaa.gov
Page last modified: May 16, 2007
NATIONAL WEATHER SERVICE: for Safety, for Work, for Fun - FOR LIFE