874
CDUS44 KTAE 240654
CLIDHN


CLIMATE REPORT
NATIONAL WEATHER SERVICE TALLAHASSEE FL
154 AM EST MON NOV 24 2014


...................................

...THE DOTHAN CLIMATE SUMMARY FOR NOVEMBER 23 2014...

CLIMATE NORMAL PERIOD 1981 TO 2010
CLIMATE RECORD PERIOD 1965 TO 2014


WEATHER ITEM   OBSERVED TIME   NORMAL DEPARTURE LAST
                VALUE   (LST)  VALUE  FROM      YEAR
                                      NORMAL
......................................................
TEMPERATURE (F)
 YESTERDAY
  MAXIMUM         73    109 PM  69      4       67
  MINIMUM         59   1238 AM  45     14       50
  AVERAGE         66            57      9       59

PRECIPITATION (IN)
  YESTERDAY        0.82          0.18   0.64     0.00
  MONTH TO DATE    1.31          2.96  -1.65     0.76
  SINCE SEP 1      9.75          9.96  -0.21     9.75
  SINCE JAN 1     49.69         48.35   1.34    67.59

SNOWFALL (IN)
  YESTERDAY        0.0

DEGREE DAYS
 HEATING
  YESTERDAY        0             9     -9        6
  MONTH TO DATE  288           148    140      131
  SINCE SEP 1    331           207    124      172
  SINCE JUL 1    331           207    124      172
......................................................


WIND (MPH)
  HIGHEST WIND SPEED    31   HIGHEST WIND DIRECTION    SW (240)
  HIGHEST GUST SPEED    41   HIGHEST GUST DIRECTION     S (190)
  AVERAGE WIND SPEED    12.1








-  INDICATES NEGATIVE NUMBERS.
R  INDICATES RECORD WAS SET OR TIED.
MM INDICATES DATA IS MISSING.
T  INDICATES TRACE AMOUNT.




$$





U.S. Dept. of Commerce
NOAA National Weather Service
1325 East West Highway
Silver Spring, MD 20910
E-mail: w-nws.webmaster@noaa.gov
Page last modified: May 16, 2007
NATIONAL WEATHER SERVICE: for Safety, for Work, for Fun - FOR LIFE