430
CDUS44 KTAE 230702
CLIDHN


CLIMATE REPORT
NATIONAL WEATHER SERVICE TALLAHASSEE FL
252 AM EDT SAT AUG 23 2014


...................................

...THE DOTHAN CLIMATE SUMMARY FOR AUGUST 22 2014...

CLIMATE NORMAL PERIOD 1981 TO 2010
CLIMATE RECORD PERIOD 1965 TO 2014


WEATHER ITEM   OBSERVED TIME   NORMAL DEPARTURE LAST
                VALUE   (LST)  VALUE  FROM      YEAR
                                      NORMAL
......................................................
TEMPERATURE (F)
 YESTERDAY
  MAXIMUM         97    302 PM  91      6       86
  MINIMUM         73    540 AM  71      2       71
  AVERAGE         85            81      4       79

PRECIPITATION (IN)
  YESTERDAY        0.00          0.14  -0.14     0.10
  MONTH TO DATE    2.17          3.29  -1.12     7.34
  SINCE JUN 1      9.86         14.84  -4.98    29.50
  SINCE JAN 1     39.93         37.20   2.73    56.80

SNOWFALL (IN)
  YESTERDAY        0.0

DEGREE DAYS
 COOLING
  YESTERDAY       20            16      4       14
  MONTH TO DATE  377           362     15      350
  SINCE JUN 1   1346          1330     16     1257
  SINCE JAN 1   1731          1743    -12     1629
......................................................


WIND (MPH)
  HIGHEST WIND SPEED    10   HIGHEST WIND DIRECTION    NW (320)
  HIGHEST GUST SPEED    14   HIGHEST GUST DIRECTION     N (340)
  AVERAGE WIND SPEED     3.5








-  INDICATES NEGATIVE NUMBERS.
R  INDICATES RECORD WAS SET OR TIED.
MM INDICATES DATA IS MISSING.
T  INDICATES TRACE AMOUNT.




$$






U.S. Dept. of Commerce
NOAA National Weather Service
1325 East West Highway
Silver Spring, MD 20910
E-mail: w-nws.webmaster@noaa.gov
Page last modified: May 16, 2007
NATIONAL WEATHER SERVICE: for Safety, for Work, for Fun - FOR LIFE