499
CDUS45 KCYS 200729
CLIDGW


CLIMATE REPORT
NATIONAL WEATHER SERVICE CHEYENNE WY
129 AM MDT SUN APR 20 2014


...................................

...THE DOUGLAS WY AIRPORT CLIMATE SUMMARY FOR APRIL 19 2014...

CLIMATE NORMAL PERIOD 1981 TO 2010
CLIMATE RECORD PERIOD 1998 TO 2014


WEATHER ITEM   OBSERVED TIME   RECORD YEAR NORMAL DEPARTURE LAST
                VALUE   (LST)  VALUE       VALUE  FROM      YEAR
                                                  NORMAL
..................................................................
TEMPERATURE (F)
 YESTERDAY
  MAXIMUM         63    444 PM  78    2008  59      4       49
  MINIMUM         32    606 AM  16    2013  30      2       16
  AVERAGE         48                        44      4       33

PRECIPITATION (IN)
  YESTERDAY        0.00          0.19 2002   0.06  -0.06     0.00
  MONTH TO DATE    0.72                      0.83  -0.11     1.73
  SINCE JAN 1      2.96                      2.47   0.49     2.70

DEGREE DAYS
 HEATING
  YESTERDAY       17                        20     -3       32
  MONTH TO DATE  433                       433      0      582
  SINCE MAR 1   1325                      1351    -26     1495
  SINCE JUL 1   6915                      6751    164     6526

 COOLING
  YESTERDAY        0                         0      0        0
  MONTH TO DATE    0                         0      0        0
  SINCE MAR 1      0                         0      0        0
  SINCE JAN 1      0                         0      0        0
..................................................................


WIND (MPH)
  HIGHEST WIND SPEED    22   HIGHEST WIND DIRECTION    SE (150)
  HIGHEST GUST SPEED    29   HIGHEST GUST DIRECTION    SE (140)
  AVERAGE WIND SPEED     8.3


SKY COVER
  AVERAGE SKY COVER 0.1


WEATHER CONDITIONS
 THE FOLLOWING WEATHER WAS RECORDED YESTERDAY.
  FOG
  HAZE


RELATIVE HUMIDITY (PERCENT)
 HIGHEST    89           500 AM
 LOWEST     36          1000 AM
 AVERAGE    63

..........................................................


THE DOUGLAS WY AIRPORT CLIMATE NORMALS FOR TODAY
                         NORMAL    RECORD    YEAR
 MAXIMUM TEMPERATURE (F)   59        72      2012
 MINIMUM TEMPERATURE (F)   31        20      2011


SUNRISE AND SUNSET
APRIL 20 2014.........SUNRISE   612 AM MDT   SUNSET   750 PM MDT
APRIL 21 2014.........SUNRISE   610 AM MDT   SUNSET   751 PM MDT


-  INDICATES NEGATIVE NUMBERS.
R  INDICATES RECORD WAS SET OR TIED.
MM INDICATES DATA IS MISSING.
T  INDICATES TRACE AMOUNT.




$$





U.S. Dept. of Commerce
NOAA National Weather Service
1325 East West Highway
Silver Spring, MD 20910
E-mail: w-nws.webmaster@noaa.gov
Page last modified: May 16, 2007
NATIONAL WEATHER SERVICE: for Safety, for Work, for Fun - FOR LIFE