755
CDUS45 KCYS 200326
CLIDGW


CLIMATE REPORT
NATIONAL WEATHER SERVICE CHEYENNE WY
926 PM MDT TUE AUG 19 2014


...................................

...THE DOUGLAS WY AIRPORT CLIMATE SUMMARY FOR AUGUST 19 2014...
VALID TODAY AS OF 0900 PM LOCAL TIME.

CLIMATE NORMAL PERIOD 1981 TO 2010
CLIMATE RECORD PERIOD 1998 TO 2014


WEATHER ITEM   OBSERVED TIME   RECORD YEAR NORMAL DEPARTURE LAST
                VALUE   (LST)  VALUE       VALUE  FROM      YEAR
                                                  NORMAL
..................................................................
TEMPERATURE (F)
 TODAY
  MAXIMUM         90    328 PM  97    2013  87      3       97
                                      2007
  MINIMUM         50    543 AM  41    2002  53     -3       53
  AVERAGE         70                        70      0       75

PRECIPITATION (IN)
  TODAY            0.00          0.14 2004   0.03  -0.03     0.00
  MONTH TO DATE    0.73                      0.71   0.02     0.40
  SINCE JAN 1      9.71                      9.62   0.09     6.19

DEGREE DAYS
 HEATING
  TODAY            0                         1     -1        0
  MONTH TO DATE    0                        10    -10        0
  SINCE JUN 1    157                       135     22       56
  SINCE JUL 1     14                        25    -11        0

 COOLING
  TODAY            5                         5      0       10
  MONTH TO DATE  113                       127    -14      119
  SINCE JUN 1    346                       403    -57      503
  SINCE JAN 1    351                       409    -58      519
..................................................................


WIND (MPH)
  HIGHEST WIND SPEED    21   HIGHEST WIND DIRECTION     E (110)
  HIGHEST GUST SPEED    31   HIGHEST GUST DIRECTION    SE (120)
  AVERAGE WIND SPEED     4.7


SKY COVER
  AVERAGE SKY COVER 0.1


WEATHER CONDITIONS
 THE FOLLOWING WEATHER WAS RECORDED TODAY.
  NO SIGNIFICANT WEATHER WAS OBSERVED.


RELATIVE HUMIDITY (PERCENT)
 HIGHEST    83           500 AM
 LOWEST     16           200 PM
 AVERAGE    50

..........................................................


THE DOUGLAS WY AIRPORT CLIMATE NORMALS FOR TOMORROW
                         NORMAL    RECORD    YEAR
 MAXIMUM TEMPERATURE (F)   87        96      2013
 MINIMUM TEMPERATURE (F)   52        43      2005


SUNRISE AND SUNSET
AUGUST 19 2014........SUNRISE   612 AM MDT   SUNSET   757 PM MDT
AUGUST 20 2014........SUNRISE   613 AM MDT   SUNSET   756 PM MDT


-  INDICATES NEGATIVE NUMBERS.
R  INDICATES RECORD WAS SET OR TIED.
MM INDICATES DATA IS MISSING.
T  INDICATES TRACE AMOUNT.




$$





U.S. Dept. of Commerce
NOAA National Weather Service
1325 East West Highway
Silver Spring, MD 20910
E-mail: w-nws.webmaster@noaa.gov
Page last modified: May 16, 2007
NATIONAL WEATHER SERVICE: for Safety, for Work, for Fun - FOR LIFE