442
CDUS45 KCYS 210727
CLIDGW


CLIMATE REPORT
NATIONAL WEATHER SERVICE CHEYENNE WY
127 AM MDT TUE OCT 21 2014


...................................

...THE DOUGLAS WY AIRPORT CLIMATE SUMMARY FOR OCTOBER 20 2014...

CLIMATE NORMAL PERIOD 1981 TO 2010
CLIMATE RECORD PERIOD 1998 TO 2014


WEATHER ITEM   OBSERVED TIME   RECORD YEAR NORMAL DEPARTURE LAST
                VALUE   (LST)  VALUE       VALUE  FROM      YEAR
                                                  NORMAL
..................................................................
TEMPERATURE (F)
 YESTERDAY
  MAXIMUM         79R   303 PM  77    2012  60     19       45
                                      2003
  MINIMUM         31    652 AM  23    2002  29      2       30
  AVERAGE         55                        44     11       38

PRECIPITATION (IN)
  YESTERDAY        0.00          0.39 2007   0.03  -0.03     0.12
  MONTH TO DATE    0.37                      0.81  -0.44     1.96
  SINCE JAN 1     11.95                     12.09  -0.14     9.22

DEGREE DAYS
 HEATING
  YESTERDAY       10                        21    -11       27
  MONTH TO DATE  271                       349    -78      440
  SINCE SEP 1    443                       577   -134      578
  SINCE JUL 1    480                       618   -138      578

 COOLING
  YESTERDAY        0                         0      0        0
  MONTH TO DATE    0                         0      0        0
  SINCE SEP 1     24                        28     -4       88
  SINCE JAN 1    401                       486    -85      739
..................................................................


WIND (MPH)
  HIGHEST WIND SPEED     9   HIGHEST WIND DIRECTION     W (250)
  HIGHEST GUST SPEED    13   HIGHEST GUST DIRECTION     W (290)
  AVERAGE WIND SPEED     2.2


SKY COVER
  AVERAGE SKY COVER 0.0


WEATHER CONDITIONS
 THE FOLLOWING WEATHER WAS RECORDED YESTERDAY.
  NO SIGNIFICANT WEATHER WAS OBSERVED.


RELATIVE HUMIDITY (PERCENT)
 HIGHEST    89           600 AM
 LOWEST     19           200 PM
 AVERAGE    54

..........................................................


THE DOUGLAS WY AIRPORT CLIMATE NORMALS FOR TODAY
                         NORMAL    RECORD    YEAR
 MAXIMUM TEMPERATURE (F)   59        81      2003
 MINIMUM TEMPERATURE (F)   29        25      2009


SUNRISE AND SUNSET
OCTOBER 21 2014.......SUNRISE   722 AM MDT   SUNSET   609 PM MDT
OCTOBER 22 2014.......SUNRISE   723 AM MDT   SUNSET   608 PM MDT


-  INDICATES NEGATIVE NUMBERS.
R  INDICATES RECORD WAS SET OR TIED.
MM INDICATES DATA IS MISSING.
T  INDICATES TRACE AMOUNT.




$$





U.S. Dept. of Commerce
NOAA National Weather Service
1325 East West Highway
Silver Spring, MD 20910
E-mail: w-nws.webmaster@noaa.gov
Page last modified: May 16, 2007
NATIONAL WEATHER SERVICE: for Safety, for Work, for Fun - FOR LIFE