172
CDUS43 KDDC 312332
CLIDGC


CLIMATE REPORT
NATIONAL WEATHER SERVICE DODGE CITY KS
632 PM CDT FRI OCT 31 2014


...................................

...THE DODGE CITY KS CLIMATE SUMMARY FOR OCTOBER 31 2014...
VALID TODAY AS OF 0500 PM LOCAL TIME.

CLIMATE NORMAL PERIOD 1981 TO 2010
CLIMATE RECORD PERIOD 1875 TO 2014


WEATHER ITEM   OBSERVED TIME   RECORD YEAR NORMAL DEPARTURE LAST
                VALUE   (LST)  VALUE       VALUE  FROM      YEAR
                                                  NORMAL
..................................................................
TEMPERATURE (F)
 TODAY
  MAXIMUM         50    320 PM  87    2001  64    -14       63
  MINIMUM         31    537 AM  16    1993  37     -6       41
  AVERAGE         41                        51    -10       52

PRECIPITATION (IN)
  TODAY            0.00          1.29 1889   0.04  -0.04     0.17
  MONTH TO DATE    2.14                      1.74   0.40     2.84
  SINCE SEP 1      3.80                      3.41   0.39     3.96
  SINCE JAN 1     22.03                     20.00   2.03    19.44

SNOWFALL (IN)
  TODAY            0.0           4.1  1991   0.0    0.0      0.0
  MONTH TO DATE    0.0                       0.4   -0.4      2.7
  SINCE SEP 1      0.0                       0.4   -0.4      2.7
  SINCE JUL 1      0.0                       0.4   -0.4      2.7
  SNOW DEPTH       0

DEGREE DAYS
 HEATING
  TODAY           24                        15      9       13
  MONTH TO DATE  191                       291   -100      324
  SINCE SEP 1    240                       352   -112      340
  SINCE JUL 1    253                       356   -103      340

 COOLING
  TODAY            0                         0      0        0
  MONTH TO DATE   36                        29      7       31
  SINCE SEP 1    230                       216     14      277
  SINCE JAN 1   1475                      1462     13     1641
..................................................................


WIND (MPH)
  HIGHEST WIND SPEED    20   HIGHEST WIND DIRECTION    NE (40)
  HIGHEST GUST SPEED    26   HIGHEST GUST DIRECTION    NE (30)
  AVERAGE WIND SPEED    11.6


SKY COVER
  POSSIBLE SUNSHINE  MM
  AVERAGE SKY COVER 0.2


WEATHER CONDITIONS
 THE FOLLOWING WEATHER WAS RECORDED TODAY.
  FOG


RELATIVE HUMIDITY (PERCENT)
 HIGHEST    89           500 AM
 LOWEST     28           500 PM
 AVERAGE    59

..........................................................


THE DODGE CITY KS CLIMATE NORMALS FOR TOMORROW
                         NORMAL    RECORD    YEAR
 MAXIMUM TEMPERATURE (F)   63        85      1990
 MINIMUM TEMPERATURE (F)   37        15      1966
                                             1879


SUNRISE AND SUNSET
OCTOBER 31 2014.......SUNRISE   804 AM CDT   SUNSET   642 PM CDT
NOVEMBER  1 2014......SUNRISE   805 AM CDT   SUNSET   641 PM CDT


-  INDICATES NEGATIVE NUMBERS.
R  INDICATES RECORD WAS SET OR TIED.
MM INDICATES DATA IS MISSING.
T  INDICATES TRACE AMOUNT.




$$





U.S. Dept. of Commerce
NOAA National Weather Service
1325 East West Highway
Silver Spring, MD 20910
E-mail: w-nws.webmaster@noaa.gov
Page last modified: May 16, 2007
NATIONAL WEATHER SERVICE: for Safety, for Work, for Fun - FOR LIFE