264
CDUS43 KDDC 252326
CLIDGC


CLIMATE REPORT
NATIONAL WEATHER SERVICE DODGE CITY KS
626 PM CDT SAT OCT 25 2014


...................................

...THE DODGE CITY KS CLIMATE SUMMARY FOR OCTOBER 25 2014...
VALID TODAY AS OF 0500 PM LOCAL TIME.

CLIMATE NORMAL PERIOD 1981 TO 2010
CLIMATE RECORD PERIOD 1875 TO 2014


WEATHER ITEM   OBSERVED TIME   RECORD YEAR NORMAL DEPARTURE LAST
                VALUE   (LST)  VALUE       VALUE  FROM      YEAR
                                                  NORMAL
..................................................................
TEMPERATURE (F)
 TODAY
  MAXIMUM         90R   227 PM  88    1922  66     24       63
  MINIMUM         51    613 AM  21    1957  40     11       33
  AVERAGE         71                        53     18       48

PRECIPITATION (IN)
  TODAY            0.00          4.13 1997   0.05  -0.05     0.00
  MONTH TO DATE    2.14                      1.47   0.67     1.06
  SINCE SEP 1      3.80                      3.14   0.66     2.18
  SINCE JAN 1     22.03                     19.73   2.30    17.66

SNOWFALL (IN)
  TODAY            0.0           1.0  1997   0.1   -0.1      0.0
  MONTH TO DATE    0.0                       0.3   -0.3      2.7
  SINCE SEP 1      0.0                       0.3   -0.3      2.7
  SINCE JUL 1      0.0                       0.3   -0.3      2.7
  SNOW DEPTH       0

DEGREE DAYS
 HEATING
  TODAY            0                        12    -12       17
  MONTH TO DATE  124                       209    -85      246
  SINCE SEP 1    173                       270    -97      262
  SINCE JUL 1    186                       274    -88      262

 COOLING
  TODAY            6                         0      6        0
  MONTH TO DATE   28                        27      1       31
  SINCE SEP 1    222                       214      8      277
  SINCE JAN 1   1467                      1460      7     1641
..................................................................


WIND (MPH)
  HIGHEST WIND SPEED    21   HIGHEST WIND DIRECTION     S (190)
  HIGHEST GUST SPEED    27   HIGHEST GUST DIRECTION     S (190)
  AVERAGE WIND SPEED     8.6


SKY COVER
  POSSIBLE SUNSHINE  MM
  AVERAGE SKY COVER 0.0


WEATHER CONDITIONS
 THE FOLLOWING WEATHER WAS RECORDED TODAY.
  NO SIGNIFICANT WEATHER WAS OBSERVED.


RELATIVE HUMIDITY (PERCENT)
 HIGHEST    83           500 AM
 LOWEST     19           100 PM
 AVERAGE    51

..........................................................


THE DODGE CITY KS CLIMATE NORMALS FOR TOMORROW
                         NORMAL    RECORD    YEAR
 MAXIMUM TEMPERATURE (F)   66        89      1922
 MINIMUM TEMPERATURE (F)   40        18      1878


SUNRISE AND SUNSET
OCTOBER 25 2014.......SUNRISE   758 AM CDT   SUNSET   649 PM CDT
OCTOBER 26 2014.......SUNRISE   759 AM CDT   SUNSET   648 PM CDT


-  INDICATES NEGATIVE NUMBERS.
R  INDICATES RECORD WAS SET OR TIED.
MM INDICATES DATA IS MISSING.
T  INDICATES TRACE AMOUNT.




$$





U.S. Dept. of Commerce
NOAA National Weather Service
1325 East West Highway
Silver Spring, MD 20910
E-mail: w-nws.webmaster@noaa.gov
Page last modified: May 16, 2007
NATIONAL WEATHER SERVICE: for Safety, for Work, for Fun - FOR LIFE