009
CDUS44 KFWD 250640
CLIDFW

CLIMATE REPORT
NATIONAL WEATHER SERVICE FORT WORTH TX
136 AM CDT FRI APR 25 2014


...................................

...THE DALLAS FORT WORTH CLIMATE SUMMARY FOR APRIL 24 2014...

CLIMATE NORMAL PERIOD 1981 TO 2010
CLIMATE RECORD PERIOD 1898 TO 2014


WEATHER ITEM   OBSERVED TIME   RECORD YEAR NORMAL DEPARTURE LAST
                VALUE   (LST)  VALUE       VALUE  FROM      YEAR
                                                  NORMAL
..................................................................
TEMPERATURE (F)
 YESTERDAY
  MAXIMUM         84    231 PM  91    1984  78      6       61
                                      1950
                                      1901
  MINIMUM         63   1147 PM  37    2013  57      6       37
  AVERAGE         74                        68      6       49

PRECIPITATION (IN)
  YESTERDAY        0.00          2.16 1914   0.13  -0.13      T
  MONTH TO DATE    1.66                      2.30  -0.64     1.98
  SINCE MAR 1      3.11                      5.79  -2.68     4.25
  SINCE JAN 1      3.85                     10.58  -6.73     9.99

SNOWFALL (IN)
  YESTERDAY        0.0           0.0    MM   0.0    0.0      0.0
  MONTH TO DATE    0.0                       0.0    0.0      0.0
  SINCE MAR 1      0.1                       0.2   -0.1      0.0
  SINCE JUL 1      2.9                       1.2    1.7      0.8
  SNOW DEPTH       0

DEGREE DAYS
 HEATING
  YESTERDAY        0                         1     -1       16
  MONTH TO DATE   94                        77     17      135
  SINCE MAR 1    415                       338     77      414
  SINCE JUL 1   2588                      2270    318     2004

 COOLING
  YESTERDAY        9                         4      5        0
  MONTH TO DATE  103                        70     33       63
  SINCE MAR 1    125                       102     23       84
  SINCE JAN 1    125                       109     16       96
..................................................................


WIND (MPH)
  HIGHEST WIND SPEED    26   HIGHEST WIND DIRECTION    NW (330)
  HIGHEST GUST SPEED    35   HIGHEST GUST DIRECTION    NW (320)
  AVERAGE WIND SPEED    15.7


SKY COVER
  POSSIBLE SUNSHINE  MM
  AVERAGE SKY COVER 0.5


WEATHER CONDITIONS
 THE FOLLOWING WEATHER WAS RECORDED YESTERDAY.
  HAZE


RELATIVE HUMIDITY (PERCENT)
 HIGHEST    81           600 AM
 LOWEST     26           400 PM
 AVERAGE    54

..........................................................


THE DALLAS FORT WORTH CLIMATE NORMALS FOR TODAY
                         NORMAL    RECORD    YEAR
 MAXIMUM TEMPERATURE (F)   78        91      1925
                                             1902
 MINIMUM TEMPERATURE (F)   58        33      1910


SUNRISE AND SUNSET
APRIL 25 2014.........SUNRISE   647 AM CDT   SUNSET   806 PM CDT
APRIL 26 2014.........SUNRISE   646 AM CDT   SUNSET   806 PM CDT


-  INDICATES NEGATIVE NUMBERS.
R  INDICATES RECORD WAS SET OR TIED.
MM INDICATES DATA IS MISSING.
T  INDICATES TRACE AMOUNT.




$$








U.S. Dept. of Commerce
NOAA National Weather Service
1325 East West Highway
Silver Spring, MD 20910
E-mail: w-nws.webmaster@noaa.gov
Page last modified: May 16, 2007
NATIONAL WEATHER SERVICE: for Safety, for Work, for Fun - FOR LIFE