095
CDUS44 KFWD 010644
CLIDFW

CLIMATE REPORT
NATIONAL WEATHER SERVICE FORT WORTH TX
140 AM CDT MON SEP 1 2014

...................................

...THE DALLAS FORT WORTH CLIMATE SUMMARY FOR AUGUST 31 2014...

CLIMATE NORMAL PERIOD 1981 TO 2010
CLIMATE RECORD PERIOD 1898 TO 2014


WEATHER ITEM   OBSERVED TIME   RECORD YEAR NORMAL DEPARTURE LAST
                VALUE   (LST)  VALUE       VALUE  FROM      YEAR
                                                  NORMAL
..................................................................
TEMPERATURE (F)
 YESTERDAY
  MAXIMUM         95    333 PM 108    2000  94      1      105
  MINIMUM         76    609 AM  55    1915  73      3       78
  AVERAGE         86                        83      3       92

PRECIPITATION (IN)
  YESTERDAY        0.00          4.05 1976   0.09  -0.09     0.00
  MONTH TO DATE    4.34                      1.91   2.43     1.32
  SINCE JUN 1      8.58                      7.86   0.72     5.51
  SINCE JAN 1     15.91                     24.11  -8.20    18.67

DEGREE DAYS
 HEATING
  YESTERDAY        0                         0      0        0
  MONTH TO DATE    0                         0      0        0
  SINCE JUN 1      0                         0      0        0
  SINCE JUL 1      0                         0      0        0

 COOLING
  YESTERDAY       21                        18      3       27
  MONTH TO DATE  664                       638     26      692
  SINCE JUN 1   1780                      1760     20     1839
  SINCE JAN 1   2256                      2182     74     2228
..................................................................

WIND (MPH)
  HIGHEST WIND SPEED    24   HIGHEST WIND DIRECTION     S (170)
  HIGHEST GUST SPEED    31   HIGHEST GUST DIRECTION    SE (150)
  AVERAGE WIND SPEED    12.8


SKY COVER
  POSSIBLE SUNSHINE  MM
  AVERAGE SKY COVER 0.2


WEATHER CONDITIONS
 THE FOLLOWING WEATHER WAS RECORDED YESTERDAY.
  NO SIGNIFICANT WEATHER WAS OBSERVED.


RELATIVE HUMIDITY (PERCENT)
 HIGHEST    82           500 AM
 LOWEST     41           600 PM
 AVERAGE    62

..........................................................

THE DALLAS FORT WORTH CLIMATE NORMALS FOR TODAY
                         NORMAL    RECORD    YEAR
 MAXIMUM TEMPERATURE (F)   93       109      2000
 MINIMUM TEMPERATURE (F)   73        59      1915


SUNRISE AND SUNSET
SEPTEMBER  1 2014.....SUNRISE   703 AM CDT   SUNSET   753 PM CDT
SEPTEMBER  2 2014.....SUNRISE   703 AM CDT   SUNSET   752 PM CDT


-  INDICATES NEGATIVE NUMBERS.
R  INDICATES RECORD WAS SET OR TIED.
MM INDICATES DATA IS MISSING.
T  INDICATES TRACE AMOUNT.

$$








U.S. Dept. of Commerce
NOAA National Weather Service
1325 East West Highway
Silver Spring, MD 20910
E-mail: w-nws.webmaster@noaa.gov
Page last modified: May 16, 2007
NATIONAL WEATHER SERVICE: for Safety, for Work, for Fun - FOR LIFE