968
CDUS44 KFWD 222224
CLIDFW

CLIMATE REPORT
NATIONAL WEATHER SERVICE FORT WORTH TX
423 PM CST SAT NOV 22 2014


...................................

...THE DALLAS FORT WORTH CLIMATE SUMMARY FOR NOVEMBER 22 2014...
VALID AS OF 0400 PM LOCAL TIME.

CLIMATE NORMAL PERIOD 1981 TO 2010
CLIMATE RECORD PERIOD 1898 TO 2014


WEATHER ITEM   OBSERVED TIME   RECORD YEAR NORMAL DEPARTURE LAST
                VALUE   (LST)  VALUE       VALUE  FROM      YEAR
                                                  NORMAL
..................................................................
TEMPERATURE (F)
 TODAY
  MAXIMUM         60   1245 AM  89    1955  64     -4       42
  MINIMUM         56   1131 AM  23    1898  44     12       35
  AVERAGE         58

PRECIPITATION (IN)
  TODAY            0.09          1.89 1913   0.07   0.02     0.23
  MONTH TO DATE    1.56                      2.11  -0.55     1.58
  SINCE SEP 1      3.71                      8.88  -5.17     7.43
  SINCE JAN 1     19.62                     32.99 -13.37    26.10

SNOWFALL (IN)
  TODAY            0.0           5.0  1937   0.0    0.0       T
  MONTH TO DATE    T                         0.0    0.0       T
  SINCE SEP 1      T                         0.0    0.0       T
  SINCE JUL 1      T                         0.0    0.0       T
  SNOW DEPTH       0

..................................................................


WIND (MPH)
  HIGHEST WIND SPEED    20   HIGHEST WIND DIRECTION    SE (130)
  HIGHEST GUST SPEED    24   HIGHEST GUST DIRECTION    SE (150)
  AVERAGE WIND SPEED    14.5




..........................................................


THE DALLAS FORT WORTH CLIMATE NORMALS FOR TOMORROW
                         NORMAL    RECORD    YEAR
 MAXIMUM TEMPERATURE (F)   64        82      2005
                                             1921
                                             1904
 MINIMUM TEMPERATURE (F)   43        22      1975


SUNRISE AND SUNSET
NOVEMBER 22 2014......SUNRISE   705 AM CST   SUNSET   523 PM CST
NOVEMBER 23 2014......SUNRISE   706 AM CST   SUNSET   523 PM CST


-  INDICATES NEGATIVE NUMBERS.
R  INDICATES RECORD WAS SET OR TIED.
MM INDICATES DATA IS MISSING.
T  INDICATES TRACE AMOUNT.




$$








U.S. Dept. of Commerce
NOAA National Weather Service
1325 East West Highway
Silver Spring, MD 20910
E-mail: w-nws.webmaster@noaa.gov
Page last modified: May 16, 2007
NATIONAL WEATHER SERVICE: for Safety, for Work, for Fun - FOR LIFE