478
CDUS44 KFWD 300647
CLIDFW

CLIMATE REPORT
NATIONAL WEATHER SERVICE FORT WORTH TX
146 AM CDT TUE SEP 30 2014

...................................

...THE DALLAS FORT WORTH CLIMATE SUMMARY FOR SEPTEMBER 29 2014...

CLIMATE NORMAL PERIOD 1981 TO 2010
CLIMATE RECORD PERIOD 1898 TO 2014


WEATHER ITEM   OBSERVED TIME   RECORD YEAR NORMAL DEPARTURE LAST
                VALUE   (LST)  VALUE       VALUE  FROM      YEAR
                                                  NORMAL
..................................................................
TEMPERATURE (F)
 YESTERDAY
  MAXIMUM         90    259 PM 101    2011  84      6       82
  MINIMUM         67    613 AM  46    1967  62      5       63
  AVERAGE         79                        73      6       73

PRECIPITATION (IN)
  YESTERDAY        0.00          3.29 1980   0.08  -0.08     0.00
  MONTH TO DATE    0.06                      2.48  -2.42     2.72
  SINCE SEP 1      0.06                      2.48  -2.42     2.72
  SINCE JAN 1     15.97                     26.59 -10.62    21.39

DEGREE DAYS
 HEATING
  YESTERDAY        0                         1     -1        0
  MONTH TO DATE    1                         3     -2        0
  SINCE SEP 1      1                         3     -2        0
  SINCE JUL 1      1                         3     -2        0

 COOLING
  YESTERDAY       14                         9      5        8
  MONTH TO DATE  449                       387     62      523
  SINCE SEP 1    449                       387     62      523
  SINCE JAN 1   2705                      2569    136     2751
..................................................................

WIND (MPH)
  HIGHEST WIND SPEED    14   HIGHEST WIND DIRECTION     E (80)
  HIGHEST GUST SPEED    18   HIGHEST GUST DIRECTION    NE (50)
  AVERAGE WIND SPEED     6.1


SKY COVER
  POSSIBLE SUNSHINE  MM
  AVERAGE SKY COVER 0.3


WEATHER CONDITIONS
 THE FOLLOWING WEATHER WAS RECORDED YESTERDAY.
  NO SIGNIFICANT WEATHER WAS OBSERVED.


RELATIVE HUMIDITY (PERCENT)
 HIGHEST    78           700 AM
 LOWEST     39           100 PM
 AVERAGE    59

..........................................................

THE DALLAS FORT WORTH CLIMATE NORMALS FOR TODAY
                         NORMAL    RECORD    YEAR
 MAXIMUM TEMPERATURE (F)   83        98      1977
                                             1953
 MINIMUM TEMPERATURE (F)   62        43      1984


SUNRISE AND SUNSET
SEPTEMBER 30 2014.....SUNRISE   722 AM CDT   SUNSET   714 PM CDT
OCTOBER  1 2014.......SUNRISE   722 AM CDT   SUNSET   713 PM CDT


-  INDICATES NEGATIVE NUMBERS.
R  INDICATES RECORD WAS SET OR TIED.
MM INDICATES DATA IS MISSING.
T  INDICATES TRACE AMOUNT.

$$








U.S. Dept. of Commerce
NOAA National Weather Service
1325 East West Highway
Silver Spring, MD 20910
E-mail: w-nws.webmaster@noaa.gov
Page last modified: May 16, 2007
NATIONAL WEATHER SERVICE: for Safety, for Work, for Fun - FOR LIFE