936
CDUS44 KFWD 300638
CLIDFW

CLIMATE REPORT
NATIONAL WEATHER SERVICE FORT WORTH TX
1237 AM CST FRI JAN 30 2015


...................................

...THE DALLAS FORT WORTH CLIMATE SUMMARY FOR JANUARY 29 2015...

CLIMATE NORMAL PERIOD 1981 TO 2010
CLIMATE RECORD PERIOD 1898 TO 2015


WEATHER ITEM   OBSERVED TIME   RECORD YEAR NORMAL DEPARTURE LAST
                VALUE   (LST)  VALUE       VALUE  FROM      YEAR
                                                  NORMAL
..................................................................
TEMPERATURE (F)
 YESTERDAY
  MAXIMUM         69    145 PM  84    1911  58     11       47
  MINIMUM         49   1159 PM  11    1961  36     13       16
                                      1951
  AVERAGE         59                        47     12       32

PRECIPITATION (IN)
  YESTERDAY        0.00          0.93 1999   0.08  -0.08     0.00
  MONTH TO DATE    3.08                      1.97   1.11     0.33
  SINCE DEC 1      4.21                      4.52  -0.31     3.09
  SINCE JAN 1      3.08                      1.97   1.11     0.33

SNOWFALL (IN)
  YESTERDAY        0.0           3.3  1936   0.1   -0.1      0.0
  MONTH TO DATE    T                         0.3   -0.3       T
  SINCE DEC 1      T                         0.6   -0.6      2.1
  SINCE JUL 1      T                         0.6   -0.6      2.1
  SNOW DEPTH       0

DEGREE DAYS
 HEATING
  YESTERDAY        6                        18    -12       33
  MONTH TO DATE  595                       558     37      582
  SINCE DEC 1   1051                      1116    -65     1253
  SINCE JUL 1   1469                      1470     -1     1654

 COOLING
  YESTERDAY        0                         0      0        0
  MONTH TO DATE    0                         0      0        0
  SINCE DEC 1      1                         4     -3        0
  SINCE JAN 1      0                         0      0        0
..................................................................


WIND (MPH)
  HIGHEST WIND SPEED    24   HIGHEST WIND DIRECTION     N (360)
  HIGHEST GUST SPEED    31   HIGHEST GUST DIRECTION     N (350)
  AVERAGE WIND SPEED    14.8


SKY COVER
  POSSIBLE SUNSHINE  MM
  AVERAGE SKY COVER 0.7


WEATHER CONDITIONS
 THE FOLLOWING WEATHER WAS RECORDED YESTERDAY.
  NO SIGNIFICANT WEATHER WAS OBSERVED.


RELATIVE HUMIDITY (PERCENT)
 HIGHEST    59           700 AM
 LOWEST     32           100 PM
 AVERAGE    46

..........................................................


THE DALLAS FORT WORTH CLIMATE NORMALS FOR TODAY
                         NORMAL    RECORD    YEAR
 MAXIMUM TEMPERATURE (F)   58        86      1911
 MINIMUM TEMPERATURE (F)   36         8      1949


SUNRISE AND SUNSET
JANUARY 30 2015.......SUNRISE   725 AM CST   SUNSET   559 PM CST
JANUARY 31 2015.......SUNRISE   724 AM CST   SUNSET   559 PM CST


-  INDICATES NEGATIVE NUMBERS.
R  INDICATES RECORD WAS SET OR TIED.
MM INDICATES DATA IS MISSING.
T  INDICATES TRACE AMOUNT.




$$








U.S. Dept. of Commerce
NOAA National Weather Service
1325 East West Highway
Silver Spring, MD 20910
E-mail: w-nws.webmaster@noaa.gov
Page last modified: May 16, 2007
NATIONAL WEATHER SERVICE: for Safety, for Work, for Fun - FOR LIFE