015
CDUS44 KFWD 210640
CLIDFW

CLIMATE REPORT
NATIONAL WEATHER SERVICE FORT WORTH TX
1239 AM CST FRI NOV 21 2014


...................................

...THE DALLAS FORT WORTH CLIMATE SUMMARY FOR NOVEMBER 20 2014...

CLIMATE NORMAL PERIOD 1981 TO 2010
CLIMATE RECORD PERIOD 1898 TO 2014


WEATHER ITEM   OBSERVED TIME   RECORD YEAR NORMAL DEPARTURE LAST
                VALUE   (LST)  VALUE       VALUE  FROM      YEAR
                                                  NORMAL
..................................................................
TEMPERATURE (F)
 YESTERDAY
  MAXIMUM         71    346 PM  84    2007  65      6       66
  MINIMUM         41    638 AM  23    1937  44     -3       48
  AVERAGE         56                        55      1       57

PRECIPITATION (IN)
  YESTERDAY        0.00          1.34 2009   0.08  -0.08      T
  MONTH TO DATE    1.45                      1.96  -0.51     1.21
  SINCE SEP 1      3.60                      8.73  -5.13     7.06
  SINCE JAN 1     19.51                     32.84 -13.33    25.73

SNOWFALL (IN)
  YESTERDAY        0.0           0.1  1906   0.0    0.0      0.0
  MONTH TO DATE    T                         0.0    0.0      0.0
  SINCE SEP 1      T                         0.0    0.0      0.0
  SINCE JUL 1      T                         0.0    0.0      0.0
  SNOW DEPTH       0

DEGREE DAYS
 HEATING
  YESTERDAY        9                        11     -2        8
  MONTH TO DATE  316                       153    163      138
  SINCE SEP 1    329                       225    104      182
  SINCE JUL 1    329                       225    104      182

 COOLING
  YESTERDAY        0                         0      0        0
  MONTH TO DATE    0                        27    -27       18
  SINCE SEP 1    690                       568    122      702
  SINCE JAN 1   2946                      2750    196     2930
..................................................................


WIND (MPH)
  HIGHEST WIND SPEED    20   HIGHEST WIND DIRECTION    SW (210)
  HIGHEST GUST SPEED    25   HIGHEST GUST DIRECTION     S (200)
  AVERAGE WIND SPEED     9.1


SKY COVER
  POSSIBLE SUNSHINE  MM
  AVERAGE SKY COVER 0.5


WEATHER CONDITIONS
 THE FOLLOWING WEATHER WAS RECORDED YESTERDAY.
  NO SIGNIFICANT WEATHER WAS OBSERVED.


RELATIVE HUMIDITY (PERCENT)
 HIGHEST    93           500 AM
 LOWEST     37           200 PM
 AVERAGE    65

..........................................................


THE DALLAS FORT WORTH CLIMATE NORMALS FOR TODAY
                         NORMAL    RECORD    YEAR
 MAXIMUM TEMPERATURE (F)   65        83      1967
                                             1900
 MINIMUM TEMPERATURE (F)   44        22      1906


SUNRISE AND SUNSET
NOVEMBER 21 2014......SUNRISE   704 AM CST   SUNSET   524 PM CST
NOVEMBER 22 2014......SUNRISE   705 AM CST   SUNSET   523 PM CST


-  INDICATES NEGATIVE NUMBERS.
R  INDICATES RECORD WAS SET OR TIED.
MM INDICATES DATA IS MISSING.
T  INDICATES TRACE AMOUNT.




$$








U.S. Dept. of Commerce
NOAA National Weather Service
1325 East West Highway
Silver Spring, MD 20910
E-mail: w-nws.webmaster@noaa.gov
Page last modified: May 16, 2007
NATIONAL WEATHER SERVICE: for Safety, for Work, for Fun - FOR LIFE