554
CDUS44 KFWD 010643
CLIDFW

CLIMATE REPORT
NATIONAL WEATHER SERVICE FORT WORTH TX
143 AM CDT FRI AUG 1 2014

...................................

...THE DALLAS FORT WORTH CLIMATE SUMMARY FOR JULY 31 2014...

CLIMATE NORMAL PERIOD 1981 TO 2010
CLIMATE RECORD PERIOD 1898 TO 2014


WEATHER ITEM   OBSERVED TIME   RECORD YEAR NORMAL DEPARTURE LAST
                VALUE   (LST)  VALUE       VALUE  FROM      YEAR
                                                  NORMAL
..................................................................
TEMPERATURE (F)
 YESTERDAY
  MAXIMUM         81    846 AM 106    2012  97    -16      102
                                      1998
                                      1986
  MINIMUM         71   1159 PM  60    1971  76     -5       79
  AVERAGE         76                        86    -10       91

PRECIPITATION (IN)
  YESTERDAY        T             1.76 1992   0.06  -0.06     0.00
  MONTH TO DATE    0.98                      2.16  -1.18     2.05
  SINCE JUN 1      4.24                      5.95  -1.71     4.19
  SINCE JAN 1     11.57                     22.20 -10.63    17.35

DEGREE DAYS
 HEATING
  YESTERDAY        0                         0      0        0
  MONTH TO DATE    0                         0      0        0
  SINCE JUN 1      0                         0      0        0
  SINCE JUL 1      0                         0      0        0

 COOLING
  YESTERDAY       11                        21    -10       26
  MONTH TO DATE  589                       631    -42      609
  SINCE JUN 1   1116                      1122     -6     1147
  SINCE JAN 1   1592                      1544     48     1536
..................................................................


WIND (MPH)
  HIGHEST WIND SPEED    22   HIGHEST WIND DIRECTION    NW (320)
  HIGHEST GUST SPEED    26   HIGHEST GUST DIRECTION    NW (320)
  AVERAGE WIND SPEED    12.5


SKY COVER
  POSSIBLE SUNSHINE  MM
  AVERAGE SKY COVER 0.8


WEATHER CONDITIONS
 THE FOLLOWING WEATHER WAS RECORDED YESTERDAY.
  THUNDERSTORM
  LIGHT RAIN
  FOG


RELATIVE HUMIDITY (PERCENT)
 HIGHEST    87          1100 AM
 LOWEST     62           900 AM
 AVERAGE    75

..........................................................


THE DALLAS FORT WORTH CLIMATE NORMALS FOR TODAY
                         NORMAL    RECORD    YEAR
 MAXIMUM TEMPERATURE (F)   97       107      2011
 MINIMUM TEMPERATURE (F)   76        63      1936


SUNRISE AND SUNSET
AUGUST  1 2014........SUNRISE   642 AM CDT   SUNSET   827 PM CDT
AUGUST  2 2014........SUNRISE   642 AM CDT   SUNSET   826 PM CDT


-  INDICATES NEGATIVE NUMBERS.
R  INDICATES RECORD WAS SET OR TIED.
MM INDICATES DATA IS MISSING.
T  INDICATES TRACE AMOUNT.

$$

58








U.S. Dept. of Commerce
NOAA National Weather Service
1325 East West Highway
Silver Spring, MD 20910
E-mail: w-nws.webmaster@noaa.gov
Page last modified: May 16, 2007
NATIONAL WEATHER SERVICE: for Safety, for Work, for Fun - FOR LIFE