802
CDUS44 KFWD 200640
CLIDFW

CLIMATE REPORT
NATIONAL WEATHER SERVICE FORT WORTH TX
140 AM CDT SUN APR 20 2014


...THE DALLAS FORT WORTH CLIMATE SUMMARY FOR APRIL 19 2014...

CLIMATE NORMAL PERIOD 1981 TO 2010
CLIMATE RECORD PERIOD 1898 TO 2014


WEATHER ITEM   OBSERVED TIME   RECORD YEAR NORMAL DEPARTURE LAST
                VALUE   (LST)  VALUE       VALUE  FROM      YEAR
                                                  NORMAL
..................................................................
TEMPERATURE (F)
 YESTERDAY
  MAXIMUM         79    245 PM  93    1996  77      2       63
  MINIMUM         55    620 AM  36    1953  56     -1       40
  AVERAGE         67                        66      1       52

PRECIPITATION (IN)
  YESTERDAY        0.00          3.67 1942   0.11  -0.11     0.00
  MONTH TO DATE    1.09                      1.71  -0.62     1.95
  SINCE MAR 1      2.54                      5.20  -2.66     4.22
  SINCE JAN 1      3.28                      9.99  -6.71     9.96

SNOWFALL (IN)
  YESTERDAY        0.0           0.0         0.0    0.0      0.0
  MONTH TO DATE    0.0                       0.0    0.0      0.0
  SINCE MAR 1      0.1                       0.2   -0.1      0.0
  SINCE JUL 1      2.9                       1.2    1.7      0.8
  SNOW DEPTH       0

DEGREE DAYS
 HEATING
  YESTERDAY        0                         2     -2       13
  MONTH TO DATE   94                        68     26       96
  SINCE MAR 1    415                       329     86      375
  SINCE JUL 1   2588                      2261    327     1965

 COOLING
  YESTERDAY        2                         4     -2        0
  MONTH TO DATE   64                        50     14       62
  SINCE MAR 1     86                        82      4       83
  SINCE JAN 1     86                        89     -3       95
..................................................................


WIND (MPH)
  HIGHEST WIND SPEED    17   HIGHEST WIND DIRECTION    SE (150)
  HIGHEST GUST SPEED    22   HIGHEST GUST DIRECTION    SE (140)
  AVERAGE WIND SPEED     7.3


SKY COVER
  POSSIBLE SUNSHINE  MM
  AVERAGE SKY COVER 0.7


WEATHER CONDITIONS
 THE FOLLOWING WEATHER WAS RECORDED YESTERDAY.
  NO SIGNIFICANT WEATHER WAS OBSERVED.


RELATIVE HUMIDITY (PERCENT)
 HIGHEST    77           500 AM
 LOWEST     40           100 PM
 AVERAGE    59

..........................................................


THE DALLAS FORT WORTH CLIMATE NORMALS FOR TODAY
                         NORMAL    RECORD    YEAR
 MAXIMUM TEMPERATURE (F)   77        94      1925
 MINIMUM TEMPERATURE (F)   56        40      1953


SUNRISE AND SUNSET
APRIL 20 2014.........SUNRISE   652 AM CDT   SUNSET   802 PM CDT
APRIL 21 2014.........SUNRISE   651 AM CDT   SUNSET   803 PM CDT


-  INDICATES NEGATIVE NUMBERS.
R  INDICATES RECORD WAS SET OR TIED.
MM INDICATES DATA IS MISSING.
T  INDICATES TRACE AMOUNT.




$$









U.S. Dept. of Commerce
NOAA National Weather Service
1325 East West Highway
Silver Spring, MD 20910
E-mail: w-nws.webmaster@noaa.gov
Page last modified: May 16, 2007
NATIONAL WEATHER SERVICE: for Safety, for Work, for Fun - FOR LIFE