204
CDUS44 KFWD 230642
CLIDFW

CLIMATE REPORT
NATIONAL WEATHER SERVICE FORT WORTH TX
140 AM CDT THU OCT 23 2014


...THE DALLAS FORT WORTH CLIMATE SUMMARY FOR OCTOBER 22 2014...

CLIMATE NORMAL PERIOD 1981 TO 2010
CLIMATE RECORD PERIOD 1898 TO 2014


WEATHER ITEM   OBSERVED TIME   RECORD YEAR NORMAL DEPARTURE LAST
                VALUE   (LST)  VALUE       VALUE  FROM      YEAR
                                                  NORMAL
..................................................................
TEMPERATURE (F)
 YESTERDAY
  MAXIMUM         80    357 PM  94    1939  77      3       77
  MINIMUM         61    641 AM  31    1898  55      6       45
  AVERAGE         71                        66      5       61

PRECIPITATION (IN)
  YESTERDAY        0.00          2.19 1908   0.15  -0.15     0.00
  MONTH TO DATE    2.08                      2.90  -0.82     1.77
  SINCE SEP 1      2.14                      5.45  -3.31     4.49
  SINCE JAN 1     18.05                     29.56 -11.51    23.16

SNOWFALL (IN)
  YESTERDAY        0.0           0.0         0.0    0.0      0.0
  MONTH TO DATE    0.0                       0.0    0.0      0.0
  SINCE SEP 1      0.0                       0.0    0.0      0.0
  SINCE JUL 1      0.0                       0.0    0.0      0.0
  SNOW DEPTH       0

DEGREE DAYS
 HEATING
  YESTERDAY        0                         3     -3        4
  MONTH TO DATE    4                        33    -29       37
  SINCE SEP 1      5                        39    -34       37
  SINCE JUL 1      5                        39    -34       37

 COOLING
  YESTERDAY        6                         3      3        0
  MONTH TO DATE  173                       120     53      133
  SINCE SEP 1    638                       515    123      665
  SINCE JAN 1   2894                      2697    197     2893
..................................................................


WIND (MPH)
  HIGHEST WIND SPEED    16   HIGHEST WIND DIRECTION    SE (130)
  HIGHEST GUST SPEED    20   HIGHEST GUST DIRECTION    SE (130)
  AVERAGE WIND SPEED     6.2


SKY COVER
    AVERAGE SKY COVER 0.5


WEATHER CONDITIONS
 THE FOLLOWING WEATHER WAS RECORDED YESTERDAY.
  FOG
  HAZE


RELATIVE HUMIDITY (PERCENT)
 HIGHEST    93           800 AM
 LOWEST     45           400 PM
 AVERAGE    69

..........................................................


THE DALLAS FORT WORTH CLIMATE NORMALS FOR TODAY
                         NORMAL    RECORD    YEAR
 MAXIMUM TEMPERATURE (F)   76        91      1939
                                             1925
 MINIMUM TEMPERATURE (F)   55        36      1990
                                             1917


SUNRISE AND SUNSET
OCTOBER 23 2014.......SUNRISE   739 AM CDT   SUNSET   646 PM CDT
OCTOBER 24 2014.......SUNRISE   739 AM CDT   SUNSET   645 PM CDT


-  INDICATES NEGATIVE NUMBERS.
R  INDICATES RECORD WAS SET OR TIED.
MM INDICATES DATA IS MISSING.
T  INDICATES TRACE AMOUNT.




$$









U.S. Dept. of Commerce
NOAA National Weather Service
1325 East West Highway
Silver Spring, MD 20910
E-mail: w-nws.webmaster@noaa.gov
Page last modified: May 16, 2007
NATIONAL WEATHER SERVICE: for Safety, for Work, for Fun - FOR LIFE