434
CDUS44 KSHV 230835
CLIDEQ


CLIMATE REPORT
NATIONAL WEATHER SERVICE SHREVEPORT, LA
234 AM CST SUN NOV 23 2014


...................................

...THE DE QUEEN CLIMATE SUMMARY FOR NOVEMBER 22 2014...

CLIMATE NORMAL PERIOD 1981 TO 2010
CLIMATE RECORD PERIOD 1902 TO 2014


WEATHER ITEM   OBSERVED TIME   RECORD YEAR NORMAL DEPARTURE LAST
                VALUE   (LST)  VALUE       VALUE  FROM      YEAR
                                                  NORMAL
..................................................................
TEMPERATURE (F)
 YESTERDAY
  MAXIMUM         64    148 PM  81    1955  62      2       63
  MINIMUM         54    828 AM  17    1964  36     18       42
  AVERAGE         59                        49     10       53

PRECIPITATION (IN)
  YESTERDAY        0.05          2.15 1961   0.14  -0.09     0.52
  MONTH TO DATE    2.15                      3.72  -1.57     3.79
  SINCE DEC 1     42.67                     47.80  -5.13    36.75
  SINCE JAN 1     40.74                     43.44  -2.70    32.70

SNOWFALL (IN)
  YESTERDAY        0.0
  MONTH TO DATE    0.5
  SINCE SEP 1      0.5
  SINCE JUL 1      0.5
  SNOW DEPTH       0

DEGREE DAYS
 HEATING
  YESTERDAY        6                        16    -10       12
  MONTH TO DATE  429                       252    177      260
  SINCE SEP 1    510                       385    125      404
  SINCE JUL 1    510                       385    125      404

 COOLING
  YESTERDAY        0                         0      0        0
  MONTH TO DATE    0                         5     -5        6
  SINCE SEP 1    380                       347     33      466
  SINCE JAN 1   1710                      1939   -229     2029
..................................................................


WIND (MPH)
  HIGHEST WIND SPEED    17   HIGHEST WIND DIRECTION    SE (130)
  HIGHEST GUST SPEED    24   HIGHEST GUST DIRECTION     E (100)
  AVERAGE WIND SPEED     5.0


SKY COVER
  POSSIBLE SUNSHINE  MM
  AVERAGE SKY COVER 1.0


WEATHER CONDITIONS
 THE FOLLOWING WEATHER WAS RECORDED YESTERDAY.
  THUNDERSTORM
  RAIN
  LIGHT RAIN
  FOG


RELATIVE HUMIDITY (PERCENT)
 HIGHEST   100           700 AM
 LOWEST     78           100 PM
 AVERAGE    89

..........................................................


THE DE QUEEN CLIMATE NORMALS FOR TODAY
                         NORMAL    RECORD    YEAR
 MAXIMUM TEMPERATURE (F)   62        77      2010
                                             2005
 MINIMUM TEMPERATURE (F)   36        19      1975


SUNRISE AND SUNSET
NOVEMBER 23 2014......SUNRISE   658 AM CST   SUNSET   510 PM CST
NOVEMBER 24 2014......SUNRISE   659 AM CST   SUNSET   510 PM CST


-  INDICATES NEGATIVE NUMBERS.
R  INDICATES RECORD WAS SET OR TIED.
MM INDICATES DATA IS MISSING.
T  INDICATES TRACE AMOUNT.




$$





U.S. Dept. of Commerce
NOAA National Weather Service
1325 East West Highway
Silver Spring, MD 20910
E-mail: w-nws.webmaster@noaa.gov
Page last modified: May 16, 2007
NATIONAL WEATHER SERVICE: for Safety, for Work, for Fun - FOR LIFE