851
CDUS44 KSHV 302148
CLIDEQ


CLIMATE REPORT
NATIONAL WEATHER SERVICE SHREVEPORT, LA
447 PM CDT THU OCT 30 2014


...................................

...THE DE QUEEN CLIMATE SUMMARY FOR OCTOBER 30 2014...
VALID TODAY AS OF 0400 PM LOCAL TIME.

CLIMATE NORMAL PERIOD 1981 TO 2010
CLIMATE RECORD PERIOD 1902 TO 2014


WEATHER ITEM   OBSERVED TIME   RECORD YEAR NORMAL DEPARTURE LAST
                VALUE   (LST)  VALUE       VALUE  FROM      YEAR
                                                  NORMAL
..................................................................
TEMPERATURE (F)
 TODAY
  MAXIMUM         73    239 PM  90    1937  72      1       72
  MINIMUM         40    655 AM  26    1980  46     -6       64
  AVERAGE         57                        59     -2       68

PRECIPITATION (IN)
  TODAY            0.00          3.97 1969   0.12  -0.12     0.10
  MONTH TO DATE    5.15                      4.41   0.74     2.66
  SINCE DEC 1     40.52                     43.97  -3.45    32.96
  SINCE JAN 1     38.59                     39.61  -1.02    28.91

SNOWFALL (IN)
  TODAY            0.0
  MONTH TO DATE    0.0
  SINCE SEP 1      0.0
  SINCE JUL 1      0.0
  SNOW DEPTH       0

DEGREE DAYS
 HEATING
  TODAY            8                         7      1        0
  MONTH TO DATE   65                       118    -53      141
  SINCE SEP 1     66                       127    -61      141
  SINCE JUL 1     66                       127    -61      141

 COOLING
  TODAY            0                         1     -1        3
  MONTH TO DATE   78                        70      8       87
  SINCE SEP 1    380                       343     37      460
  SINCE JAN 1   1710                      1935   -225     2023
..................................................................


WIND (MPH)
  HIGHEST WIND SPEED    12   HIGHEST WIND DIRECTION    SW (240)
  HIGHEST GUST SPEED    17   HIGHEST GUST DIRECTION    SW (240)
  AVERAGE WIND SPEED     3.0


SKY COVER
  POSSIBLE SUNSHINE  MM
  AVERAGE SKY COVER 0.4


WEATHER CONDITIONS
 THE FOLLOWING WEATHER WAS RECORDED TODAY.
  FOG
  FOG W/VISIBILITY <= 1/4 MILE


RELATIVE HUMIDITY (PERCENT)
 HIGHEST   100          1200 AM
 LOWEST     35           300 PM
 AVERAGE    68

..........................................................


THE DE QUEEN CLIMATE NORMALS FOR TOMORROW
                         NORMAL    RECORD    YEAR
 MAXIMUM TEMPERATURE (F)   72        88      1937
                                             1963
 MINIMUM TEMPERATURE (F)   46        21      1993


SUNRISE AND SUNSET
OCTOBER 30 2014.......SUNRISE   735 AM CDT   SUNSET   627 PM CDT
OCTOBER 31 2014.......SUNRISE   736 AM CDT   SUNSET   626 PM CDT


-  INDICATES NEGATIVE NUMBERS.
R  INDICATES RECORD WAS SET OR TIED.
MM INDICATES DATA IS MISSING.
T  INDICATES TRACE AMOUNT.




$$





U.S. Dept. of Commerce
NOAA National Weather Service
1325 East West Highway
Silver Spring, MD 20910
E-mail: w-nws.webmaster@noaa.gov
Page last modified: May 16, 2007
NATIONAL WEATHER SERVICE: for Safety, for Work, for Fun - FOR LIFE