476
CDUS44 KSHV 170731
CLIDEQ


CLIMATE REPORT
NATIONAL WEATHER SERVICE SHREVEPORT, LA
231 AM CDT THU APR 17 2014


...................................

...THE DE QUEEN CLIMATE SUMMARY FOR APRIL 16 2014...

CLIMATE NORMAL PERIOD 1981 TO 2010
CLIMATE RECORD PERIOD 1902 TO 2014


WEATHER ITEM   OBSERVED TIME   RECORD YEAR NORMAL DEPARTURE LAST
                VALUE   (LST)  VALUE       VALUE  FROM      YEAR
                                                  NORMAL
..................................................................
TEMPERATURE (F)
 YESTERDAY
  MAXIMUM         63    452 PM  88    2006  74    -11       87
                                      1965
  MINIMUM         36    604 AM  29    1961  48    -12       62
  AVERAGE         50                        61    -11       75

PRECIPITATION (IN)
  YESTERDAY        0.00          3.06 1946   0.12  -0.12     0.00
  MONTH TO DATE    3.08                      1.81   1.27     1.08
  SINCE DEC 1     10.10                     17.81  -7.71    10.63
  SINCE JAN 1      8.17                     13.45  -5.28     6.58

SNOWFALL (IN)
  YESTERDAY        0.0
  MONTH TO DATE    0.0
  SINCE MAR 1      T
  SINCE JUL 1      1.2
  SNOW DEPTH       0

DEGREE DAYS
 HEATING
  YESTERDAY       15                         5     10        0
  MONTH TO DATE  134                       108     26      112
  SINCE MAR 1    595                       485    110      578
  SINCE JUL 1   3367                      2976    391     2893

 COOLING
  YESTERDAY        0                         1     -1       10
  MONTH TO DATE   17                        16      1       34
  SINCE MAR 1     18                        25     -7       34
  SINCE JAN 1     18                        27     -9       38
..................................................................


WIND (MPH)
  HIGHEST WIND SPEED    16   HIGHEST WIND DIRECTION    SE (130)
  HIGHEST GUST SPEED    22   HIGHEST GUST DIRECTION    SE (130)
  AVERAGE WIND SPEED     6.1


SKY COVER
  POSSIBLE SUNSHINE  MM
  AVERAGE SKY COVER 0.0


WEATHER CONDITIONS
 THE FOLLOWING WEATHER WAS RECORDED YESTERDAY.
  NO SIGNIFICANT WEATHER WAS OBSERVED.


RELATIVE HUMIDITY (PERCENT)
 HIGHEST    93          1100 PM
 LOWEST     34           200 PM
 AVERAGE    64

..........................................................


THE DE QUEEN CLIMATE NORMALS FOR TODAY
                         NORMAL    RECORD    YEAR
 MAXIMUM TEMPERATURE (F)   74        89      2006
 MINIMUM TEMPERATURE (F)   49        27      1951


SUNRISE AND SUNSET
APRIL 17 2014.........SUNRISE   644 AM CDT   SUNSET   751 PM CDT
APRIL 18 2014.........SUNRISE   643 AM CDT   SUNSET   751 PM CDT


-  INDICATES NEGATIVE NUMBERS.
R  INDICATES RECORD WAS SET OR TIED.
MM INDICATES DATA IS MISSING.
T  INDICATES TRACE AMOUNT.




$$





U.S. Dept. of Commerce
NOAA National Weather Service
1325 East West Highway
Silver Spring, MD 20910
E-mail: w-nws.webmaster@noaa.gov
Page last modified: May 16, 2007
NATIONAL WEATHER SERVICE: for Safety, for Work, for Fun - FOR LIFE