919
CDUS45 KBOU 212329
CLIDEN


CLIMATE REPORT
NATIONAL WEATHER SERVICE DENVER CO
528 PM MDT TUE OCT 21 2014


...................................

...THE DENVER CO CLIMATE SUMMARY FOR OCTOBER 21 2014...
VALID TODAY AS OF 0500 PM LOCAL TIME.

CLIMATE NORMAL PERIOD 1981 TO 2010
CLIMATE RECORD PERIOD 1872 TO 2014


WEATHER ITEM   OBSERVED TIME   RECORD YEAR NORMAL DEPARTURE LAST
                VALUE   (LST)  VALUE       VALUE  FROM      YEAR
                                                  NORMAL
..................................................................
TEMPERATURE (F)
 TODAY
  MAXIMUM         79    130 PM  83    2003  63     16       58
  MINIMUM         48    441 AM  17    1911  35     13       29
  AVERAGE         64                        49     15       44

PRECIPITATION (IN)
  TODAY            0.00          0.63 1906   0.03  -0.03     0.00
  MONTH TO DATE    0.50                      0.74  -0.24     0.70
  SINCE SEP 1      2.29                      1.70   0.59     6.31
  SINCE JAN 1     17.40                     13.06   4.34    17.06

DEGREE DAYS
 HEATING
  TODAY            1                        16    -15       21
  MONTH TO DATE  187                       260    -73      340
  SINCE SEP 1    278                       385   -107      423
  SINCE JUL 1    285                       401   -116      423

 COOLING
  TODAY            0                         0      0        0
  MONTH TO DATE    0                         1     -1        0
  SINCE SEP 1     88                        77     11      133
  SINCE JAN 1    701                       765    -64      999
..................................................................


WIND (MPH)
  HIGHEST WIND SPEED    26   HIGHEST WIND DIRECTION     S (190)
  HIGHEST GUST SPEED    31   HIGHEST GUST DIRECTION     S (200)
  AVERAGE WIND SPEED    11.4


SKY COVER **
  POSSIBLE SUNSHINE  MM
  AVERAGE SKY COVER 0.3


WEATHER CONDITIONS
 THE FOLLOWING WEATHER WAS RECORDED TODAY.
  NO SIGNIFICANT WEATHER WAS OBSERVED.


RELATIVE HUMIDITY (PERCENT)
 HIGHEST    61           500 AM
 LOWEST     18           200 PM
 AVERAGE    40

..........................................................


THE DENVER CO CLIMATE NORMALS FOR TOMORROW
                         NORMAL    RECORD    YEAR
 MAXIMUM TEMPERATURE (F)   63        84      2003
 MINIMUM TEMPERATURE (F)   35         8      1873


SUNRISE AND SUNSET
OCTOBER 21 2014.......SUNRISE   715 AM MDT   SUNSET   612 PM MDT
OCTOBER 22 2014.......SUNRISE   717 AM MDT   SUNSET   611 PM MDT


-  INDICATES NEGATIVE NUMBERS.
R  INDICATES RECORD WAS SET OR TIED.
MM INDICATES DATA IS MISSING.
T  INDICATES TRACE AMOUNT.




$$





U.S. Dept. of Commerce
NOAA National Weather Service
1325 East West Highway
Silver Spring, MD 20910
E-mail: w-nws.webmaster@noaa.gov
Page last modified: May 16, 2007
NATIONAL WEATHER SERVICE: for Safety, for Work, for Fun - FOR LIFE