761
CDUS45 KBOU 311228
CLIDEN


CLIMATE REPORT
NATIONAL WEATHER SERVICE DENVER CO
628 AM MDT FRI OCT 31 2014


...................................

...THE DENVER CO CLIMATE SUMMARY FOR OCTOBER 31 2014...
VALID AS OF 0600 AM LOCAL TIME.

CLIMATE NORMAL PERIOD 1981 TO 2010
CLIMATE RECORD PERIOD 1872 TO 2014


WEATHER ITEM   OBSERVED TIME   RECORD YEAR NORMAL DEPARTURE LAST
                VALUE   (LST)  VALUE       VALUE  FROM      YEAR
                                                  NORMAL
..................................................................
TEMPERATURE (F)
 TODAY
  MAXIMUM         38    410 AM  79    1950  59    -21       56
  MINIMUM         34    427 AM  10    1991  31      3       31
  AVERAGE         36                        45     -9       44

PRECIPITATION (IN)
  TODAY            0.00          0.66 1889   0.02  -0.02     0.00
  MONTH TO DATE    0.52                      1.02  -0.50     0.72
  SINCE SEP 1      2.31                      1.98   0.33     6.33
  SINCE JAN 1     17.42                     13.34   4.08    17.08

..................................................................


WIND (MPH)
  HIGHEST WIND SPEED    14   HIGHEST WIND DIRECTION     S (180)
  HIGHEST GUST SPEED    16   HIGHEST GUST DIRECTION     S (180)
  AVERAGE WIND SPEED     9.8




RELATIVE HUMIDITY (PERCENT)
 HIGHEST    70          1200 AM
 LOWEST     64           100 AM
 AVERAGE    67

..........................................................


THE DENVER CO CLIMATE NORMALS FOR TOMORROW
                         NORMAL    RECORD    YEAR
 MAXIMUM TEMPERATURE (F)   59        78      1988
 MINIMUM TEMPERATURE (F)   31        -6      1951


SUNRISE AND SUNSET
OCTOBER 31 2014.......SUNRISE   726 AM MDT   SUNSET   558 PM MDT
NOVEMBER  1 2014......SUNRISE   728 AM MDT   SUNSET   557 PM MDT


-  INDICATES NEGATIVE NUMBERS.
R  INDICATES RECORD WAS SET OR TIED.
MM INDICATES DATA IS MISSING.
T  INDICATES TRACE AMOUNT.




$$





U.S. Dept. of Commerce
NOAA National Weather Service
1325 East West Highway
Silver Spring, MD 20910
E-mail: w-nws.webmaster@noaa.gov
Page last modified: May 16, 2007
NATIONAL WEATHER SERVICE: for Safety, for Work, for Fun - FOR LIFE