498
CDUS45 KBOU 311243
CLIDEN


CLIMATE REPORT
NATIONAL WEATHER SERVICE DENVER CO
643 AM MDT THU JUL 31 2014


...................................

...THE DENVER CO CLIMATE SUMMARY FOR JULY 31 2014...
VALID AS OF 0600 AM LOCAL TIME.

CLIMATE NORMAL PERIOD 1981 TO 2010
CLIMATE RECORD PERIOD 1872 TO 2014


WEATHER ITEM   OBSERVED TIME   RECORD YEAR NORMAL DEPARTURE LAST
                VALUE   (LST)  VALUE       VALUE  FROM      YEAR
                                                  NORMAL
..................................................................
TEMPERATURE (F)
 TODAY
  MAXIMUM         59   1223 AM 100    1889  90    -31       92
  MINIMUM         58    459 AM  42    1873  60     -2       59
  AVERAGE         59                        75    -16       76

PRECIPITATION (IN)
  TODAY            0.00          2.59 1919   0.08  -0.08     0.00
  MONTH TO DATE    3.85                      2.16   1.69     1.98
  SINCE JUN 1      5.67                      4.14   1.53     2.73
  SINCE JAN 1     12.38                      9.67   2.71     7.97

..................................................................


WIND (MPH)
  HIGHEST WIND SPEED     7   HIGHEST WIND DIRECTION     S (160)
  HIGHEST GUST SPEED     9   HIGHEST GUST DIRECTION     S (180)
  AVERAGE WIND SPEED     3.8




RELATIVE HUMIDITY (PERCENT)
 HIGHEST    93           100 AM
 LOWEST     87          1200 AM
 AVERAGE    90

..........................................................


THE DENVER CO CLIMATE NORMALS FOR TOMORROW
                         NORMAL    RECORD    YEAR
 MAXIMUM TEMPERATURE (F)   90       104      2008
 MINIMUM TEMPERATURE (F)   60        42      1995


SUNRISE AND SUNSET
JULY 31 2014..........SUNRISE   557 AM MDT   SUNSET   814 PM MDT
AUGUST  1 2014........SUNRISE   557 AM MDT   SUNSET   813 PM MDT


-  INDICATES NEGATIVE NUMBERS.
R  INDICATES RECORD WAS SET OR TIED.
MM INDICATES DATA IS MISSING.
T  INDICATES TRACE AMOUNT.




$$





U.S. Dept. of Commerce
NOAA National Weather Service
1325 East West Highway
Silver Spring, MD 20910
E-mail: w-nws.webmaster@noaa.gov
Page last modified: May 16, 2007
NATIONAL WEATHER SERVICE: for Safety, for Work, for Fun - FOR LIFE