570
CDUS45 KBOU 230800
CLIDEN


CLIMATE REPORT
NATIONAL WEATHER SERVICE DENVER CO
157 AM MDT THU OCT 23 2014


...................................

...THE DENVER CO CLIMATE SUMMARY FOR OCTOBER 22 2014...

CLIMATE NORMAL PERIOD 1981 TO 2010
CLIMATE RECORD PERIOD 1872 TO 2014


WEATHER ITEM   OBSERVED TIME   RECORD YEAR NORMAL DEPARTURE LAST
                VALUE   (LST)  VALUE       VALUE  FROM      YEAR
                                                  NORMAL
..................................................................
TEMPERATURE (F)
 YESTERDAY
  MAXIMUM         73    218 PM  84    2003  63     10       64
  MINIMUM         43    629 AM   8    1873  35      8       34
  AVERAGE         58                        49      9       49

PRECIPITATION (IN)
  YESTERDAY        0.02          0.91 1978   0.03  -0.01     0.00
  MONTH TO DATE    0.52                      0.77  -0.25     0.70
  SINCE SEP 1      2.31                      1.73   0.58     6.31
  SINCE JAN 1     17.42                     13.09   4.33    17.06

SNOWFALL (IN)
  YESTERDAY        0.0
  MONTH TO DATE      0
  SINCE SEP 1        T
  SINCE JUL 1        T
  SNOW DEPTH       0


DEGREE DAYS
 HEATING
  YESTERDAY        7                        16     -9       16
  MONTH TO DATE  194                       276    -82      356
  SINCE SEP 1    285                       401   -116      439
  SINCE JUL 1    292                       417   -125      439

 COOLING
  YESTERDAY        0                         0      0        0
  MONTH TO DATE    0                         1     -1        0
  SINCE SEP 1     88                        77     11      133
  SINCE JAN 1    701                       765    -64      999
..................................................................


WIND (MPH)
  HIGHEST WIND SPEED    13   HIGHEST WIND DIRECTION     S (180)
  HIGHEST GUST SPEED    22   HIGHEST GUST DIRECTION     W (260)
  AVERAGE WIND SPEED     6.7


SKY COVER **
  POSSIBLE SUNSHINE  MM
  AVERAGE SKY COVER 0.6


WEATHER CONDITIONS
 THE FOLLOWING WEATHER WAS RECORDED YESTERDAY.
  LIGHT RAIN


RELATIVE HUMIDITY (PERCENT)
 HIGHEST    86           700 AM
 LOWEST     27           200 PM
 AVERAGE    57

..........................................................


THE DENVER CO CLIMATE NORMALS FOR TODAY
                         NORMAL    RECORD    YEAR
 MAXIMUM TEMPERATURE (F)   62        87      1973
 MINIMUM TEMPERATURE (F)   34        16      1873


SUNRISE AND SUNSET
OCTOBER 23 2014.......SUNRISE   718 AM MDT   SUNSET   609 PM MDT
OCTOBER 24 2014.......SUNRISE   719 AM MDT   SUNSET   608 PM MDT


-  INDICATES NEGATIVE NUMBERS.
R  INDICATES RECORD WAS SET OR TIED.
MM INDICATES DATA IS MISSING.
T  INDICATES TRACE AMOUNT.

&&

** SUNSHINE DATA WILL NO LONGER BE AVAILABLE EFFECTIVE OCTOBER 1ST 2009.




$$





U.S. Dept. of Commerce
NOAA National Weather Service
1325 East West Highway
Silver Spring, MD 20910
E-mail: w-nws.webmaster@noaa.gov
Page last modified: May 16, 2007
NATIONAL WEATHER SERVICE: for Safety, for Work, for Fun - FOR LIFE