102
CDUS45 KBOU 211224
CLIDEN


CLIMATE REPORT
NATIONAL WEATHER SERVICE DENVER CO
623 AM MDT MON APR 21 2014


...................................

...THE DENVER CO CLIMATE SUMMARY FOR APRIL 21 2014...
VALID AS OF 0600 AM LOCAL TIME.

CLIMATE NORMAL PERIOD 1981 TO 2010
CLIMATE RECORD PERIOD 1872 TO 2014


WEATHER ITEM   OBSERVED TIME   RECORD YEAR NORMAL DEPARTURE LAST
                VALUE   (LST)  VALUE       VALUE  FROM      YEAR
                                                  NORMAL
..................................................................
TEMPERATURE (F)
 TODAY
  MAXIMUM         53   1242 AM  89    1989  63    -10       61
  MINIMUM         44    459 AM  14    1907  35      9       34
  AVERAGE         49                        49      0       48

PRECIPITATION (IN)
  TODAY            0.00          1.13 1952   0.07  -0.07     0.00
  MONTH TO DATE    0.76                      1.09  -0.33     1.37
  SINCE MAR 1      1.59                      2.01  -0.42     2.84
  SINCE JAN 1      2.72                      2.79  -0.07     3.92

..................................................................


WIND (MPH)
  HIGHEST WIND SPEED    16   HIGHEST WIND DIRECTION    NW (320)
  HIGHEST GUST SPEED    19   HIGHEST GUST DIRECTION    NW (330)
  AVERAGE WIND SPEED     9.4




RELATIVE HUMIDITY (PERCENT)
 HIGHEST    70           200 AM
 LOWEST     54           100 AM
 AVERAGE    62

..........................................................


THE DENVER CO CLIMATE NORMALS FOR TOMORROW
                         NORMAL    RECORD    YEAR
 MAXIMUM TEMPERATURE (F)   63        88      1989
 MINIMUM TEMPERATURE (F)   35        21      2013


SUNRISE AND SUNSET
APRIL 21 2014.........SUNRISE   612 AM MDT   SUNSET   742 PM MDT
APRIL 22 2014.........SUNRISE   611 AM MDT   SUNSET   743 PM MDT


-  INDICATES NEGATIVE NUMBERS.
R  INDICATES RECORD WAS SET OR TIED.
MM INDICATES DATA IS MISSING.
T  INDICATES TRACE AMOUNT.




$$





U.S. Dept. of Commerce
NOAA National Weather Service
1325 East West Highway
Silver Spring, MD 20910
E-mail: w-nws.webmaster@noaa.gov
Page last modified: May 16, 2007
NATIONAL WEATHER SERVICE: for Safety, for Work, for Fun - FOR LIFE