199
CDUS45 KBOU 272340
CLIDEN


CLIMATE REPORT
NATIONAL WEATHER SERVICE DENVER CO
440 PM MST THU NOV 27 2014


...................................

...THE DENVER CO CLIMATE SUMMARY FOR NOVEMBER 27 2014...
VALID TODAY AS OF 0400 PM LOCAL TIME.

CLIMATE NORMAL PERIOD 1981 TO 2010
CLIMATE RECORD PERIOD 1872 TO 2014


WEATHER ITEM   OBSERVED TIME   RECORD YEAR NORMAL DEPARTURE LAST
                VALUE   (LST)  VALUE       VALUE  FROM      YEAR
                                                  NORMAL
..................................................................
TEMPERATURE (F)
 TODAY
  MAXIMUM         66   1145 AM  74    1950  47     19       65
                                      1903
  MINIMUM         25    209 AM -14    1887  20      5       30
  AVERAGE         46                        33     13       48

PRECIPITATION (IN)
  TODAY            0.00          0.70 1983   0.01  -0.01     0.00
  MONTH TO DATE    0.76                      0.56   0.20     0.27
  SINCE SEP 1      3.07                      2.54   0.53     6.60
  SINCE JAN 1     18.18                     13.90   4.28    17.35

DEGREE DAYS
 HEATING
  TODAY           19                        32    -13       17
  MONTH TO DATE  805                       704    101      650
  SINCE SEP 1   1195                      1269    -74     1258
  SINCE JUL 1   1202                      1285    -83     1258

 COOLING
  TODAY            0                         0      0        0
  MONTH TO DATE    0                         0      0        0
  SINCE SEP 1     88                        81      7      133
  SINCE JAN 1    701                       769    -68      999
..................................................................


WIND (MPH)
  HIGHEST WIND SPEED    32   HIGHEST WIND DIRECTION     W (280)
  HIGHEST GUST SPEED    41   HIGHEST GUST DIRECTION     W (290)
  AVERAGE WIND SPEED    12.1


SKY COVER **
  POSSIBLE SUNSHINE  MM
  AVERAGE SKY COVER 0.7


WEATHER CONDITIONS
 THE FOLLOWING WEATHER WAS RECORDED TODAY.
  NO SIGNIFICANT WEATHER WAS OBSERVED.


RELATIVE HUMIDITY (PERCENT)
 HIGHEST    81          1200 AM
 LOWEST     13          1200 PM
 AVERAGE    47

..........................................................


THE DENVER CO CLIMATE NORMALS FOR TOMORROW
                         NORMAL    RECORD    YEAR
 MAXIMUM TEMPERATURE (F)   46        72      1901
 MINIMUM TEMPERATURE (F)   20       -10      1877


SUNRISE AND SUNSET
NOVEMBER 27 2014......SUNRISE   657 AM MST   SUNSET   436 PM MST
NOVEMBER 28 2014......SUNRISE   658 AM MST   SUNSET   435 PM MST


-  INDICATES NEGATIVE NUMBERS.
R  INDICATES RECORD WAS SET OR TIED.
MM INDICATES DATA IS MISSING.
T  INDICATES TRACE AMOUNT.




$$





U.S. Dept. of Commerce
NOAA National Weather Service
1325 East West Highway
Silver Spring, MD 20910
E-mail: w-nws.webmaster@noaa.gov
Page last modified: May 16, 2007
NATIONAL WEATHER SERVICE: for Safety, for Work, for Fun - FOR LIFE