180
CDUS43 KILX 260653
CLIDEC


CLIMATE REPORT
NATIONAL WEATHER SERVICE LINCOLN IL
153 AM CDT SUN OCT 26 2014


...................................

...THE DECATUR IL AIRPORT CLIMATE SUMMARY FOR OCTOBER 25 2014...

CLIMATE NORMAL PERIOD 1981 TO 2010
CLIMATE RECORD PERIOD 9999 TO 9999


WEATHER ITEM   OBSERVED TIME   RECORD YEAR NORMAL DEPARTURE LAST
                VALUE   (LST)  VALUE       VALUE  FROM      YEAR
                                                  NORMAL
..................................................................
TEMPERATURE (F)
 YESTERDAY
  MAXIMUM         78    241 PM  MM      MM  62     16       52
  MINIMUM         56    655 AM  MM      MM  41     15       26
  AVERAGE         67                        52     15       39

PRECIPITATION (IN)
  YESTERDAY        0.00         MM      MM   0.12  -0.12     0.00
  MONTH TO DATE    4.36                      2.59   1.77     1.91
  SINCE SEP 1      8.28                      5.48   2.80     2.50
  SINCE JAN 1     32.21                     31.79   0.42    28.87

DEGREE DAYS
 HEATING
  YESTERDAY        0                        14    -14       26
  MONTH TO DATE  242                       257    -15      250
  SINCE SEP 1    329                       324      5      293
  SINCE JUL 1    331                       330      1      303

 COOLING
  YESTERDAY        2                         0      2        0
  MONTH TO DATE   10                        14     -4       40
  SINCE SEP 1    103                       125    -22      207
  SINCE JAN 1   1007                      1043    -36     1079
..................................................................


WIND (MPH)
  HIGHEST WIND SPEED    14   HIGHEST WIND DIRECTION    NW (330)
  HIGHEST GUST SPEED    20   HIGHEST GUST DIRECTION    NW (330)
  AVERAGE WIND SPEED     8.8


SKY COVER
  POSSIBLE SUNSHINE  MM
  AVERAGE SKY COVER 0.2


WEATHER CONDITIONS
 THE FOLLOWING WEATHER WAS RECORDED YESTERDAY.
  FOG
  HAZE


RELATIVE HUMIDITY (PERCENT)
 HIGHEST   100           700 AM
 LOWEST     31           300 PM
 AVERAGE    66

..........................................................


THE DECATUR IL AIRPORT CLIMATE NORMALS FOR TODAY
                         NORMAL    RECORD    YEAR
 MAXIMUM TEMPERATURE (F)   62        MM        MM
 MINIMUM TEMPERATURE (F)   41        MM        MM


SUNRISE AND SUNSET
OCTOBER 26 2014.......SUNRISE   717 AM CDT   SUNSET   601 PM CDT
OCTOBER 27 2014.......SUNRISE   719 AM CDT   SUNSET   559 PM CDT


-  INDICATES NEGATIVE NUMBERS.
R  INDICATES RECORD WAS SET OR TIED.
MM INDICATES DATA IS MISSING.
T  INDICATES TRACE AMOUNT.




$$





U.S. Dept. of Commerce
NOAA National Weather Service
1325 East West Highway
Silver Spring, MD 20910
E-mail: w-nws.webmaster@noaa.gov
Page last modified: May 16, 2007
NATIONAL WEATHER SERVICE: for Safety, for Work, for Fun - FOR LIFE