528
CDUS41 KALY 010627
CLIDDH


CLIMATE REPORT
NATIONAL WEATHER SERVICE ALBANY NY
226 AM EDT MON SEP 1 2014


...................................

...THE BENNINGTON VT CLIMATE SUMMARY FOR AUGUST 31 2014...

CLIMATE NORMAL PERIOD 1981 TO 2010
CLIMATE RECORD PERIOD 9999 TO 9999


WEATHER ITEM   OBSERVED TIME   NORMAL DEPARTURE LAST
                VALUE   (LST)  VALUE  FROM      YEAR
                                      NORMAL
......................................................
TEMPERATURE (F)
 YESTERDAY
  MAXIMUM         80   1044 AM  75      5       79
  MINIMUM         62    530 AM  53      9       64
  AVERAGE         71            64      7       72

PRECIPITATION (IN)
  YESTERDAY        0.01          0.11  -0.10     0.94
  MONTH TO DATE    1.85          4.00  -2.15     4.36
  SINCE JUN 1     13.13         12.47   0.66    17.25
  SINCE JAN 1     25.96         27.54  -1.58    31.72

DEGREE DAYS
 HEATING
  YESTERDAY        0             3     -3        0
  MONTH TO DATE   42            44     -2       53
  SINCE JUN 1    100           169    -69      163
  SINCE JUL 1     53            72    -19       63

 COOLING
  YESTERDAY        6             2      4        7
  MONTH TO DATE   51            93    -42       81
  SINCE JUN 1    237           274    -37      427
  SINCE JAN 1    253           288    -35      459
......................................................


WIND (MPH)
  HIGHEST WIND SPEED     9   HIGHEST WIND DIRECTION     W (260)
  HIGHEST GUST SPEED    13   HIGHEST GUST DIRECTION     S (200)
  AVERAGE WIND SPEED     3.2


SKY COVER
  AVERAGE SKY COVER 0.5



RELATIVE HUMIDITY (PERCENT)
 HIGHEST    93           400 AM
 LOWEST     67          1100 AM
 AVERAGE    80

..........................................................


THE BENNINGTON VT CLIMATE NORMALS FOR TODAY
                         NORMAL
 MAXIMUM TEMPERATURE (F)   75
 MINIMUM TEMPERATURE (F)   52


SUNRISE AND SUNSET
SEPTEMBER  1 2014.....SUNRISE   617 AM EDT   SUNSET   728 PM EDT
SEPTEMBER  2 2014.....SUNRISE   619 AM EDT   SUNSET   726 PM EDT


-  INDICATES NEGATIVE NUMBERS.
R  INDICATES RECORD WAS SET OR TIED.
MM INDICATES DATA IS MISSING.
T  INDICATES TRACE AMOUNT.




$$





U.S. Dept. of Commerce
NOAA National Weather Service
1325 East West Highway
Silver Spring, MD 20910
E-mail: w-nws.webmaster@noaa.gov
Page last modified: May 16, 2007
NATIONAL WEATHER SERVICE: for Safety, for Work, for Fun - FOR LIFE