456
CDUS41 KALY 230623
CLIDDH


CLIMATE REPORT
NATIONAL WEATHER SERVICE ALBANY NY
223 AM EDT WED APR 23 2014


...................................

...THE BENNINGTON VT CLIMATE SUMMARY FOR APRIL 22 2014...

CLIMATE NORMAL PERIOD 1981 TO 2010
CLIMATE RECORD PERIOD 9999 TO 9999


WEATHER ITEM   OBSERVED TIME   NORMAL DEPARTURE LAST
                VALUE   (LST)  VALUE  FROM      YEAR
                                      NORMAL
......................................................
TEMPERATURE (F)
 YESTERDAY
  MAXIMUM         71   1221 PM  60     11       57
  MINIMUM         44    508 AM  37      7       30
  AVERAGE         58            48     10       44

PRECIPITATION (IN)
  YESTERDAY        0.07          0.09  -0.02     0.00
  MONTH TO DATE    1.06          2.44  -1.38     3.25
  SINCE MAR 1      3.21          5.59  -2.38     4.53
  SINCE JAN 1      9.07         10.58  -1.51     7.19

DEGREE DAYS
 HEATING
  YESTERDAY        7            17    -10       21
  MONTH TO DATE  433           463    -30      471
  SINCE MAR 1   1591          1447    144     1488
  SINCE JUL 1   6839          6698    141     6272

 COOLING
  YESTERDAY        0             0      0        0
  MONTH TO DATE    4             0      4        0
  SINCE MAR 1      4             0      4        0
  SINCE JAN 1      4             0      4        0
......................................................


WIND (MPH)
  HIGHEST WIND SPEED    16   HIGHEST WIND DIRECTION     S (190)
  HIGHEST GUST SPEED    23   HIGHEST GUST DIRECTION     W (260)
  AVERAGE WIND SPEED     5.2


SKY COVER
  AVERAGE SKY COVER 0.5



RELATIVE HUMIDITY (PERCENT)
 HIGHEST    93           700 PM
 LOWEST     24          1100 AM
 AVERAGE    59

..........................................................


THE BENNINGTON VT CLIMATE NORMALS FOR TODAY
                         NORMAL
 MAXIMUM TEMPERATURE (F)   60
 MINIMUM TEMPERATURE (F)   37


SUNRISE AND SUNSET
APRIL 23 2014.........SUNRISE   559 AM EDT   SUNSET   745 PM EDT
APRIL 24 2014.........SUNRISE   557 AM EDT   SUNSET   746 PM EDT


-  INDICATES NEGATIVE NUMBERS.
R  INDICATES RECORD WAS SET OR TIED.
MM INDICATES DATA IS MISSING.
T  INDICATES TRACE AMOUNT.




$$





U.S. Dept. of Commerce
NOAA National Weather Service
1325 East West Highway
Silver Spring, MD 20910
E-mail: w-nws.webmaster@noaa.gov
Page last modified: May 16, 2007
NATIONAL WEATHER SERVICE: for Safety, for Work, for Fun - FOR LIFE