727
CDUS41 KALY 300623
CLIDDH


CLIMATE REPORT
NATIONAL WEATHER SERVICE ALBANY NY
222 AM EDT TUE SEP 30 2014


...................................

...THE BENNINGTON VT CLIMATE SUMMARY FOR SEPTEMBER 29 2014...

CLIMATE NORMAL PERIOD 1981 TO 2010
CLIMATE RECORD PERIOD 9999 TO 9999


WEATHER ITEM   OBSERVED TIME   NORMAL DEPARTURE LAST
                VALUE   (LST)  VALUE  FROM      YEAR
                                      NORMAL
......................................................
TEMPERATURE (F)
 YESTERDAY
  MAXIMUM         75    105 PM  65     10       73
  MINIMUM         48    559 AM  42      6       41
  AVERAGE         62            54      8       57

PRECIPITATION (IN)
  YESTERDAY        0.00          0.14  -0.14     0.00
  MONTH TO DATE    1.02          3.44  -2.42     4.03
  SINCE SEP 1      1.02          3.44  -2.42     4.03
  SINCE JAN 1     26.98         30.98  -4.00    35.75

DEGREE DAYS
 HEATING
  YESTERDAY        3            11     -8        8
  MONTH TO DATE  193           193      0      250
  SINCE SEP 1    193           193      0      250
  SINCE JUL 1    246           265    -19      313

 COOLING
  YESTERDAY        0             0      0        0
  MONTH TO DATE   44            22     22       44
  SINCE SEP 1     44            22     22       44
  SINCE JAN 1    297           310    -13      503
......................................................


WIND (MPH)
  HIGHEST WIND SPEED     9   HIGHEST WIND DIRECTION     E (110)
  HIGHEST GUST SPEED    14   HIGHEST GUST DIRECTION     E (90)
  AVERAGE WIND SPEED     2.2


SKY COVER
  AVERAGE SKY COVER 0.0



RELATIVE HUMIDITY (PERCENT)
 HIGHEST   100           500 AM
 LOWEST     54           100 PM
 AVERAGE    77

..........................................................


THE BENNINGTON VT CLIMATE NORMALS FOR TODAY
                         NORMAL
 MAXIMUM TEMPERATURE (F)   65
 MINIMUM TEMPERATURE (F)   42


SUNRISE AND SUNSET
SEPTEMBER 30 2014.....SUNRISE   649 AM EDT   SUNSET   636 PM EDT
OCTOBER  1 2014.......SUNRISE   650 AM EDT   SUNSET   634 PM EDT


-  INDICATES NEGATIVE NUMBERS.
R  INDICATES RECORD WAS SET OR TIED.
MM INDICATES DATA IS MISSING.
T  INDICATES TRACE AMOUNT.




$$





U.S. Dept. of Commerce
NOAA National Weather Service
1325 East West Highway
Silver Spring, MD 20910
E-mail: w-nws.webmaster@noaa.gov
Page last modified: May 16, 2007
NATIONAL WEATHER SERVICE: for Safety, for Work, for Fun - FOR LIFE