658
CDUS41 KLWX 180524
CLIDCA


CLIMATE REPORT
NATIONAL WEATHER SERVICE BALTIMORE MD/WASHINGTON DC
124 AM EDT FRI APR 18 2014


...................................

...THE WASHINGTON NATIONAL DC CLIMATE SUMMARY FOR APRIL 17 2014...

CLIMATE NORMAL PERIOD 1981 TO 2010
CLIMATE RECORD PERIOD 1871 TO 2014


WEATHER ITEM   OBSERVED TIME   RECORD YEAR NORMAL DEPARTURE LAST
                VALUE   (LST)  VALUE       VALUE  FROM      YEAR
                                                  NORMAL
..................................................................
TEMPERATURE (F)
 YESTERDAY
  MAXIMUM         56    343 PM  95    2002  67    -11       81
  MINIMUM         39    605 AM  26    1875  48     -9       61
  AVERAGE         48                        57     -9       71

PRECIPITATION (IN)
  YESTERDAY        0.00          2.74 1910   0.09  -0.09      T
  MONTH TO DATE    2.01                      1.76   0.25     1.06
  SINCE MAR 1      6.27                      5.24   1.03     3.86
  SINCE JAN 1     12.87                     10.67   2.20     8.06

SNOWFALL (IN)
  YESTERDAY        0.0           T    1905   0.0    0.0
  MONTH TO DATE    T                         0.0    0.0
  SINCE JUL 1     32.0                      15.4   16.6
  SNOW DEPTH       0

DEGREE DAYS
 HEATING
  YESTERDAY       17                         8      9        0
  MONTH TO DATE  140                       183    -43      127
  SINCE MAR 1    818                       751     67      778
  SINCE JUL 1   3984                      3859    125     3592

 COOLING
  YESTERDAY        0                         1     -1        6
  MONTH TO DATE   21                         8     13       35
  SINCE MAR 1     21                        10     11       35
  SINCE JAN 1     21                        10     11       35
..................................................................


WIND (MPH)
  HIGHEST WIND SPEED    16   HIGHEST WIND DIRECTION    SE (120)
  HIGHEST GUST SPEED    22   HIGHEST GUST DIRECTION     E (100)
  AVERAGE WIND SPEED     9.2


SKY COVER
  POSSIBLE SUNSHINE  MM
  AVERAGE SKY COVER 0.4


WEATHER CONDITIONS
 THE FOLLOWING WEATHER WAS RECORDED YESTERDAY.
  NO SIGNIFICANT WEATHER WAS OBSERVED.


RELATIVE HUMIDITY (PERCENT)
 HIGHEST    70           600 AM
 LOWEST     43           300 PM
 AVERAGE    57

..........................................................


THE WASHINGTON NATIONAL DC CLIMATE NORMALS FOR TODAY
                         NORMAL    RECORD    YEAR
 MAXIMUM TEMPERATURE (F)   68        95      1976
 MINIMUM TEMPERATURE (F)   48        25      1875


SUNRISE AND SUNSET
APRIL 18 2014.........SUNRISE   627 AM EDT   SUNSET   748 PM EDT
APRIL 19 2014.........SUNRISE   626 AM EDT   SUNSET   749 PM EDT


-  INDICATES NEGATIVE NUMBERS.
R  INDICATES RECORD WAS SET OR TIED.
MM INDICATES DATA IS MISSING.
T  INDICATES TRACE AMOUNT.




$$





U.S. Dept. of Commerce
NOAA National Weather Service
1325 East West Highway
Silver Spring, MD 20910
E-mail: w-nws.webmaster@noaa.gov
Page last modified: May 16, 2007
NATIONAL WEATHER SERVICE: for Safety, for Work, for Fun - FOR LIFE