222
CDUS41 KLWX 240520
CLIDCA


CLIMATE REPORT
NATIONAL WEATHER SERVICE BALTIMORE MD/WASHINGTON DC
1220 AM EST MON NOV 24 2014


...................................

...THE WASHINGTON NATIONAL DC CLIMATE SUMMARY FOR NOVEMBER 23 2014...

CLIMATE NORMAL PERIOD 1981 TO 2010
CLIMATE RECORD PERIOD 1871 TO 2014


WEATHER ITEM   OBSERVED TIME   RECORD YEAR NORMAL DEPARTURE LAST
                VALUE   (LST)  VALUE       VALUE  FROM      YEAR
                                                  NORMAL
..................................................................
TEMPERATURE (F)
 YESTERDAY
  MAXIMUM         57    418 PM  75    1979  55      2       59
  MINIMUM         38    528 AM  12    1880  39     -1       34
  AVERAGE         48                        47      1       47

PRECIPITATION (IN)
  YESTERDAY        0.13          1.52 1884   0.10   0.03      T
  MONTH TO DATE    1.40                      2.42  -1.02     0.72
  SINCE SEP 1      6.00                      9.54  -3.54     8.19
  SINCE JAN 1     39.67                     35.94   3.73    36.51

SNOWFALL (IN)
  YESTERDAY        0.0           1.9  1989   0.0    0.0
  MONTH TO DATE    T                         0.3   -0.3
  SINCE JUL 1      T                         0.3   -0.3
  SNOW DEPTH       0

DEGREE DAYS
 HEATING
  YESTERDAY       17                        18     -1       18
  MONTH TO DATE  396                       330     66      333
  SINCE SEP 1    498                       559    -61      498
  SINCE JUL 1    498                       559    -61      498

 COOLING
  YESTERDAY        0                         0      0        0
  MONTH TO DATE    0                         0      0        2
  SINCE SEP 1    319                       236     83      289
  SINCE JAN 1   1712                      1547    165     1719
..................................................................


WIND (MPH)
  HIGHEST WIND SPEED    13   HIGHEST WIND DIRECTION     S (200)
  HIGHEST GUST SPEED    16   HIGHEST GUST DIRECTION     S (200)
  AVERAGE WIND SPEED     5.5


SKY COVER
  POSSIBLE SUNSHINE  MM
  AVERAGE SKY COVER 0.8


WEATHER CONDITIONS
 THE FOLLOWING WEATHER WAS RECORDED YESTERDAY.
  RAIN
  LIGHT RAIN
  FOG


RELATIVE HUMIDITY (PERCENT)
 HIGHEST    83          1000 PM
 LOWEST     33           200 AM
 AVERAGE    58

..........................................................


THE WASHINGTON NATIONAL DC CLIMATE NORMALS FOR TODAY
                         NORMAL    RECORD    YEAR
 MAXIMUM TEMPERATURE (F)   55        74      1958
 MINIMUM TEMPERATURE (F)   39        13      1880


SUNRISE AND SUNSET
NOVEMBER 24 2014......SUNRISE   700 AM EST   SUNSET   449 PM EST
NOVEMBER 25 2014......SUNRISE   701 AM EST   SUNSET   449 PM EST


-  INDICATES NEGATIVE NUMBERS.
R  INDICATES RECORD WAS SET OR TIED.
MM INDICATES DATA IS MISSING.
T  INDICATES TRACE AMOUNT.




$$





U.S. Dept. of Commerce
NOAA National Weather Service
1325 East West Highway
Silver Spring, MD 20910
E-mail: w-nws.webmaster@noaa.gov
Page last modified: May 16, 2007
NATIONAL WEATHER SERVICE: for Safety, for Work, for Fun - FOR LIFE