844
CDUS41 KLWX 260524
CLIDCA


CLIMATE REPORT
NATIONAL WEATHER SERVICE BALTIMORE MD/WASHINGTON DC
123 AM EDT SAT JUL 26 2014


...................................

...THE WASHINGTON NATIONAL DC CLIMATE SUMMARY FOR JULY 25 2014...

CLIMATE NORMAL PERIOD 1981 TO 2010
CLIMATE RECORD PERIOD 1871 TO 2014


WEATHER ITEM   OBSERVED TIME   RECORD YEAR NORMAL DEPARTURE LAST
                VALUE   (LST)  VALUE       VALUE  FROM      YEAR
                                                  NORMAL
..................................................................
TEMPERATURE (F)
 YESTERDAY
  MAXIMUM         85    420 PM 100    1930  88     -3       82
  MINIMUM         65    453 AM  58    1915  71     -6       65
                                      1876
  AVERAGE         75                        80     -5       74

PRECIPITATION (IN)
  YESTERDAY        0.00          3.27 1917   0.11  -0.11     0.00
  MONTH TO DATE    4.58                      3.03   1.55     4.17
  SINCE JUN 1      7.89                      6.81   1.08    14.14
  SINCE JAN 1     30.18                     22.77   7.41    26.72

SNOWFALL (IN)
  YESTERDAY        0.0          MM      MM   0.0    0.0
  MONTH TO DATE    0.0                       0.0    0.0
  SINCE JUL 1      0.0                       0.0    0.0
  SNOW DEPTH       0

DEGREE DAYS
 HEATING
  YESTERDAY        0                         0      0        0
  MONTH TO DATE    0                         0      0        0
  SINCE JUN 1      0                         6     -6        0
  SINCE JUL 1      0                         0      0        0

 COOLING
  YESTERDAY       10                        15     -5        9
  MONTH TO DATE  384                       370     14      439
  SINCE JUN 1    756                       684     72      790
  SINCE JAN 1    925                       818    107      975
..................................................................


WIND (MPH)
  HIGHEST WIND SPEED    16   HIGHEST WIND DIRECTION     N (350)
  HIGHEST GUST SPEED    29   HIGHEST GUST DIRECTION    NW (330)
  AVERAGE WIND SPEED     7.5


SKY COVER
  POSSIBLE SUNSHINE  MM
  AVERAGE SKY COVER 0.3


WEATHER CONDITIONS
 THE FOLLOWING WEATHER WAS RECORDED YESTERDAY.
  NO SIGNIFICANT WEATHER WAS OBSERVED.


RELATIVE HUMIDITY (PERCENT)
 HIGHEST    68           400 AM
 LOWEST     34           100 PM
 AVERAGE    51

..........................................................


THE WASHINGTON NATIONAL DC CLIMATE NORMALS FOR TODAY
                         NORMAL    RECORD    YEAR
 MAXIMUM TEMPERATURE (F)   88       103      1930
 MINIMUM TEMPERATURE (F)   71        54      1920


SUNRISE AND SUNSET
JULY 26 2014..........SUNRISE   604 AM EDT   SUNSET   825 PM EDT
JULY 27 2014..........SUNRISE   605 AM EDT   SUNSET   824 PM EDT


-  INDICATES NEGATIVE NUMBERS.
R  INDICATES RECORD WAS SET OR TIED.
MM INDICATES DATA IS MISSING.
T  INDICATES TRACE AMOUNT.




$$





U.S. Dept. of Commerce
NOAA National Weather Service
1325 East West Highway
Silver Spring, MD 20910
E-mail: w-nws.webmaster@noaa.gov
Page last modified: May 16, 2007
NATIONAL WEATHER SERVICE: for Safety, for Work, for Fun - FOR LIFE