091
CDUS41 KLWX 290523
CLIDCA


CLIMATE REPORT
NATIONAL WEATHER SERVICE BALTIMORE MD/WASHINGTON DC
122 AM EDT TUE JUL 29 2014


...................................

...THE WASHINGTON NATIONAL DC CLIMATE SUMMARY FOR JULY 28 2014...

CLIMATE NORMAL PERIOD 1981 TO 2010
CLIMATE RECORD PERIOD 1871 TO 2014


WEATHER ITEM   OBSERVED TIME   RECORD YEAR NORMAL DEPARTURE LAST
                VALUE   (LST)  VALUE       VALUE  FROM      YEAR
                                                  NORMAL
..................................................................
TEMPERATURE (F)
 YESTERDAY
  MAXIMUM         86    334 PM 100    1997  88     -2       84
                                      1993
  MINIMUM         71   1159 PM  56    1920  71      0       72
  AVERAGE         79                        80     -1       78

PRECIPITATION (IN)
  YESTERDAY        T             2.90 1951   0.12  -0.12      T
  MONTH TO DATE    4.68                      3.38   1.30     4.43
  SINCE JUN 1      7.99                      7.16   0.83    14.40
  SINCE JAN 1     30.28                     23.12   7.16    26.98

SNOWFALL (IN)
  YESTERDAY        0.0          MM      MM   0.0    0.0
  MONTH TO DATE    0.0                       0.0    0.0
  SINCE JUL 1      0.0                       0.0    0.0
  SNOW DEPTH       0

DEGREE DAYS
 HEATING
  YESTERDAY        0                         0      0        0
  MONTH TO DATE    0                         0      0        0
  SINCE JUN 1      0                         6     -6        0
  SINCE JUL 1      0                         0      0        0

 COOLING
  YESTERDAY       14                        15     -1       13
  MONTH TO DATE  428                       415     13      477
  SINCE JUN 1    800                       729     71      828
  SINCE JAN 1    969                       863    106     1013
..................................................................


WIND (MPH)
  HIGHEST WIND SPEED    25   HIGHEST WIND DIRECTION     W (250)
  HIGHEST GUST SPEED    37   HIGHEST GUST DIRECTION     W (260)
  AVERAGE WIND SPEED    13.4


SKY COVER
  POSSIBLE SUNSHINE  MM
  AVERAGE SKY COVER 0.5


WEATHER CONDITIONS
 THE FOLLOWING WEATHER WAS RECORDED YESTERDAY.
  LIGHT RAIN


RELATIVE HUMIDITY (PERCENT)
 HIGHEST    84           500 AM
 LOWEST     35           300 PM
 AVERAGE    60

..........................................................


THE WASHINGTON NATIONAL DC CLIMATE NORMALS FOR TODAY
                         NORMAL    RECORD    YEAR
 MAXIMUM TEMPERATURE (F)   88       104      2011
 MINIMUM TEMPERATURE (F)   71        58      1920


SUNRISE AND SUNSET
JULY 29 2014..........SUNRISE   607 AM EDT   SUNSET   822 PM EDT
JULY 30 2014..........SUNRISE   607 AM EDT   SUNSET   821 PM EDT


-  INDICATES NEGATIVE NUMBERS.
R  INDICATES RECORD WAS SET OR TIED.
MM INDICATES DATA IS MISSING.
T  INDICATES TRACE AMOUNT.




$$





U.S. Dept. of Commerce
NOAA National Weather Service
1325 East West Highway
Silver Spring, MD 20910
E-mail: w-nws.webmaster@noaa.gov
Page last modified: May 16, 2007
NATIONAL WEATHER SERVICE: for Safety, for Work, for Fun - FOR LIFE