432
CDUS43 KDVN 280925
CLIDBQ


CLIMATE REPORT
NATIONAL WEATHER SERVICE QUAD CITIES IA IL
424 AM CDT MON JUL 28 2014


...................................

...THE DUBUQUE IA CLIMATE SUMMARY FOR JULY 27 2014...

CLIMATE NORMAL PERIOD 1981 TO 2010
CLIMATE RECORD PERIOD 1873 TO 2014


WEATHER ITEM   OBSERVED TIME   RECORD YEAR NORMAL DEPARTURE LAST
                VALUE   (LST)  VALUE       VALUE  FROM      YEAR
                                                  NORMAL
..................................................................
TEMPERATURE (F)
 YESTERDAY
  MAXIMUM         74    420 PM  99    1916  82     -8       63
                                      1894
  MINIMUM         64   1139 PM  48    1971  62      2       51
  AVERAGE         69                        72     -3       57

PRECIPITATION (IN)
  YESTERDAY        0.00          7.47 2011   0.14  -0.14     0.00
  MONTH TO DATE    2.08                      3.75  -1.67     2.47
  SINCE JUN 1     14.65                      8.15   6.50     6.10
  SINCE JAN 1     27.03                     21.02   6.01    27.68

SNOWFALL (IN)
  YESTERDAY        0.0          MM      MM   0.0    0.0      0.0
  MONTH TO DATE    0.0                       0.0    0.0      0.0
  SINCE JUN 1      0.0                       0.0    0.0      0.0
  SINCE JUL 1      0.0                       0.0    0.0      0.0
  SNOW DEPTH       0

DEGREE DAYS
 HEATING
  YESTERDAY        0                         0      0        8
  MONTH TO DATE   25                         0     25       10
  SINCE JUN 1     35                        40     -5       49
  SINCE JUL 1     25                         0     25       10

 COOLING
  YESTERDAY        4                         7     -3        0
  MONTH TO DATE   99                       190    -91      193
  SINCE JUN 1    253                       329    -76      302
  SINCE JAN 1    307                       366    -59      347
..................................................................


WIND (MPH)
  HIGHEST WIND SPEED    28   HIGHEST WIND DIRECTION    NW (300)
  HIGHEST GUST SPEED    34   HIGHEST GUST DIRECTION    NW (310)
  AVERAGE WIND SPEED    13.1


SKY COVER
  POSSIBLE SUNSHINE  MM
  AVERAGE SKY COVER 0.3


WEATHER CONDITIONS
 THE FOLLOWING WEATHER WAS RECORDED YESTERDAY.
  NO SIGNIFICANT WEATHER WAS OBSERVED.


RELATIVE HUMIDITY (PERCENT)
 HIGHEST   100          1200 AM
 LOWEST     57          1100 AM
 AVERAGE    79

..........................................................


THE DUBUQUE IA CLIMATE NORMALS FOR TODAY
                         NORMAL    RECORD    YEAR
 MAXIMUM TEMPERATURE (F)   81       100      1916
 MINIMUM TEMPERATURE (F)   62        50      2013


SUNRISE AND SUNSET
JULY 28 2014..........SUNRISE   551 AM CDT   SUNSET   827 PM CDT
JULY 29 2014..........SUNRISE   552 AM CDT   SUNSET   826 PM CDT


-  INDICATES NEGATIVE NUMBERS.
R  INDICATES RECORD WAS SET OR TIED.
MM INDICATES DATA IS MISSING.
T  INDICATES TRACE AMOUNT.




$$






U.S. Dept. of Commerce
NOAA National Weather Service
1325 East West Highway
Silver Spring, MD 20910
E-mail: w-nws.webmaster@noaa.gov
Page last modified: May 16, 2007
NATIONAL WEATHER SERVICE: for Safety, for Work, for Fun - FOR LIFE