934
CDUS41 KILN 220605
CLIDAY


CLIMATE REPORT
NATIONAL WEATHER SERVICE WILMINGTON OH
104 AM EST SAT NOV 22 2014


...................................

...THE DAYTON OH CLIMATE SUMMARY FOR NOVEMBER 21 2014...

CLIMATE NORMAL PERIOD 1981 TO 2010
CLIMATE RECORD PERIOD 1869 TO 2014


WEATHER ITEM   OBSERVED TIME   RECORD YEAR NORMAL DEPARTURE LAST
                VALUE   (LST)  VALUE       VALUE  FROM      YEAR
                                                  NORMAL
..................................................................
TEMPERATURE (F)
 YESTERDAY
  MAXIMUM         30    422 PM  75    1934  48    -18       56
  MINIMUM         12R   658 AM  12    1964  33    -21       40
  AVERAGE         21                        40    -19       48

PRECIPITATION (IN)
  YESTERDAY        0.00          1.26 1982   0.12  -0.12     0.21
  MONTH TO DATE    0.73                      2.34  -1.61     1.45
  SINCE SEP 1      3.98                      8.57  -4.59     9.42
  SINCE JAN 1     31.88                     36.88  -5.00    31.80

SNOWFALL (IN)
  YESTERDAY        0.0           0.5  1995   0.0    0.0      0.0
  MONTH TO DATE    4.1                       0.3    3.8      0.9
  SINCE SEP 1      4.1                       0.7    3.4      1.9
  SINCE JUL 1      4.1                       0.7    3.4      1.9
  SNOW DEPTH       1

DEGREE DAYS
 HEATING
  YESTERDAY       44                        24     20       17
  MONTH TO DATE  595                       423    172      429
  SINCE SEP 1    992                       868    124      804
  SINCE JUL 1    999                       870    129      816

 COOLING
  YESTERDAY        0                         0      0        0
  MONTH TO DATE    0                         0      0        0
  SINCE SEP 1    107                       109     -2      175
  SINCE JAN 1    977                       891     86     1062
..................................................................


WIND (MPH)
  RESULTANT WIND SPEED   2   RESULTANT WIND DIRECTION   S (200)
  HIGHEST WIND SPEED    12   HIGHEST WIND DIRECTION    SE (130)
  HIGHEST GUST SPEED    14   HIGHEST GUST DIRECTION    SE (140)
  AVERAGE WIND SPEED     6.4



WEATHER CONDITIONS
 THE FOLLOWING WEATHER WAS RECORDED YESTERDAY.
  NO SIGNIFICANT WEATHER WAS OBSERVED.


RELATIVE HUMIDITY (PERCENT)
 HIGHEST    76           800 AM
 LOWEST     43           300 PM
 AVERAGE    60

..........................................................


THE DAYTON OH CLIMATE NORMALS FOR TODAY
                         NORMAL    RECORD    YEAR
 MAXIMUM TEMPERATURE (F)   48        74      1900
 MINIMUM TEMPERATURE (F)   32         8      1964


SUNRISE AND SUNSET
NOVEMBER 22 2014......SUNRISE   730 AM EST   SUNSET   516 PM EST
NOVEMBER 23 2014......SUNRISE   731 AM EST   SUNSET   515 PM EST


-  INDICATES NEGATIVE NUMBERS.
R  INDICATES RECORD WAS SET OR TIED.
MM INDICATES DATA IS MISSING.
T  INDICATES TRACE AMOUNT.




$$






U.S. Dept. of Commerce
NOAA National Weather Service
1325 East West Highway
Silver Spring, MD 20910
E-mail: w-nws.webmaster@noaa.gov
Page last modified: May 16, 2007
NATIONAL WEATHER SERVICE: for Safety, for Work, for Fun - FOR LIFE