213
CDUS41 KILN 250547
CLIDAY


CLIMATE REPORT
NATIONAL WEATHER SERVICE WILMINGTON OH
147 AM EDT SAT OCT 25 2014


...................................

...THE DAYTON OH CLIMATE SUMMARY FOR OCTOBER 24 2014...

CLIMATE NORMAL PERIOD 1981 TO 2010
CLIMATE RECORD PERIOD 1869 TO 2014


WEATHER ITEM   OBSERVED TIME   RECORD YEAR NORMAL DEPARTURE LAST
                VALUE   (LST)  VALUE       VALUE  FROM      YEAR
                                                  NORMAL
..................................................................
TEMPERATURE (F)
 YESTERDAY
  MAXIMUM         67    350 PM  82    1899  61      6       44
  MINIMUM         39    656 AM  23    1981  42     -3       35
  AVERAGE         53                        51      2       40

PRECIPITATION (IN)
  YESTERDAY        0.00          1.26 2001   0.09  -0.09     0.02
  MONTH TO DATE    2.03                      2.27  -0.24     4.45
  SINCE SEP 1      2.91                      5.57  -2.66     6.68
  SINCE JAN 1     30.81                     33.88  -3.07    29.06

SNOWFALL (IN)
  YESTERDAY        0.0          MM      MM   0.0    0.0       T
  MONTH TO DATE    0.0                       0.1   -0.1      1.0
  SINCE SEP 1      0.0                       0.1   -0.1      1.0
  SINCE JUL 1      0.0                       0.1   -0.1      1.0
  SNOW DEPTH       0

DEGREE DAYS
 HEATING
  YESTERDAY       12                        14     -2       25
  MONTH TO DATE  246                       252     -6      200
  SINCE SEP 1    320                       340    -20      255
  SINCE JUL 1    327                       342    -15      267

 COOLING
  YESTERDAY        0                         0      0        0
  MONTH TO DATE    9                        10     -1       35
  SINCE SEP 1    107                       109     -2      175
  SINCE JAN 1    977                       891     86     1062
..................................................................


WIND (MPH)
  RESULTANT WIND SPEED   4   RESULTANT WIND DIRECTION  SW (220)
  HIGHEST WIND SPEED    13   HIGHEST WIND DIRECTION    SW (240)
  HIGHEST GUST SPEED    17   HIGHEST GUST DIRECTION    SW (210)
  AVERAGE WIND SPEED     4.3



WEATHER CONDITIONS
 THE FOLLOWING WEATHER WAS RECORDED YESTERDAY.
  FOG
  HAZE


RELATIVE HUMIDITY (PERCENT)
 HIGHEST    92           700 AM
 LOWEST     34           400 PM
 AVERAGE    63

..........................................................


THE DAYTON OH CLIMATE NORMALS FOR TODAY
                         NORMAL    RECORD    YEAR
 MAXIMUM TEMPERATURE (F)   61        83      1963
 MINIMUM TEMPERATURE (F)   41        25      1962


SUNRISE AND SUNSET
OCTOBER 25 2014.......SUNRISE   758 AM EDT   SUNSET   643 PM EDT
OCTOBER 26 2014.......SUNRISE   759 AM EDT   SUNSET   642 PM EDT


-  INDICATES NEGATIVE NUMBERS.
R  INDICATES RECORD WAS SET OR TIED.
MM INDICATES DATA IS MISSING.
T  INDICATES TRACE AMOUNT.




$$





U.S. Dept. of Commerce
NOAA National Weather Service
1325 East West Highway
Silver Spring, MD 20910
E-mail: w-nws.webmaster@noaa.gov
Page last modified: May 16, 2007
NATIONAL WEATHER SERVICE: for Safety, for Work, for Fun - FOR LIFE