606
CDUS41 KILN 180553
CLIDAY


CLIMATE REPORT
NATIONAL WEATHER SERVICE WILMINGTON OH
152 AM EDT FRI APR 18 2014


...................................

...THE DAYTON OH CLIMATE SUMMARY FOR APRIL 17 2014...

CLIMATE NORMAL PERIOD 1981 TO 2010
CLIMATE RECORD PERIOD 1869 TO 2014


WEATHER ITEM   OBSERVED TIME   RECORD YEAR NORMAL DEPARTURE LAST
                VALUE   (LST)  VALUE       VALUE  FROM      YEAR
                                                  NORMAL
..................................................................
TEMPERATURE (F)
 YESTERDAY
  MAXIMUM         67    444 PM  88    1896  63      4       72
  MINIMUM         33    539 AM  22    1904  42     -9       50
  AVERAGE         50                        52     -2       61

PRECIPITATION (IN)
  YESTERDAY        0.00          1.17 1912   0.14  -0.14     0.27
  MONTH TO DATE    3.94                      2.24   1.70     2.26
  SINCE MAR 1      6.56                      5.58   0.98     5.42
  SINCE JAN 1     11.54                     10.53   1.01     9.81

SNOWFALL (IN)
  YESTERDAY        0.0           1.4  1961   0.0    0.0      0.0
  MONTH TO DATE    1.1                       0.5    0.6      0.0
  SINCE MAR 1      8.2                       3.9    4.3     14.2
  SINCE JUL 1     53.6                      23.2   30.4     35.9
  SNOW DEPTH       0

DEGREE DAYS
 HEATING
  YESTERDAY       15                        13      2        4
  MONTH TO DATE  229                       270    -41      219
  SINCE MAR 1   1106                      1034     72     1131
  SINCE JUL 1   5705                      5309    396     5181

 COOLING
  YESTERDAY        0                         0      0        0
  MONTH TO DATE    8                         0      8        9
  SINCE MAR 1      8                         0      8        9
  SINCE JAN 1      8                         0      8        9
..................................................................


WIND (MPH)
  RESULTANT WIND SPEED   9   RESULTANT WIND DIRECTION   S (180)
  HIGHEST WIND SPEED    20   HIGHEST WIND DIRECTION    SW (220)
  HIGHEST GUST SPEED    26   HIGHEST GUST DIRECTION    SW (210)
  AVERAGE WIND SPEED    10.1



WEATHER CONDITIONS
 THE FOLLOWING WEATHER WAS RECORDED YESTERDAY.
  NO SIGNIFICANT WEATHER WAS OBSERVED.


RELATIVE HUMIDITY (PERCENT)
 HIGHEST    69           600 AM
 LOWEST     29           300 PM
 AVERAGE    49

..........................................................


THE DAYTON OH CLIMATE NORMALS FOR TODAY
                         NORMAL    RECORD    YEAR
 MAXIMUM TEMPERATURE (F)   63        88      1896
 MINIMUM TEMPERATURE (F)   42        25      1983


SUNRISE AND SUNSET
APRIL 18 2014.........SUNRISE   655 AM EDT   SUNSET   818 PM EDT
APRIL 19 2014.........SUNRISE   653 AM EDT   SUNSET   819 PM EDT


-  INDICATES NEGATIVE NUMBERS.
R  INDICATES RECORD WAS SET OR TIED.
MM INDICATES DATA IS MISSING.
T  INDICATES TRACE AMOUNT.




$$





U.S. Dept. of Commerce
NOAA National Weather Service
1325 East West Highway
Silver Spring, MD 20910
E-mail: w-nws.webmaster@noaa.gov
Page last modified: May 16, 2007
NATIONAL WEATHER SERVICE: for Safety, for Work, for Fun - FOR LIFE