254
CDUS41 KILN 230614
CLIDAY


CLIMATE REPORT
NATIONAL WEATHER SERVICE WILMINGTON OH
212 AM EDT THU OCT 23 2014


...................................

...THE DAYTON OH CLIMATE SUMMARY FOR OCTOBER 22 2014...

CLIMATE NORMAL PERIOD 1981 TO 2010
CLIMATE RECORD PERIOD 1869 TO 2014


WEATHER ITEM   OBSERVED TIME   RECORD YEAR NORMAL DEPARTURE LAST
                VALUE   (LST)  VALUE       VALUE  FROM      YEAR
                                                  NORMAL
..................................................................
TEMPERATURE (F)
 YESTERDAY
  MAXIMUM         53    153 PM  82    1920  62     -9       52
  MINIMUM         42    543 AM  26    1976  42      0       31
                                      1930
  AVERAGE         48                        52     -4       42

PRECIPITATION (IN)
  YESTERDAY        0.00          1.26 1912   0.09  -0.09     0.02
  MONTH TO DATE    2.03                      2.09  -0.06     3.99
  SINCE SEP 1      2.91                      5.39  -2.48     6.22
  SINCE JAN 1     30.81                     33.70  -2.89    28.60

SNOWFALL (IN)
  YESTERDAY        0.0                       0.0    0.0      0.0
  MONTH TO DATE    0.0                       0.1   -0.1      0.0
  SINCE SEP 1      0.0                       0.1   -0.1      0.0
  SINCE JUL 1      0.0                       0.1   -0.1      0.0
  SNOW DEPTH       0

DEGREE DAYS
 HEATING
  YESTERDAY       17                        13      4       23
  MONTH TO DATE  218                       224     -6      149
  SINCE SEP 1    292                       312    -20      204
  SINCE JUL 1    299                       314    -15      216

 COOLING
  YESTERDAY        0                         0      0        0
  MONTH TO DATE    9                        10     -1       35
  SINCE SEP 1    107                       109     -2      175
  SINCE JAN 1    977                       891     86     1062
..................................................................


WIND (MPH)
  RESULTANT WIND SPEED   8   RESULTANT WIND DIRECTION   N (10)
  HIGHEST WIND SPEED    15   HIGHEST WIND DIRECTION     N (360)
  HIGHEST GUST SPEED    21   HIGHEST GUST DIRECTION     N (10)
  AVERAGE WIND SPEED     7.6



WEATHER CONDITIONS
 THE FOLLOWING WEATHER WAS RECORDED YESTERDAY.
  NO SIGNIFICANT WEATHER WAS OBSERVED.


RELATIVE HUMIDITY (PERCENT)
 HIGHEST    89           600 AM
 LOWEST     68           100 PM
 AVERAGE    79

..........................................................


THE DAYTON OH CLIMATE NORMALS FOR TODAY
                         NORMAL    RECORD    YEAR
 MAXIMUM TEMPERATURE (F)   61        83      1947
 MINIMUM TEMPERATURE (F)   42        25      1982


SUNRISE AND SUNSET
OCTOBER 23 2014.......SUNRISE   756 AM EDT   SUNSET   646 PM EDT
OCTOBER 24 2014.......SUNRISE   757 AM EDT   SUNSET   645 PM EDT


-  INDICATES NEGATIVE NUMBERS.
R  INDICATES RECORD WAS SET OR TIED.
MM INDICATES DATA IS MISSING.
T  INDICATES TRACE AMOUNT.




$$






U.S. Dept. of Commerce
NOAA National Weather Service
1325 East West Highway
Silver Spring, MD 20910
E-mail: w-nws.webmaster@noaa.gov
Page last modified: May 16, 2007
NATIONAL WEATHER SERVICE: for Safety, for Work, for Fun - FOR LIFE