625
CDUS41 KILN 300617
CLIDAY


CLIMATE REPORT
NATIONAL WEATHER SERVICE WILMINGTON OH
116 AM EST FRI JAN 30 2015


...................................

...THE DAYTON OH CLIMATE SUMMARY FOR JANUARY 29 2015...

CLIMATE NORMAL PERIOD 1981 TO 2010
CLIMATE RECORD PERIOD 1869 TO 2015


WEATHER ITEM   OBSERVED TIME   RECORD YEAR NORMAL DEPARTURE LAST
                VALUE   (LST)  VALUE       VALUE  FROM      YEAR
                                                  NORMAL
..................................................................
TEMPERATURE (F)
 YESTERDAY
  MAXIMUM         44   1256 PM  66    1914  35      9       20
  MINIMUM         29   1233 AM -10    1977  21      8       -5
  AVERAGE         37                        28      9        8

PRECIPITATION (IN)
  YESTERDAY        0.07          1.37 1969   0.08  -0.01     0.00
  MONTH TO DATE    2.92                      2.55   0.37     2.79
  SINCE DEC 1      5.71                      5.67   0.04     7.37
  SINCE JAN 1      2.92                      2.55   0.37     2.79

SNOWFALL (IN)
  YESTERDAY        0.2           3.5  1990   0.3   -0.1      0.0
  MONTH TO DATE    7.7                       7.4    0.3     21.2
  SINCE DEC 1      7.8                      11.9   -4.1     33.8
  SINCE JUL 1     11.9                      12.9   -1.0     35.8
  SNOW DEPTH       2

DEGREE DAYS
 HEATING
  YESTERDAY       28                        37     -9       57
  MONTH TO DATE 1115                      1090     25     1271
  SINCE DEC 1   2028                      2138   -110     2266
  SINCE JUL 1   3244                      3249     -5     3390

 COOLING
  YESTERDAY        0                         0      0        0
  MONTH TO DATE    0                         0      0        0
  SINCE DEC 1      0                         0      0        0
  SINCE JAN 1      0                         0      0        0
..................................................................


WIND (MPH)
  RESULTANT WIND SPEED  11   RESULTANT WIND DIRECTION   S (200)
  HIGHEST WIND SPEED    32   HIGHEST WIND DIRECTION     W (260)
  HIGHEST GUST SPEED    39   HIGHEST GUST DIRECTION     W (270)
  AVERAGE WIND SPEED    17.3



WEATHER CONDITIONS
 THE FOLLOWING WEATHER WAS RECORDED YESTERDAY.
  LIGHT RAIN
  SNOW
  LIGHT SNOW
  FOG
  HAZE


RELATIVE HUMIDITY (PERCENT)
 HIGHEST    89           600 PM
 LOWEST     61           400 AM
 AVERAGE    75

..........................................................


THE DAYTON OH CLIMATE NORMALS FOR TODAY
                         NORMAL    RECORD    YEAR
 MAXIMUM TEMPERATURE (F)   36        66      2013
 MINIMUM TEMPERATURE (F)   21       -10      1966


SUNRISE AND SUNSET
JANUARY 30 2015.......SUNRISE   747 AM EST   SUNSET   553 PM EST
JANUARY 31 2015.......SUNRISE   746 AM EST   SUNSET   555 PM EST


-  INDICATES NEGATIVE NUMBERS.
R  INDICATES RECORD WAS SET OR TIED.
MM INDICATES DATA IS MISSING.
T  INDICATES TRACE AMOUNT.




$$






U.S. Dept. of Commerce
NOAA National Weather Service
1325 East West Highway
Silver Spring, MD 20910
E-mail: w-nws.webmaster@noaa.gov
Page last modified: May 16, 2007
NATIONAL WEATHER SERVICE: for Safety, for Work, for Fun - FOR LIFE