615
CDUS41 KRNK 010927
CLIDAN


CLIMATE REPORT
NATIONAL WEATHER SERVICE BLACKSBURG VA
525 AM EDT SAT NOV 1 2014


...................................

...THE DANVILLE VA CLIMATE SUMMARY FOR OCTOBER 31 2014...

CLIMATE NORMAL PERIOD 1981 TO 2010
CLIMATE RECORD PERIOD 1948 TO 2014


WEATHER ITEM   OBSERVED TIME   RECORD YEAR NORMAL DEPARTURE LAST
                VALUE   (LST)  VALUE       VALUE  FROM      YEAR
                                                  NORMAL
..................................................................
TEMPERATURE (F)
 YESTERDAY
  MAXIMUM         59    251 PM  87    1950  66     -7       74
  MINIMUM         35    706 AM  24    1965  44     -9       54
  AVERAGE         47                        55     -8

PRECIPITATION (IN)
  YESTERDAY        0.00          2.58 1949   0.12  -0.12     0.00
  MONTH TO DATE    4.13                      3.53   0.60     1.20
  SINCE SEP 1      8.01                      7.49   0.52     2.35
  SINCE JAN 1     37.76                     37.78  -0.02    43.66

SNOWFALL (IN)
  YESTERDAY        0.0
  MONTH TO DATE    0.0
  SINCE SEP 1      0.0
  SINCE JUL 1      0.0
  SNOW DEPTH       0

DEGREE DAYS
 HEATING
  YESTERDAY       18                        11      7
  MONTH TO DATE  157                       206    -49
  SINCE SEP 1    169                       233    -64
  SINCE JUL 1    169                       233    -64

 COOLING
  YESTERDAY        0                         0      0
  MONTH TO DATE   33                        33      0
  SINCE SEP 1    229                       209     20
  SINCE JAN 1   1418                      1436    -18
..................................................................


WIND (MPH)
  HIGHEST WIND SPEED    12   HIGHEST WIND DIRECTION    NW (330)
  HIGHEST GUST SPEED    15   HIGHEST GUST DIRECTION    NW (320)
  AVERAGE WIND SPEED     2.5


SKY COVER
  POSSIBLE SUNSHINE  MM
  AVERAGE SKY COVER 0.5


WEATHER CONDITIONS
 THE FOLLOWING WEATHER WAS RECORDED YESTERDAY.
  NO SIGNIFICANT WEATHER WAS OBSERVED.


RELATIVE HUMIDITY (PERCENT)
 HIGHEST    89           600 AM
 LOWEST     51           400 PM
 AVERAGE    70

..........................................................


THE DANVILLE VA CLIMATE NORMALS FOR TODAY
                         NORMAL    RECORD    YEAR
 MAXIMUM TEMPERATURE (F)   66        87      1950
 MINIMUM TEMPERATURE (F)   43        27      1954


SUNRISE AND SUNSET
NOVEMBER  1 2014......SUNRISE   741 AM EDT   SUNSET   621 PM EDT
NOVEMBER  2 2014......SUNRISE   642 AM EST   SUNSET   520 PM EST


-  INDICATES NEGATIVE NUMBERS.
R  INDICATES RECORD WAS SET OR TIED.
MM INDICATES DATA IS MISSING.
T  INDICATES TRACE AMOUNT.




$$





U.S. Dept. of Commerce
NOAA National Weather Service
1325 East West Highway
Silver Spring, MD 20910
E-mail: w-nws.webmaster@noaa.gov
Page last modified: May 16, 2007
NATIONAL WEATHER SERVICE: for Safety, for Work, for Fun - FOR LIFE