029
CDUS41 KRNK 230921
CLIDAN


CLIMATE REPORT
NATIONAL WEATHER SERVICE BLACKSBURG VA
516 AM EDT SAT AUG 23 2014


...................................

...THE DANVILLE VA CLIMATE SUMMARY FOR AUGUST 22 2014...

CLIMATE NORMAL PERIOD 1981 TO 2010
CLIMATE RECORD PERIOD 1948 TO 2014


WEATHER ITEM   OBSERVED TIME   RECORD YEAR NORMAL DEPARTURE LAST
                VALUE   (LST)  VALUE       VALUE  FROM      YEAR
                                                  NORMAL
..................................................................
TEMPERATURE (F)
 YESTERDAY
  MAXIMUM         87   1124 AM 103    1983  86      1       89
  MINIMUM         69    558 AM  54    1981  67      2       72
  AVERAGE         78                        77      1

PRECIPITATION (IN)
  YESTERDAY        0.02          1.16 2009   0.13  -0.11     0.00
  MONTH TO DATE    6.16                      2.71   3.45     3.45
  SINCE JUN 1     11.12                     11.15  -0.03    20.89
  SINCE JAN 1     29.68                     29.03   0.65    41.10

SNOWFALL (IN)
  YESTERDAY        0.0
  MONTH TO DATE    0.0
  SINCE JUN 1      0.0
  SINCE JUL 1      0.0
  SNOW DEPTH       0

DEGREE DAYS
 HEATING
  YESTERDAY        0                         0      0
  MONTH TO DATE    0                         0      0
  SINCE JUN 1      0                         3     -3
  SINCE JUL 1      0                         0      0

 COOLING
  YESTERDAY       13                        12      1
  MONTH TO DATE  205                       278    -73
  SINCE JUN 1    933                       987    -54
  SINCE JAN 1   1094                      1131    -37
..................................................................


WIND (MPH)
  HIGHEST WIND SPEED     8   HIGHEST WIND DIRECTION    NW (320)
  HIGHEST GUST SPEED    MM   HIGHEST GUST DIRECTION    MM
  AVERAGE WIND SPEED     2.6


SKY COVER
  POSSIBLE SUNSHINE  MM
  AVERAGE SKY COVER 0.3


WEATHER CONDITIONS
 THE FOLLOWING WEATHER WAS RECORDED YESTERDAY.
  LIGHT RAIN
  FOG


RELATIVE HUMIDITY (PERCENT)
 HIGHEST   100           300 AM
 LOWEST     61          1200 PM
 AVERAGE    81

..........................................................


THE DANVILLE VA CLIMATE NORMALS FOR TODAY
                         NORMAL    RECORD    YEAR
 MAXIMUM TEMPERATURE (F)   86       105      1983
 MINIMUM TEMPERATURE (F)   67        54      2011
                                             1956


SUNRISE AND SUNSET
AUGUST 23 2014........SUNRISE   641 AM EDT   SUNSET   758 PM EDT
AUGUST 24 2014........SUNRISE   642 AM EDT   SUNSET   757 PM EDT


-  INDICATES NEGATIVE NUMBERS.
R  INDICATES RECORD WAS SET OR TIED.
MM INDICATES DATA IS MISSING.
T  INDICATES TRACE AMOUNT.



$$






U.S. Dept. of Commerce
NOAA National Weather Service
1325 East West Highway
Silver Spring, MD 20910
E-mail: w-nws.webmaster@noaa.gov
Page last modified: May 16, 2007
NATIONAL WEATHER SERVICE: for Safety, for Work, for Fun - FOR LIFE