428
CDUS41 KRNK 222114
CLIDAN


CLIMATE REPORT
NATIONAL WEATHER SERVICE BLACKSBURG VA
510 PM EDT WED OCT 22 2014


...................................

...THE DANVILLE VA CLIMATE SUMMARY FOR OCTOBER 22 2014...
VALID TODAY AS OF 0500 PM LOCAL TIME.

CLIMATE NORMAL PERIOD 1981 TO 2010
CLIMATE RECORD PERIOD 1948 TO 2014


WEATHER ITEM   OBSERVED TIME   RECORD YEAR NORMAL DEPARTURE LAST
                VALUE   (LST)  VALUE       VALUE  FROM      YEAR
                                                  NORMAL
..................................................................
TEMPERATURE (F)
 TODAY
  MAXIMUM         66    229 PM  85    1984  68     -2       71
  MINIMUM         44    451 AM  25    1974  47     -3       53
  AVERAGE         55                        58     -3

PRECIPITATION (IN)
  TODAY            T             0.95 1985   0.10  -0.10     0.00
  MONTH TO DATE    4.12                      2.54   1.58     1.20
  SINCE SEP 1      8.00                      6.50   1.50     2.35
  SINCE JAN 1     37.75                     36.79   0.96    43.66

SNOWFALL (IN)
  TODAY            0.0
  MONTH TO DATE    0.0
  SINCE SEP 1      0.0
  SINCE JUL 1      0.0
  SNOW DEPTH       0

DEGREE DAYS
 HEATING
  TODAY           10                         8      2
  MONTH TO DATE   87                       120    -33
  SINCE SEP 1     99                       148    -49
  SINCE JUL 1     99                       148    -49

 COOLING
  TODAY            0                         1     -1
  MONTH TO DATE   32                        29      3
  SINCE SEP 1    228                       205     23
  SINCE JAN 1   1417                      1432    -15
..................................................................


WIND (MPH)
  HIGHEST WIND SPEED    22   HIGHEST WIND DIRECTION     N (350)
  HIGHEST GUST SPEED    28   HIGHEST GUST DIRECTION     N (350)
  AVERAGE WIND SPEED    11.0


SKY COVER
  POSSIBLE SUNSHINE  MM
  AVERAGE SKY COVER 0.4


WEATHER CONDITIONS
 THE FOLLOWING WEATHER WAS RECORDED TODAY.
  LIGHT RAIN


RELATIVE HUMIDITY (PERCENT)
 HIGHEST    83           500 AM
 LOWEST     43           100 PM
 AVERAGE    63

..........................................................


THE DANVILLE VA CLIMATE NORMALS FOR TOMORROW
                         NORMAL    RECORD    YEAR
 MAXIMUM TEMPERATURE (F)   68        84      1979
 MINIMUM TEMPERATURE (F)   46        25      1974


SUNRISE AND SUNSET
OCTOBER 22 2014.......SUNRISE   731 AM EDT   SUNSET   632 PM EDT
OCTOBER 23 2014.......SUNRISE   732 AM EDT   SUNSET   631 PM EDT


-  INDICATES NEGATIVE NUMBERS.
R  INDICATES RECORD WAS SET OR TIED.
MM INDICATES DATA IS MISSING.
T  INDICATES TRACE AMOUNT.




$$





U.S. Dept. of Commerce
NOAA National Weather Service
1325 East West Highway
Silver Spring, MD 20910
E-mail: w-nws.webmaster@noaa.gov
Page last modified: May 16, 2007
NATIONAL WEATHER SERVICE: for Safety, for Work, for Fun - FOR LIFE