465
CDUS42 KMLB 310627
CLIDAB


CLIMATE REPORT
NATIONAL WEATHER SERVICE MELBOURNE FL
127 AM EST SAT JAN 31 2015


...................................

...THE DAYTONA BEACH CLIMATE SUMMARY FOR JANUARY 30 2015...

CLIMATE NORMAL PERIOD 1981 TO 2010
CLIMATE RECORD PERIOD 1923 TO 2015


WEATHER ITEM   OBSERVED TIME   RECORD YEAR NORMAL DEPARTURE LAST
                VALUE   (LST)  VALUE       VALUE  FROM      YEAR
                                                  NORMAL
..................................................................
TEMPERATURE (F)
 YESTERDAY
  MAXIMUM         72    251 PM  87    1991  69      3       53
  MINIMUM         46    532 AM  26    1966  48     -2       45
  AVERAGE         59                        59      0       49

PRECIPITATION (IN)
  YESTERDAY        0.00          1.93 1994   0.09  -0.09     0.47
  MONTH TO DATE    2.55                      2.65  -0.10     2.66
  SINCE DEC 1      5.38                      5.28   0.10     4.35
  SINCE JAN 1      2.55                      2.65  -0.10     2.66

SNOWFALL (IN)
  YESTERDAY        0.0
  MONTH TO DATE    0.0
  SINCE JUL 1      0.0

DEGREE DAYS
 HEATING
  YESTERDAY        6                         7     -1       16
  MONTH TO DATE  187                       238    -51      282
  SINCE DEC 1    302                       430   -128      355
  SINCE JUL 1    431                       504    -73      386

 COOLING
  YESTERDAY        0                         1     -1        0
  MONTH TO DATE   31                        30      1       25
  SINCE DEC 1    114                        81     33      139
  SINCE JAN 1     31                        30      1       25
..................................................................


WIND (MPH)
  HIGHEST WIND SPEED    17   HIGHEST WIND DIRECTION    NW (310)
  HIGHEST GUST SPEED    24   HIGHEST GUST DIRECTION     W (270)
  AVERAGE WIND SPEED     7.9


SKY COVER
  AVERAGE SKY COVER 0.5


WEATHER CONDITIONS
 THE FOLLOWING WEATHER WAS RECORDED YESTERDAY.
  NO SIGNIFICANT WEATHER WAS OBSERVED.


RELATIVE HUMIDITY (PERCENT)
 HIGHEST    93          1200 AM
 LOWEST     49           300 PM
 AVERAGE    71

..........................................................


THE DAYTONA BEACH CLIMATE NORMALS FOR TODAY
                         NORMAL    RECORD    YEAR
 MAXIMUM TEMPERATURE (F)   69        86      1985
 MINIMUM TEMPERATURE (F)   48        24      1966


SUNRISE AND SUNSET
JANUARY 31 2015.......SUNRISE   714 AM EST   SUNSET   602 PM EST
FEBRUARY  1 2015......SUNRISE   713 AM EST   SUNSET   603 PM EST


-  INDICATES NEGATIVE NUMBERS.
R  INDICATES RECORD WAS SET OR TIED.
MM INDICATES DATA IS MISSING.
T  INDICATES TRACE AMOUNT.




$$





U.S. Dept. of Commerce
NOAA National Weather Service
1325 East West Highway
Silver Spring, MD 20910
E-mail: w-nws.webmaster@noaa.gov
Page last modified: May 16, 2007
NATIONAL WEATHER SERVICE: for Safety, for Work, for Fun - FOR LIFE