940
CDUS42 KMLB 260642
CLIDAB


CLIMATE REPORT
NATIONAL WEATHER SERVICE MELBOURNE FL
232 AM EDT SUN OCT 26 2014


...................................

...THE DAYTONA BEACH CLIMATE SUMMARY FOR OCTOBER 25 2014...

CLIMATE NORMAL PERIOD 1981 TO 2010
CLIMATE RECORD PERIOD 1923 TO 2014


WEATHER ITEM   OBSERVED TIME   RECORD YEAR NORMAL DEPARTURE LAST
                VALUE   (LST)  VALUE       VALUE  FROM      YEAR
                                                  NORMAL
..................................................................
TEMPERATURE (F)
 YESTERDAY
  MAXIMUM         79   1256 PM  89    2001  80     -1       78
  MINIMUM         56   1159 PM  41    1937  63     -7       56
  AVERAGE         68                        72     -4       67

PRECIPITATION (IN)
  YESTERDAY        0.00          1.22 1924   0.11  -0.11     0.00
  MONTH TO DATE    0.57                      3.64  -3.07     1.99
  SINCE SEP 1     18.72                     10.60   8.12     7.76
  SINCE JAN 1     51.89                     43.73   8.16    42.98

SNOWFALL (IN)
  YESTERDAY        0.0
  MONTH TO DATE    0.0
  SINCE JUL 1      0.0

DEGREE DAYS
 HEATING
  YESTERDAY        0                         1     -1        0
  MONTH TO DATE    0                         1     -1        0
  SINCE SEP 1      0                         1     -1        0
  SINCE JUL 1      0                         1     -1        0

 COOLING
  YESTERDAY        3                         7     -4        2
  MONTH TO DATE  229                       247    -18      270
  SINCE SEP 1    683                       683      0      732
  SINCE JAN 1   2875                      2757    118     2928
..................................................................


WIND (MPH)
  HIGHEST WIND SPEED    16   HIGHEST WIND DIRECTION     N (10)
  HIGHEST GUST SPEED    22   HIGHEST GUST DIRECTION    NE (40)
  AVERAGE WIND SPEED     7.2


SKY COVER
  AVERAGE SKY COVER 0.2


WEATHER CONDITIONS
 THE FOLLOWING WEATHER WAS RECORDED YESTERDAY.
  NO SIGNIFICANT WEATHER WAS OBSERVED.


RELATIVE HUMIDITY (PERCENT)
 HIGHEST    93          1100 PM
 LOWEST     47          1200 PM
 AVERAGE    70

..........................................................


THE DAYTONA BEACH CLIMATE NORMALS FOR TODAY
                         NORMAL    RECORD    YEAR
 MAXIMUM TEMPERATURE (F)   80        90      2010
 MINIMUM TEMPERATURE (F)   63        44      1982


SUNRISE AND SUNSET
OCTOBER 26 2014.......SUNRISE   733 AM EDT   SUNSET   643 PM EDT
OCTOBER 27 2014.......SUNRISE   733 AM EDT   SUNSET   642 PM EDT


-  INDICATES NEGATIVE NUMBERS.
R  INDICATES RECORD WAS SET OR TIED.
MM INDICATES DATA IS MISSING.
T  INDICATES TRACE AMOUNT.




$$





U.S. Dept. of Commerce
NOAA National Weather Service
1325 East West Highway
Silver Spring, MD 20910
E-mail: w-nws.webmaster@noaa.gov
Page last modified: May 16, 2007
NATIONAL WEATHER SERVICE: for Safety, for Work, for Fun - FOR LIFE