486
CDUS42 KMLB 240635
CLIDAB


CLIMATE REPORT
NATIONAL WEATHER SERVICE MELBOURNE FL
135 AM EST MON NOV 24 2014


...................................

...THE DAYTONA BEACH CLIMATE SUMMARY FOR NOVEMBER 23 2014...

CLIMATE NORMAL PERIOD 1981 TO 2010
CLIMATE RECORD PERIOD 1923 TO 2014


WEATHER ITEM   OBSERVED TIME   RECORD YEAR NORMAL DEPARTURE LAST
                VALUE   (LST)  VALUE       VALUE  FROM      YEAR
                                                  NORMAL
..................................................................
TEMPERATURE (F)
 YESTERDAY
  MAXIMUM         84    412 PM  86    1957  75      9       81
                                      1948
                                      1947
  MINIMUM         71    453 AM  34    2000  56     15       65
                                      1981
  AVERAGE         78                        65     13       73

PRECIPITATION (IN)
  YESTERDAY        0.23          3.08 1988   0.08   0.15     0.00
  MONTH TO DATE    2.60                      2.10   0.50     2.60
  SINCE SEP 1     21.33                     13.27   8.06    10.63
  SINCE JAN 1     54.50                     46.40   8.10    45.85

SNOWFALL (IN)
  YESTERDAY        0.0
  MONTH TO DATE    0.0
  SINCE JUL 1      0.0

DEGREE DAYS
 HEATING
  YESTERDAY        0                         3     -3        0
  MONTH TO DATE   93                        42     51        2
  SINCE SEP 1     93                        50     43        3
  SINCE JUL 1     93                        50     43        3

 COOLING
  YESTERDAY       13                         3     10        8
  MONTH TO DATE   52                        97    -45      163
  SINCE SEP 1    768                       819    -51      927
  SINCE JAN 1   2960                      2893     67     3123
..................................................................


WIND (MPH)
  HIGHEST WIND SPEED    20   HIGHEST WIND DIRECTION     S (180)
  HIGHEST GUST SPEED    28   HIGHEST GUST DIRECTION     S (170)
  AVERAGE WIND SPEED     8.8


SKY COVER
  AVERAGE SKY COVER 0.9


WEATHER CONDITIONS
 THE FOLLOWING WEATHER WAS RECORDED YESTERDAY.
  RAIN
  LIGHT RAIN
  FOG


RELATIVE HUMIDITY (PERCENT)
 HIGHEST    94           800 PM
 LOWEST     61           400 PM
 AVERAGE    78

..........................................................


THE DAYTONA BEACH CLIMATE NORMALS FOR TODAY
                         NORMAL    RECORD    YEAR
 MAXIMUM TEMPERATURE (F)   74        85      1992
                                             1941
 MINIMUM TEMPERATURE (F)   55        30      1970


SUNRISE AND SUNSET
NOVEMBER 24 2014......SUNRISE   655 AM EST   SUNSET   527 PM EST
NOVEMBER 25 2014......SUNRISE   656 AM EST   SUNSET   526 PM EST


-  INDICATES NEGATIVE NUMBERS.
R  INDICATES RECORD WAS SET OR TIED.
MM INDICATES DATA IS MISSING.
T  INDICATES TRACE AMOUNT.




$$





U.S. Dept. of Commerce
NOAA National Weather Service
1325 East West Highway
Silver Spring, MD 20910
E-mail: w-nws.webmaster@noaa.gov
Page last modified: May 16, 2007
NATIONAL WEATHER SERVICE: for Safety, for Work, for Fun - FOR LIFE