855
CDUS42 KMLB 250627
CLIDAB


CLIMATE REPORT
NATIONAL WEATHER SERVICE MELBOURNE
227 AM EDT FRI APR 25 2014


...................................

...THE DAYTONA BEACH CLIMATE SUMMARY FOR APRIL 24 2014...

CLIMATE NORMAL PERIOD 1981 TO 2010
CLIMATE RECORD PERIOD 1923 TO 2014


WEATHER ITEM   OBSERVED TIME   RECORD YEAR NORMAL DEPARTURE LAST
                VALUE   (LST)  VALUE       VALUE  FROM      YEAR
                                                  NORMAL
..................................................................
TEMPERATURE (F)
 YESTERDAY
  MAXIMUM         82    249 PM  96    1968  81      1       80
  MINIMUM         63    628 AM  41    1986  60      3       53
  AVERAGE         73                        70      3       67

PRECIPITATION (IN)
  YESTERDAY        0.00          0.95 1979   0.06  -0.06     0.00
  MONTH TO DATE    2.23                      1.85   0.38     1.77
  SINCE MAR 1      6.95                      6.09   0.86     2.59
  SINCE JAN 1     13.53                     11.61   1.92     4.47

SNOWFALL (IN)
  YESTERDAY        0.0
  MONTH TO DATE    0.0
  SINCE JUL 1      0.0

DEGREE DAYS
 HEATING
  YESTERDAY        0                         1     -1        0
  MONTH TO DATE    9                        27    -18        2
  SINCE MAR 1     89                       124    -35      228
  SINCE JUL 1    602                       806   -204      694

 COOLING
  YESTERDAY        8                         6      2        2
  MONTH TO DATE  120                       107     13      148
  SINCE MAR 1    179                       184     -5      185
  SINCE JAN 1    263                       249     14      318
..................................................................


WIND (MPH)
  HIGHEST WIND SPEED    15   HIGHEST WIND DIRECTION     E (110)
  HIGHEST GUST SPEED    22   HIGHEST GUST DIRECTION    SE (120)
  AVERAGE WIND SPEED     4.9


SKY COVER
  AVERAGE SKY COVER 0.2


WEATHER CONDITIONS
 THE FOLLOWING WEATHER WAS RECORDED YESTERDAY.
  FOG
  HAZE


RELATIVE HUMIDITY (PERCENT)
 HIGHEST   100           500 AM
 LOWEST     58          1100 AM
 AVERAGE    79

..........................................................


THE DAYTONA BEACH CLIMATE NORMALS FOR TODAY
                         NORMAL    RECORD    YEAR
 MAXIMUM TEMPERATURE (F)   81        93      1945
 MINIMUM TEMPERATURE (F)   60        45      2005
                                             1986


SUNRISE AND SUNSET
APRIL 25 2014.........SUNRISE   648 AM EDT   SUNSET   757 PM EDT
APRIL 26 2014.........SUNRISE   647 AM EDT   SUNSET   757 PM EDT


-  INDICATES NEGATIVE NUMBERS.
R  INDICATES RECORD WAS SET OR TIED.
MM INDICATES DATA IS MISSING.
T  INDICATES TRACE AMOUNT.




$$






U.S. Dept. of Commerce
NOAA National Weather Service
1325 East West Highway
Silver Spring, MD 20910
E-mail: w-nws.webmaster@noaa.gov
Page last modified: May 16, 2007
NATIONAL WEATHER SERVICE: for Safety, for Work, for Fun - FOR LIFE