908
CDUS42 KMLB 200635
CLIDAB


CLIMATE REPORT
NATIONAL WEATHER SERVICE MELBOURNE FL
135 AM EST SAT DEC 20 2014


...................................

...THE DAYTONA BEACH CLIMATE SUMMARY FOR DECEMBER 19 2014...

CLIMATE NORMAL PERIOD 1981 TO 2010
CLIMATE RECORD PERIOD 1923 TO 2014


WEATHER ITEM   OBSERVED TIME   RECORD YEAR NORMAL DEPARTURE LAST
                VALUE   (LST)  VALUE       VALUE  FROM      YEAR
                                                  NORMAL
..................................................................
TEMPERATURE (F)
 YESTERDAY
  MAXIMUM         72    305 PM  87    1990  70      2       73
  MINIMUM         50    621 AM  26    1981  50      0       42
  AVERAGE         61                        60      1       58

PRECIPITATION (IN)
  YESTERDAY        0.00          1.04 1930   0.10  -0.10     0.00
  MONTH TO DATE    0.24                      1.53  -1.29     0.97
  SINCE DEC 1      0.24                      1.53  -1.29     0.97
  SINCE JAN 1     61.23                     48.52  12.71    47.33

SNOWFALL (IN)
  YESTERDAY        0.0
  MONTH TO DATE    0.0
  SINCE JUL 1      0.0

DEGREE DAYS
 HEATING
  YESTERDAY        4                         7     -3        7
  MONTH TO DATE  101                       102     -1       52
  SINCE DEC 1    101                       102     -1       52
  SINCE JUL 1    230                       176     54       83

 COOLING
  YESTERDAY        0                         1     -1        0
  MONTH TO DATE   35                        35      0       71
  SINCE DEC 1     35                        35      0       71
  SINCE JAN 1   3017                      2947     70     3213
..................................................................


WIND (MPH)
  HIGHEST WIND SPEED     8   HIGHEST WIND DIRECTION     E (80)
  HIGHEST GUST SPEED    11   HIGHEST GUST DIRECTION     E (70)
  AVERAGE WIND SPEED     2.1


SKY COVER
  AVERAGE SKY COVER 0.5


WEATHER CONDITIONS
 THE FOLLOWING WEATHER WAS RECORDED YESTERDAY.
  FOG


RELATIVE HUMIDITY (PERCENT)
 HIGHEST    93           600 AM
 LOWEST     31           300 PM
 AVERAGE    62

..........................................................


THE DAYTONA BEACH CLIMATE NORMALS FOR TODAY
                         NORMAL    RECORD    YEAR
 MAXIMUM TEMPERATURE (F)   70        83      1990
 MINIMUM TEMPERATURE (F)   50        25      2000


SUNRISE AND SUNSET
DECEMBER 20 2014......SUNRISE   713 AM EST   SUNSET   530 PM EST
DECEMBER 21 2014......SUNRISE   714 AM EST   SUNSET   531 PM EST


-  INDICATES NEGATIVE NUMBERS.
R  INDICATES RECORD WAS SET OR TIED.
MM INDICATES DATA IS MISSING.
T  INDICATES TRACE AMOUNT.




$$





U.S. Dept. of Commerce
NOAA National Weather Service
1325 East West Highway
Silver Spring, MD 20910
E-mail: w-nws.webmaster@noaa.gov
Page last modified: May 16, 2007
NATIONAL WEATHER SERVICE: for Safety, for Work, for Fun - FOR LIFE