929
CDUS43 KUNR 210831
CLID07


CLIMATE REPORT
NATIONAL WEATHER SERVICE RAPID CITY SD
231 AM MDT TUE OCT 21 2014


...................................

...THE FAITH SD CLIMATE SUMMARY FOR OCTOBER 20 2014...

CLIMATE NORMAL PERIOD 1981 TO 2010
CLIMATE RECORD PERIOD 9999 TO 9999


WEATHER ITEM   OBSERVED TIME   NORMAL DEPARTURE LAST
                VALUE   (LST)  VALUE  FROM      YEAR
                                      NORMAL
......................................................
TEMPERATURE (F)
 YESTERDAY
  MAXIMUM         75    328 PM  57     18       48
  MINIMUM         40    513 AM  34      6       32
  AVERAGE         58            45     13       40

PRECIPITATION (IN)
  YESTERDAY        0.00          0.06  -0.06     0.00
  MONTH TO DATE    0.53          0.88  -0.35     2.31
  SINCE SEP 1      1.67          2.24  -0.57     3.41
  SINCE JAN 1     18.18         16.06   2.12    15.78

DEGREE DAYS
 HEATING
  YESTERDAY        7            20    -13       25
  MONTH TO DATE  268           324    -56      395
  SINCE SEP 1    473           523    -50      475
  SINCE JUL 1    516           556    -40      490

 COOLING
  YESTERDAY        0             0      0        0
  MONTH TO DATE    0             0      0        0
  SINCE SEP 1     46            59    -13      130
  SINCE JAN 1    445           634   -189      720
......................................................


WIND (MPH)
  HIGHEST WIND SPEED    25   HIGHEST WIND DIRECTION     S (160)
  HIGHEST GUST SPEED    31   HIGHEST GUST DIRECTION    SE (150)
  AVERAGE WIND SPEED    15.5




RELATIVE HUMIDITY (PERCENT)
 HIGHEST    79           500 AM
 LOWEST     31           100 PM
 AVERAGE    55

..........................................................




SUNRISE AND SUNSET
OCTOBER 21 2014.......SUNRISE   712 AM MDT   SUNSET   553 PM MDT
OCTOBER 22 2014.......SUNRISE   713 AM MDT   SUNSET   551 PM MDT


-  INDICATES NEGATIVE NUMBERS.
R  INDICATES RECORD WAS SET OR TIED.
MM INDICATES DATA IS MISSING.
T  INDICATES TRACE AMOUNT.




$$





U.S. Dept. of Commerce
NOAA National Weather Service
1325 East West Highway
Silver Spring, MD 20910
E-mail: w-nws.webmaster@noaa.gov
Page last modified: May 16, 2007
NATIONAL WEATHER SERVICE: for Safety, for Work, for Fun - FOR LIFE