684
CDUS43 KUNR 220832
CLID07


CLIMATE REPORT
NATIONAL WEATHER SERVICE RAPID CITY SD
232 AM MDT FRI AUG 22 2014


...................................

...THE FAITH SD CLIMATE SUMMARY FOR AUGUST 21 2014...

CLIMATE NORMAL PERIOD 1981 TO 2010
CLIMATE RECORD PERIOD 9999 TO 9999


WEATHER ITEM   OBSERVED TIME   NORMAL DEPARTURE LAST
                VALUE   (LST)  VALUE  FROM      YEAR
                                      NORMAL
......................................................
TEMPERATURE (F)
 YESTERDAY
  MAXIMUM         85    223 PM  85      0       87
  MINIMUM         59    330 AM  58      1       60
  AVERAGE         72            71      1       74

PRECIPITATION (IN)
  YESTERDAY        0.12          0.04   0.08     0.00
  MONTH TO DATE    2.05          1.15   0.90     1.89
  SINCE JUN 1      8.41          7.04   1.37     4.72
  SINCE JAN 1     12.99         13.34  -0.35    12.36

DEGREE DAYS
 HEATING
  YESTERDAY        0             1     -1        0
  MONTH TO DATE    0             5     -5        2
  SINCE JUN 1    122           107     15       88
  SINCE JUL 1     17            17      0       15

 COOLING
  YESTERDAY        7             7      0        9
  MONTH TO DATE  158           173    -15       99
  SINCE JUN 1    356           506   -150      444
  SINCE JAN 1    386           518   -132      457
......................................................


WIND (MPH)
  HIGHEST WIND SPEED    18   HIGHEST WIND DIRECTION     N (20)
  HIGHEST GUST SPEED    24   HIGHEST GUST DIRECTION     W (280)
  AVERAGE WIND SPEED     8.9




RELATIVE HUMIDITY (PERCENT)
 HIGHEST   100           100 AM
 LOWEST     37           100 PM
 AVERAGE    69

..........................................................




SUNRISE AND SUNSET
AUGUST 22 2014........SUNRISE   558 AM MDT   SUNSET   743 PM MDT
AUGUST 23 2014........SUNRISE   559 AM MDT   SUNSET   741 PM MDT


-  INDICATES NEGATIVE NUMBERS.
R  INDICATES RECORD WAS SET OR TIED.
MM INDICATES DATA IS MISSING.
T  INDICATES TRACE AMOUNT.




$$





U.S. Dept. of Commerce
NOAA National Weather Service
1325 East West Highway
Silver Spring, MD 20910
E-mail: w-nws.webmaster@noaa.gov
Page last modified: May 16, 2007
NATIONAL WEATHER SERVICE: for Safety, for Work, for Fun - FOR LIFE