192
CDUS43 KUNR 240833
CLID07


CLIMATE REPORT
NATIONAL WEATHER SERVICE RAPID CITY SD
233 AM MDT FRI OCT 24 2014


...................................

...THE FAITH SD CLIMATE SUMMARY FOR OCTOBER 23 2014...

CLIMATE NORMAL PERIOD 1981 TO 2010
CLIMATE RECORD PERIOD 9999 TO 9999


WEATHER ITEM   OBSERVED TIME   NORMAL DEPARTURE LAST
                VALUE   (LST)  VALUE  FROM      YEAR
                                      NORMAL
......................................................
TEMPERATURE (F)
 YESTERDAY
  MAXIMUM         69   1225 PM  56     13       47
  MINIMUM         38    647 AM  33      5       28
  AVERAGE         54            44     10       38

PRECIPITATION (IN)
  YESTERDAY        0.00          0.07  -0.07     0.00
  MONTH TO DATE    0.53          1.09  -0.56     2.47
  SINCE SEP 1      1.67          2.45  -0.78     3.57
  SINCE JAN 1     18.18         16.27   1.91    15.94

DEGREE DAYS
 HEATING
  YESTERDAY       11            21    -10       27
  MONTH TO DATE  291           385    -94      468
  SINCE SEP 1    496           584    -88      548
  SINCE JUL 1    539           617    -78      563

 COOLING
  YESTERDAY        0             0      0        0
  MONTH TO DATE    0             0      0        0
  SINCE SEP 1     46            59    -13      130
  SINCE JAN 1    445           634   -189      720
......................................................


WIND (MPH)
  HIGHEST WIND SPEED    15   HIGHEST WIND DIRECTION     S (180)
  HIGHEST GUST SPEED    16   HIGHEST GUST DIRECTION     S (180)
  AVERAGE WIND SPEED     8.6




RELATIVE HUMIDITY (PERCENT)
 HIGHEST    70           700 AM
 LOWEST     24          1200 PM
 AVERAGE    47

..........................................................




SUNRISE AND SUNSET
OCTOBER 24 2014.......SUNRISE   716 AM MDT   SUNSET   548 PM MDT
OCTOBER 25 2014.......SUNRISE   717 AM MDT   SUNSET   547 PM MDT


-  INDICATES NEGATIVE NUMBERS.
R  INDICATES RECORD WAS SET OR TIED.
MM INDICATES DATA IS MISSING.
T  INDICATES TRACE AMOUNT.




$$





U.S. Dept. of Commerce
NOAA National Weather Service
1325 East West Highway
Silver Spring, MD 20910
E-mail: w-nws.webmaster@noaa.gov
Page last modified: May 16, 2007
NATIONAL WEATHER SERVICE: for Safety, for Work, for Fun - FOR LIFE