454
CDUS43 KUNR 301138
CLID07


CLIMATE REPORT
NATIONAL WEATHER SERVICE RAPID CITY SD
537 AM MDT THU OCT 30 2014


...................................

...THE FAITH SD CLIMATE SUMMARY FOR OCTOBER 29 2014...

CLIMATE NORMAL PERIOD 1981 TO 2010
CLIMATE RECORD PERIOD 9999 TO 9999


WEATHER ITEM   OBSERVED TIME   NORMAL DEPARTURE LAST
                VALUE   (LST)  VALUE  FROM      YEAR
                                      NORMAL
......................................................
TEMPERATURE (F)
 YESTERDAY
  MAXIMUM         56    403 PM  53      3       32
  MINIMUM         22   1233 AM  31     -9       25
  AVERAGE         39            42     -3       29

PRECIPITATION (IN)
  YESTERDAY        0.00          0.06  -0.06     0.00
  MONTH TO DATE    0.54          1.44  -0.90     2.63
  SINCE SEP 1      1.68          2.80  -1.12     3.73
  SINCE JAN 1     18.19         16.62   1.57    16.10

DEGREE DAYS
 HEATING
  YESTERDAY       26            23      3       36
  MONTH TO DATE  389           519   -130      630
  SINCE SEP 1    594           718   -124      710
  SINCE JUL 1    637           751   -114      725

 COOLING
  YESTERDAY        0             0      0        0
  MONTH TO DATE    0             0      0        0
  SINCE SEP 1     46            59    -13      130
  SINCE JAN 1    445           634   -189      720
......................................................


WIND (MPH)
  HIGHEST WIND SPEED    18   HIGHEST WIND DIRECTION     S (180)
  HIGHEST GUST SPEED    21   HIGHEST GUST DIRECTION     S (170)
  AVERAGE WIND SPEED    12.4




RELATIVE HUMIDITY (PERCENT)
 HIGHEST    88          1200 AM
 LOWEST     38           200 PM
 AVERAGE    63

..........................................................




SUNRISE AND SUNSET
OCTOBER 30 2014.......SUNRISE   724 AM MDT   SUNSET   539 PM MDT
OCTOBER 31 2014.......SUNRISE   725 AM MDT   SUNSET   537 PM MDT


-  INDICATES NEGATIVE NUMBERS.
R  INDICATES RECORD WAS SET OR TIED.
MM INDICATES DATA IS MISSING.
T  INDICATES TRACE AMOUNT.




$$





U.S. Dept. of Commerce
NOAA National Weather Service
1325 East West Highway
Silver Spring, MD 20910
E-mail: w-nws.webmaster@noaa.gov
Page last modified: May 16, 2007
NATIONAL WEATHER SERVICE: for Safety, for Work, for Fun - FOR LIFE