905
CDUS43 KUNR 240833
CLID07


CLIMATE REPORT
NATIONAL WEATHER SERVICE RAPID CITY SD
232 AM MDT THU APR 24 2014


...................................

...THE FAITH SD CLIMATE SUMMARY FOR APRIL 23 2014...

CLIMATE NORMAL PERIOD 1981 TO 2010
CLIMATE RECORD PERIOD 9999 TO 9999


WEATHER ITEM   OBSERVED TIME   NORMAL DEPARTURE LAST
                VALUE   (LST)  VALUE  FROM      YEAR
                                      NORMAL
......................................................
TEMPERATURE (F)
 YESTERDAY
  MAXIMUM         67   1210 PM  60      7       42
  MINIMUM         43   1048 PM  36      7       17
  AVERAGE         55            48      7       30

PRECIPITATION (IN)
  YESTERDAY       MM             0.06  MM        0.00
  MONTH TO DATE    0.17          1.05  -0.88     1.18
  SINCE MAR 1      1.36          2.03  -0.67     1.61
  SINCE JAN 1      2.26          2.65  -0.39     2.18

DEGREE DAYS
 HEATING
  YESTERDAY       10            17     -7       35
  MONTH TO DATE  500           500      0      729
  SINCE MAR 1   1618          1503    115     1795
  SINCE JUL 1   7704          7191    513     7138

 COOLING
  YESTERDAY        0             0      0        0
  MONTH TO DATE    0             0      0        0
  SINCE MAR 1      0             0      0        0
  SINCE JAN 1      0             0      0        0
......................................................


WIND (MPH)
  HIGHEST WIND SPEED    41   HIGHEST WIND DIRECTION    SE (140)
  HIGHEST GUST SPEED    47   HIGHEST GUST DIRECTION    SE (140)
  AVERAGE WIND SPEED    17.9




RELATIVE HUMIDITY (PERCENT)
 HIGHEST    65           900 PM
 LOWEST     47           500 PM
 AVERAGE    56

..........................................................




SUNRISE AND SUNSET
APRIL 24 2014.........SUNRISE   548 AM MDT   SUNSET   745 PM MDT
APRIL 25 2014.........SUNRISE   547 AM MDT   SUNSET   746 PM MDT


-  INDICATES NEGATIVE NUMBERS.
R  INDICATES RECORD WAS SET OR TIED.
MM INDICATES DATA IS MISSING.
T  INDICATES TRACE AMOUNT.




$$





U.S. Dept. of Commerce
NOAA National Weather Service
1325 East West Highway
Silver Spring, MD 20910
E-mail: w-nws.webmaster@noaa.gov
Page last modified: May 16, 2007
NATIONAL WEATHER SERVICE: for Safety, for Work, for Fun - FOR LIFE