375
CDUS43 KUNR 220839
CLID07


CLIMATE REPORT
NATIONAL WEATHER SERVICE RAPID CITY SD
138 AM MST MON DEC 22 2014


...................................

...THE FAITH SD CLIMATE SUMMARY FOR DECEMBER 21 2014...

CLIMATE NORMAL PERIOD 1981 TO 2010
CLIMATE RECORD PERIOD 9999 TO 9999


WEATHER ITEM   OBSERVED TIME   NORMAL DEPARTURE LAST
                VALUE   (LST)  VALUE  FROM      YEAR
                                      NORMAL
......................................................
TEMPERATURE (F)
 YESTERDAY
  MAXIMUM         41   1256 PM  30     11       11
  MINIMUM         21    749 AM  11     10       -3
  AVERAGE         31            20     11        4

PRECIPITATION (IN)
  YESTERDAY        0.10          0.02   0.08     0.06
  MONTH TO DATE    0.15          0.26  -0.11     0.57
  SINCE DEC 1      0.15          0.26  -0.11     0.57
  SINCE JAN 1     18.69         17.52   1.17    16.90

DEGREE DAYS
 HEATING
  YESTERDAY       34            45    -11       61
  MONTH TO DATE  729           913   -184     1083
  SINCE DEC 1    729           913   -184     1083
  SINCE JUL 1   2605          2696    -91     2833

 COOLING
  YESTERDAY        0             0      0        0
  MONTH TO DATE    0             0      0        0
  SINCE DEC 1      0             0      0        0
  SINCE JAN 1    445           635   -190      720
......................................................


WIND (MPH)
  HIGHEST WIND SPEED    20   HIGHEST WIND DIRECTION    NW (300)
  HIGHEST GUST SPEED    25   HIGHEST GUST DIRECTION     W (290)
  AVERAGE WIND SPEED     9.7




RELATIVE HUMIDITY (PERCENT)
 HIGHEST    92           700 PM
 LOWEST     60           100 PM
 AVERAGE    76

..........................................................




SUNRISE AND SUNSET
DECEMBER 22 2014......SUNRISE   724 AM MST   SUNSET   410 PM MST
DECEMBER 23 2014......SUNRISE   724 AM MST   SUNSET   410 PM MST


-  INDICATES NEGATIVE NUMBERS.
R  INDICATES RECORD WAS SET OR TIED.
MM INDICATES DATA IS MISSING.
T  INDICATES TRACE AMOUNT.




$$





U.S. Dept. of Commerce
NOAA National Weather Service
1325 East West Highway
Silver Spring, MD 20910
E-mail: w-nws.webmaster@noaa.gov
Page last modified: May 16, 2007
NATIONAL WEATHER SERVICE: for Safety, for Work, for Fun - FOR LIFE