602
CDUS43 KUNR 290835
CLID07


CLIMATE REPORT
NATIONAL WEATHER SERVICE RAPID CITY SD
133 AM MST SAT NOV 29 2014


...................................

...THE FAITH SD CLIMATE SUMMARY FOR NOVEMBER 28 2014...

CLIMATE NORMAL PERIOD 1981 TO 2010
CLIMATE RECORD PERIOD 9999 TO 9999


WEATHER ITEM   OBSERVED TIME   NORMAL DEPARTURE LAST
                VALUE   (LST)  VALUE  FROM      YEAR
                                      NORMAL
......................................................
TEMPERATURE (F)
 YESTERDAY
  MAXIMUM         52    201 PM  36     16       28
  MINIMUM         24    100 AM  15      9       19
  AVERAGE         38            26     12       24

PRECIPITATION (IN)
  YESTERDAY        0.00          0.00   0.00     0.00
  MONTH TO DATE    0.34          0.52  -0.18     0.22
  SINCE SEP 1      2.02          3.43  -1.41     3.96
  SINCE JAN 1     18.53         17.25   1.28    16.33

DEGREE DAYS
 HEATING
  YESTERDAY       27            40    -13       41
  MONTH TO DATE 1075           904    171      906
  SINCE SEP 1   1727          1670     57     1673
  SINCE JUL 1   1770          1703     67     1688

 COOLING
  YESTERDAY        0             0      0        0
  MONTH TO DATE    0             0      0        0
  SINCE SEP 1     46            60    -14      130
  SINCE JAN 1    445           635   -190      720
......................................................


WIND (MPH)
  HIGHEST WIND SPEED    18   HIGHEST WIND DIRECTION     S (170)
  HIGHEST GUST SPEED    24   HIGHEST GUST DIRECTION     S (190)
  AVERAGE WIND SPEED    10.7




RELATIVE HUMIDITY (PERCENT)
 HIGHEST    81          1200 AM
 LOWEST     42           100 PM
 AVERAGE    62

..........................................................




SUNRISE AND SUNSET
NOVEMBER 29 2014......SUNRISE   704 AM MST   SUNSET   409 PM MST
NOVEMBER 30 2014......SUNRISE   705 AM MST   SUNSET   408 PM MST


-  INDICATES NEGATIVE NUMBERS.
R  INDICATES RECORD WAS SET OR TIED.
MM INDICATES DATA IS MISSING.
T  INDICATES TRACE AMOUNT.




$$





U.S. Dept. of Commerce
NOAA National Weather Service
1325 East West Highway
Silver Spring, MD 20910
E-mail: w-nws.webmaster@noaa.gov
Page last modified: May 16, 2007
NATIONAL WEATHER SERVICE: for Safety, for Work, for Fun - FOR LIFE