154
CDUS43 KUNR 190832
CLID07


CLIMATE REPORT
NATIONAL WEATHER SERVICE RAPID CITY SD
232 AM MDT SAT APR 19 2014


...................................

...THE FAITH SD CLIMATE SUMMARY FOR APRIL 18 2014...

CLIMATE NORMAL PERIOD 1981 TO 2010
CLIMATE RECORD PERIOD 9999 TO 9999


WEATHER ITEM   OBSERVED TIME   NORMAL DEPARTURE LAST
                VALUE   (LST)  VALUE  FROM      YEAR
                                      NORMAL
......................................................
TEMPERATURE (F)
 YESTERDAY
  MAXIMUM         75    439 PM  58     17       40
  MINIMUM         33    537 AM  34     -1       24
  AVERAGE         54            46      8       32

PRECIPITATION (IN)
  YESTERDAY        0.00          0.05  -0.05     0.00
  MONTH TO DATE    0.17          0.75  -0.58     0.78
  SINCE MAR 1      1.36          1.73  -0.37     1.21
  SINCE JAN 1      2.26          2.35  -0.09     1.78

DEGREE DAYS
 HEATING
  YESTERDAY       11            19     -8       33
  MONTH TO DATE  458           410     48      564
  SINCE MAR 1   1576          1413    163     1630
  SINCE JUL 1   7662          7101    561     6973

 COOLING
  YESTERDAY        0             0      0        0
  MONTH TO DATE    0             0      0        0
  SINCE MAR 1      0             0      0        0
  SINCE JAN 1      0             0      0        0
......................................................


WIND (MPH)
  HIGHEST WIND SPEED    36   HIGHEST WIND DIRECTION    NW (320)
  HIGHEST GUST SPEED    48   HIGHEST GUST DIRECTION    NW (320)
  AVERAGE WIND SPEED    17.3




RELATIVE HUMIDITY (PERCENT)
 HIGHEST    75           400 AM
 LOWEST     25           500 PM
 AVERAGE    50

..........................................................




SUNRISE AND SUNSET
APRIL 19 2014.........SUNRISE   556 AM MDT   SUNSET   739 PM MDT
APRIL 20 2014.........SUNRISE   555 AM MDT   SUNSET   740 PM MDT


-  INDICATES NEGATIVE NUMBERS.
R  INDICATES RECORD WAS SET OR TIED.
MM INDICATES DATA IS MISSING.
T  INDICATES TRACE AMOUNT.




$$





U.S. Dept. of Commerce
NOAA National Weather Service
1325 East West Highway
Silver Spring, MD 20910
E-mail: w-nws.webmaster@noaa.gov
Page last modified: May 16, 2007
NATIONAL WEATHER SERVICE: for Safety, for Work, for Fun - FOR LIFE