545
CDUS43 KUNR 300831
CLID07


CLIMATE REPORT
NATIONAL WEATHER SERVICE RAPID CITY SD
231 AM MDT TUE SEP 30 2014


...................................

...THE FAITH SD CLIMATE SUMMARY FOR SEPTEMBER 29 2014...

CLIMATE NORMAL PERIOD 1981 TO 2010
CLIMATE RECORD PERIOD 9999 TO 9999


WEATHER ITEM   OBSERVED TIME   NORMAL DEPARTURE LAST
                VALUE   (LST)  VALUE  FROM      YEAR
                                      NORMAL
......................................................
TEMPERATURE (F)
 YESTERDAY
  MAXIMUM         56   1147 PM  66    -10       78
  MINIMUM         47    640 AM  41      6       42
  AVERAGE         52            54     -2       60

PRECIPITATION (IN)
  YESTERDAY        0.57          0.03   0.54     0.00
  MONTH TO DATE    0.97          1.33  -0.36     1.10
  SINCE SEP 1      0.97          1.33  -0.36     1.10
  SINCE JAN 1     17.48         15.15   2.33    13.47

DEGREE DAYS
 HEATING
  YESTERDAY       13            12      1        5
  MONTH TO DATE  196           185     11       79
  SINCE SEP 1    196           185     11       79
  SINCE JUL 1    239           218     21       94

 COOLING
  YESTERDAY        0             0      0        0
  MONTH TO DATE   46            60    -14      130
  SINCE SEP 1     46            60    -14      130
  SINCE JAN 1    445           635   -190      720
......................................................


WIND (MPH)
  HIGHEST WIND SPEED    24   HIGHEST WIND DIRECTION    NE (60)
  HIGHEST GUST SPEED    28   HIGHEST GUST DIRECTION    NE (60)
  AVERAGE WIND SPEED    12.2




RELATIVE HUMIDITY (PERCENT)
 HIGHEST   100           100 AM
 LOWEST     93          1200 AM
 AVERAGE    97

..........................................................




SUNRISE AND SUNSET
SEPTEMBER 30 2014.....SUNRISE   645 AM MDT   SUNSET   630 PM MDT
OCTOBER  1 2014.......SUNRISE   646 AM MDT   SUNSET   628 PM MDT


-  INDICATES NEGATIVE NUMBERS.
R  INDICATES RECORD WAS SET OR TIED.
MM INDICATES DATA IS MISSING.
T  INDICATES TRACE AMOUNT.




$$





U.S. Dept. of Commerce
NOAA National Weather Service
1325 East West Highway
Silver Spring, MD 20910
E-mail: w-nws.webmaster@noaa.gov
Page last modified: May 16, 2007
NATIONAL WEATHER SERVICE: for Safety, for Work, for Fun - FOR LIFE