217
CDUS43 KUNR 210833
CLID07


CLIMATE REPORT
NATIONAL WEATHER SERVICE RAPID CITY SD
231 AM MDT SUN SEP 21 2014


...................................

...THE FAITH SD CLIMATE SUMMARY FOR SEPTEMBER 20 2014...

CLIMATE NORMAL PERIOD 1981 TO 2010
CLIMATE RECORD PERIOD 9999 TO 9999


WEATHER ITEM   OBSERVED TIME   NORMAL DEPARTURE LAST
                VALUE   (LST)  VALUE  FROM      YEAR
                                      NORMAL
......................................................
TEMPERATURE (F)
 YESTERDAY
  MAXIMUM         76    230 PM  71      5       71
  MINIMUM         47   1158 PM  45      2       39
  AVERAGE         62            58      4       55

PRECIPITATION (IN)
  YESTERDAY        0.00          0.05  -0.05     0.00
  MONTH TO DATE    0.34          0.96  -0.62     0.39
  SINCE SEP 1      0.34          0.96  -0.62     0.39
  SINCE JAN 1     16.85         14.78   2.07    12.76

DEGREE DAYS
 HEATING
  YESTERDAY        3             8     -5       10
  MONTH TO DATE  162            95     67       28
  SINCE SEP 1    162            95     67       28
  SINCE JUL 1    205           128     77       43

 COOLING
  YESTERDAY        0             1     -1        0
  MONTH TO DATE   17            55    -38      116
  SINCE SEP 1     17            55    -38      116
  SINCE JAN 1    416           630   -214      706
......................................................


WIND (MPH)
  HIGHEST WIND SPEED    37   HIGHEST WIND DIRECTION    NW (300)
  HIGHEST GUST SPEED    46   HIGHEST GUST DIRECTION    NW (320)
  AVERAGE WIND SPEED    17.5




RELATIVE HUMIDITY (PERCENT)
 HIGHEST    72           100 AM
 LOWEST     21           300 PM
 AVERAGE    47

..........................................................




SUNRISE AND SUNSET
SEPTEMBER 21 2014.....SUNRISE   634 AM MDT   SUNSET   647 PM MDT
SEPTEMBER 22 2014.....SUNRISE   635 AM MDT   SUNSET   646 PM MDT


-  INDICATES NEGATIVE NUMBERS.
R  INDICATES RECORD WAS SET OR TIED.
MM INDICATES DATA IS MISSING.
T  INDICATES TRACE AMOUNT.




$$






U.S. Dept. of Commerce
NOAA National Weather Service
1325 East West Highway
Silver Spring, MD 20910
E-mail: w-nws.webmaster@noaa.gov
Page last modified: May 16, 2007
NATIONAL WEATHER SERVICE: for Safety, for Work, for Fun - FOR LIFE