866
CDUS43 KUNR 010832
CLID07


CLIMATE REPORT
NATIONAL WEATHER SERVICE RAPID CITY SD
232 AM MDT FRI AUG 1 2014


...................................

...THE FAITH SD CLIMATE SUMMARY FOR JULY 31 2014...

CLIMATE NORMAL PERIOD 1981 TO 2010
CLIMATE RECORD PERIOD 9999 TO 9999


WEATHER ITEM   OBSERVED TIME   NORMAL DEPARTURE LAST
                VALUE   (LST)  VALUE  FROM      YEAR
                                      NORMAL
......................................................
TEMPERATURE (F)
 YESTERDAY
  MAXIMUM         89    227 PM  87      2       85
  MINIMUM         57    511 AM  60     -3       56
  AVERAGE         73            74     -1       71

PRECIPITATION (IN)
  YESTERDAY        0.00          0.06  -0.06     0.00
  MONTH TO DATE    0.43          2.80  -2.37     1.57
  SINCE JUN 1      6.36          5.89   0.47     2.83
  SINCE JAN 1     10.94         12.19  -1.25    10.47

DEGREE DAYS
 HEATING
  YESTERDAY        0             0      0        0
  MONTH TO DATE   17             5     12       13
  SINCE JUN 1    122           102     20       86
  SINCE JUL 1     17            12      5       13

 COOLING
  YESTERDAY        8             9     -1        6
  MONTH TO DATE  176           245    -69      263
  SINCE JUN 1    198           333   -135      345
  SINCE JAN 1    228           345   -117      358
......................................................


WIND (MPH)
  HIGHEST WIND SPEED    18   HIGHEST WIND DIRECTION     N (10)
  HIGHEST GUST SPEED    24   HIGHEST GUST DIRECTION     N (360)
  AVERAGE WIND SPEED     8.3




RELATIVE HUMIDITY (PERCENT)
 HIGHEST    87           300 AM
 LOWEST     24           300 PM
 AVERAGE    56

..........................................................




SUNRISE AND SUNSET
AUGUST  1 2014........SUNRISE   533 AM MDT   SUNSET   815 PM MDT
AUGUST  2 2014........SUNRISE   535 AM MDT   SUNSET   813 PM MDT


-  INDICATES NEGATIVE NUMBERS.
R  INDICATES RECORD WAS SET OR TIED.
MM INDICATES DATA IS MISSING.
T  INDICATES TRACE AMOUNT.




$$





U.S. Dept. of Commerce
NOAA National Weather Service
1325 East West Highway
Silver Spring, MD 20910
E-mail: w-nws.webmaster@noaa.gov
Page last modified: May 16, 2007
NATIONAL WEATHER SERVICE: for Safety, for Work, for Fun - FOR LIFE