809
CDUS43 KUNR 250836
CLID07


CLIMATE REPORT
NATIONAL WEATHER SERVICE RAPID CITY SD
232 AM MDT FRI JUL 25 2014


...................................

...THE FAITH SD CLIMATE SUMMARY FOR JULY 24 2014...

CLIMATE NORMAL PERIOD 1981 TO 2010
CLIMATE RECORD PERIOD 9999 TO 9999


WEATHER ITEM   OBSERVED TIME   NORMAL DEPARTURE LAST
                VALUE   (LST)  VALUE  FROM      YEAR
                                      NORMAL
......................................................
TEMPERATURE (F)
 YESTERDAY
  MAXIMUM         93    425 PM  87      6       88
  MINIMUM         66    630 AM  60      6       57
  AVERAGE         80            73      7       73

PRECIPITATION (IN)
  YESTERDAY        0.00          0.06  -0.06     0.00
  MONTH TO DATE    0.43          2.40  -1.97     0.83
  SINCE JUN 1      6.36          5.49   0.87     2.09
  SINCE JAN 1     10.94         11.79  -0.85     9.73

DEGREE DAYS
 HEATING
  YESTERDAY        0             0      0        0
  MONTH TO DATE   17             5     12        3
  SINCE JUN 1    122            95     27       76
  SINCE JUL 1     17             5     12        3

 COOLING
  YESTERDAY       15             9      6        8
  MONTH TO DATE  144           185    -41      244
  SINCE JUN 1    166           273   -107      326
  SINCE JAN 1    196           285    -89      339
......................................................


WIND (MPH)
  HIGHEST WIND SPEED    38   HIGHEST WIND DIRECTION    SE (140)
  HIGHEST GUST SPEED    48   HIGHEST GUST DIRECTION    SE (140)
  AVERAGE WIND SPEED    16.2




RELATIVE HUMIDITY (PERCENT)
 HIGHEST    81           600 AM
 LOWEST     41           400 PM
 AVERAGE    61

..........................................................




SUNRISE AND SUNSET
JULY 25 2014..........SUNRISE   526 AM MDT   SUNSET   823 PM MDT
JULY 26 2014..........SUNRISE   527 AM MDT   SUNSET   822 PM MDT


-  INDICATES NEGATIVE NUMBERS.
R  INDICATES RECORD WAS SET OR TIED.
MM INDICATES DATA IS MISSING.
T  INDICATES TRACE AMOUNT.




$$





U.S. Dept. of Commerce
NOAA National Weather Service
1325 East West Highway
Silver Spring, MD 20910
E-mail: w-nws.webmaster@noaa.gov
Page last modified: May 16, 2007
NATIONAL WEATHER SERVICE: for Safety, for Work, for Fun - FOR LIFE