525
CDUS46 KSGX 010021
CLICZZ


CLIMATE REPORT
NATIONAL WEATHER SERVICE SAN DIEGO, CA
520 PM PDT TUE SEP 30 2014


...................................

...THE CAMPO ASOS CA CLIMATE SUMMARY FOR SEPTEMBER 30 2014...
VALID TODAY AS OF 0500 PM LOCAL TIME.

CLIMATE NORMAL PERIOD 1981 TO 2010
CLIMATE RECORD PERIOD 1948 TO 2014


WEATHER ITEM   OBSERVED TIME   RECORD YEAR NORMAL DEPARTURE LAST
                VALUE   (LST)  VALUE       VALUE  FROM      YEAR
                                                  NORMAL
..................................................................
TEMPERATURE (F)
 TODAY
  MAXIMUM         86    127 PM  99    1999  85      1       88
  MINIMUM         44    343 AM  30    1954  46     -2       41
  AVERAGE         65                        65      0       65

PRECIPITATION (IN)
  TODAY            0.00          0.30 1983   0.01  -0.01     0.00
  MONTH TO DATE    1.41                      0.34   1.07     1.51
  SINCE JUL 1      2.03                      1.36   0.67     1.94
  SINCE JAN 1      4.79                     11.51  -6.72     6.72

SNOWFALL (IN)
  TODAY            0.0
  MONTH TO DATE    0.0
  SINCE JAN 1      0.0
  SINCE JUL 1      0.0
  SNOW DEPTH       0

DEGREE DAYS
 HEATING
  TODAY            0                         3     -3        0
  MONTH TO DATE   15                        38    -23       41
  SINCE SEP 1     15                        36    -21       41
  SINCE JUL 1     17                        50    -33       43

 COOLING
  TODAY            0                         3     -3        0
  MONTH TO DATE  230                       161     69      190
  SINCE SEP 1    230                       161     69      190
  SINCE JAN 1    862                       811     51      907
..................................................................


WIND (MPH)
  RESULTANT WIND SPEED   3   RESULTANT WIND DIRECTION  SW (230)
  HIGHEST WIND SPEED    20   HIGHEST WIND DIRECTION    SW (230)
  HIGHEST GUST SPEED    25   HIGHEST GUST DIRECTION    SW (230)
  AVERAGE WIND SPEED     7.4


SKY COVER
  POSSIBLE SUNSHINE  MM
  AVERAGE SKY COVER 0.0



RELATIVE HUMIDITY (PERCENT)
 HIGHEST    71           100 AM
 LOWEST     16          1100 AM
 AVERAGE    44

..........................................................


THE CAMPO ASOS CA CLIMATE NORMALS FOR TOMORROW
                         NORMAL    RECORD    YEAR
 MAXIMUM TEMPERATURE (F)   84       100      1980
 MINIMUM TEMPERATURE (F)   45        31      1982


SUNRISE AND SUNSET
SEPTEMBER 30 2014.....SUNRISE   639 AM PDT   SUNSET   632 PM PDT
OCTOBER  1 2014.......SUNRISE   640 AM PDT   SUNSET   630 PM PDT


-  INDICATES NEGATIVE NUMBERS.
R  INDICATES RECORD WAS SET OR TIED.
MM INDICATES DATA IS MISSING.
T  INDICATES TRACE AMOUNT.




$$





U.S. Dept. of Commerce
NOAA National Weather Service
1325 East West Highway
Silver Spring, MD 20910
E-mail: w-nws.webmaster@noaa.gov
Page last modified: May 16, 2007
NATIONAL WEATHER SERVICE: for Safety, for Work, for Fun - FOR LIFE