024
CDUS46 KSGX 240121
CLICZZ


CLIMATE REPORT
NATIONAL WEATHER SERVICE SAN DIEGO, CA
521 PM PST SUN NOV 23 2014


...................................

...THE CAMPO ASOS CA CLIMATE SUMMARY FOR NOVEMBER 23 2014...
VALID TODAY AS OF 0500 PM LOCAL TIME.

CLIMATE NORMAL PERIOD 1981 TO 2010
CLIMATE RECORD PERIOD 1948 TO 2014


WEATHER ITEM   OBSERVED TIME   RECORD YEAR NORMAL DEPARTURE LAST
                VALUE   (LST)  VALUE       VALUE  FROM      YEAR
                                                  NORMAL
..................................................................
TEMPERATURE (F)
 TODAY
  MAXIMUM         64    145 PM  82    1995  67     -3       56
  MINIMUM         33    504 AM  22    1999  35     -2       35
  AVERAGE         49                        51     -2       46

PRECIPITATION (IN)
  TODAY            0.00          4.26 1965   0.05  -0.05     0.00
  MONTH TO DATE    0.26                      0.76  -0.50     0.80
  SINCE JUL 1      2.29                      2.94  -0.65     3.64
  SINCE JAN 1      5.05                     13.09  -8.04     8.42

SNOWFALL (IN)
  TODAY            0.0
  MONTH TO DATE    0.0
  SINCE JAN 1      0.0
  SINCE JUL 1      0.0
  SNOW DEPTH       0

DEGREE DAYS
 HEATING
  TODAY           16                        14      2       19
  MONTH TO DATE  234                       255    -21      244
  SINCE SEP 1    320                       451   -131      525
  SINCE JUL 1    322                       465   -143      527

 COOLING
  TODAY            0                         0      0        0
  MONTH TO DATE    0                         0      0        0
  SINCE SEP 1    268                       189     79      192
  SINCE JAN 1    900                       839     61      909
..................................................................


WIND (MPH)
  RESULTANT WIND SPEED  14   RESULTANT WIND DIRECTION  NE (50)
  HIGHEST WIND SPEED    36   HIGHEST WIND DIRECTION    NE (50)
  HIGHEST GUST SPEED    51   HIGHEST GUST DIRECTION    NE (60)
  AVERAGE WIND SPEED    14.1


SKY COVER
  POSSIBLE SUNSHINE  MM
  AVERAGE SKY COVER 0.0



RELATIVE HUMIDITY (PERCENT)
 HIGHEST    92          1200 AM
 LOWEST     12           100 PM
 AVERAGE    52

..........................................................


THE CAMPO ASOS CA CLIMATE NORMALS FOR TOMORROW
                         NORMAL    RECORD    YEAR
 MAXIMUM TEMPERATURE (F)   67        85      1970
 MINIMUM TEMPERATURE (F)   35        24      1999


SUNRISE AND SUNSET
NOVEMBER 23 2014......SUNRISE   623 AM PST   SUNSET   441 PM PST
NOVEMBER 24 2014......SUNRISE   624 AM PST   SUNSET   441 PM PST


-  INDICATES NEGATIVE NUMBERS.
R  INDICATES RECORD WAS SET OR TIED.
MM INDICATES DATA IS MISSING.
T  INDICATES TRACE AMOUNT.




$$





U.S. Dept. of Commerce
NOAA National Weather Service
1325 East West Highway
Silver Spring, MD 20910
E-mail: w-nws.webmaster@noaa.gov
Page last modified: May 16, 2007
NATIONAL WEATHER SERVICE: for Safety, for Work, for Fun - FOR LIFE