013
CDUS46 KSGX 301421
CLICZZ


CLIMATE REPORT
NATIONAL WEATHER SERVICE SAN DIEGO, CA
721 AM PDT THU OCT 30 2014


...................................

...THE CAMPO ASOS CA CLIMATE SUMMARY FOR OCTOBER 29 2014...

CLIMATE NORMAL PERIOD 1981 TO 2010
CLIMATE RECORD PERIOD 1948 TO 2014


WEATHER ITEM   OBSERVED TIME   RECORD YEAR NORMAL DEPARTURE LAST
                VALUE   (LST)  VALUE       VALUE  FROM      YEAR
                                                  NORMAL
..................................................................
TEMPERATURE (F)
 YESTERDAY
  MAXIMUM         81    308 PM  90    1990  76      5       57
  MINIMUM         39    610 AM  22    1971  40     -1       34
  AVERAGE         60                        58      2       46

PRECIPITATION (IN)
  YESTERDAY        0.00          1.13 1974   0.03  -0.03     0.09
  MONTH TO DATE    0.00                      0.75  -0.75     0.90
  SINCE JUL 1      2.03                      2.11  -0.08     2.84
  SINCE JAN 1      4.79                     12.26  -7.47     7.62

SNOWFALL (IN)
  YESTERDAY        0.0
  MONTH TO DATE    0.0
  SINCE JAN 1      0.0
  SINCE JUL 1      0.0
  SNOW DEPTH       0

DEGREE DAYS
 HEATING
  YESTERDAY        5                         8     -3       19
  MONTH TO DATE   56                       145    -89      210
  SINCE SEP 1     71                       181   -110      251
  SINCE JUL 1     73                       195   -122      253

 COOLING
  YESTERDAY        0                         0      0        0
  MONTH TO DATE   38                        27     11        2
  SINCE SEP 1    268                       188     80      192
  SINCE JAN 1    900                       838     62      909
..................................................................


WIND (MPH)
  RESULTANT WIND SPEED   8   RESULTANT WIND DIRECTION  NE (60)
  HIGHEST WIND SPEED    24   HIGHEST WIND DIRECTION     E (70)
  HIGHEST GUST SPEED    30   HIGHEST GUST DIRECTION    NE (60)
  AVERAGE WIND SPEED     8.1


SKY COVER
  POSSIBLE SUNSHINE  MM
  AVERAGE SKY COVER 0.0



RELATIVE HUMIDITY (PERCENT)
 HIGHEST    59           600 AM
 LOWEST     11          1200 PM
 AVERAGE    35

..........................................................


THE CAMPO ASOS CA CLIMATE NORMALS FOR TODAY
                         NORMAL    RECORD    YEAR
 MAXIMUM TEMPERATURE (F)   75        87      1965
 MINIMUM TEMPERATURE (F)   39        24      1971


SUNRISE AND SUNSET
OCTOBER 30 2014.......SUNRISE   702 AM PDT   SUNSET   557 PM PDT
OCTOBER 31 2014.......SUNRISE   703 AM PDT   SUNSET   556 PM PDT


-  INDICATES NEGATIVE NUMBERS.
R  INDICATES RECORD WAS SET OR TIED.
MM INDICATES DATA IS MISSING.
T  INDICATES TRACE AMOUNT.




$$





U.S. Dept. of Commerce
NOAA National Weather Service
1325 East West Highway
Silver Spring, MD 20910
E-mail: w-nws.webmaster@noaa.gov
Page last modified: May 16, 2007
NATIONAL WEATHER SERVICE: for Safety, for Work, for Fun - FOR LIFE