119
CDUS46 KSGX 301419
CLICZZ


CLIMATE REPORT
NATIONAL WEATHER SERVICE SAN DIEGO, CA
619 AM PST FRI JAN 30 2015


...................................

...THE CAMPO ASOS CA CLIMATE SUMMARY FOR JANUARY 29 2015...

CLIMATE NORMAL PERIOD 1981 TO 2010
CLIMATE RECORD PERIOD 1948 TO 2015


WEATHER ITEM   OBSERVED TIME   RECORD YEAR NORMAL DEPARTURE LAST
                VALUE   (LST)  VALUE       VALUE  FROM      YEAR
                                                  NORMAL
..................................................................
TEMPERATURE (F)
 YESTERDAY
  MAXIMUM         63   1244 PM  79    2014  63      0       79
                                      1953
  MINIMUM         49   1149 PM  10    1979  35     14       36
  AVERAGE         56                        49      7       58

PRECIPITATION (IN)
  YESTERDAY        0.01          3.12 1980   0.09  -0.08     0.00
  MONTH TO DATE    0.34                      2.78  -2.44     0.00
  SINCE OCT 1      4.21                      7.00  -2.79     2.25
  SINCE JAN 1      0.34                      2.78  -2.44     0.00

SNOWFALL (IN)
  YESTERDAY       MM
  MONTH TO DATE    0.0
  SINCE JAN 1      0.0
  SINCE JUL 1      0.0
  SNOW DEPTH       0

DEGREE DAYS
 HEATING
  YESTERDAY        9                        16     -7        7
  MONTH TO DATE  401                       475    -74      333
  SINCE DEC 1    911                      1011   -100      827
  SINCE JUL 1   1292                      1581   -289     1456

 COOLING
  YESTERDAY        0                         0      0        0
  MONTH TO DATE    0                         0      0        0
  SINCE DEC 1      0                         0      0        2
  SINCE JAN 1      0                         0      0        0
..................................................................


WIND (MPH)
  RESULTANT WIND SPEED   6   RESULTANT WIND DIRECTION   E (70)
  HIGHEST WIND SPEED    21   HIGHEST WIND DIRECTION    NE (60)
  HIGHEST GUST SPEED    25   HIGHEST GUST DIRECTION    NE (60)
  AVERAGE WIND SPEED     7.1


SKY COVER
  POSSIBLE SUNSHINE  MM
  AVERAGE SKY COVER 0.0



RELATIVE HUMIDITY (PERCENT)
 HIGHEST    86           900 PM
 LOWEST     39          1000 AM
 AVERAGE    63

..........................................................


THE CAMPO ASOS CA CLIMATE NORMALS FOR TODAY
                         NORMAL    RECORD    YEAR
 MAXIMUM TEMPERATURE (F)   63        84      1971
 MINIMUM TEMPERATURE (F)   35        15      1975


SUNRISE AND SUNSET
JANUARY 30 2015.......SUNRISE   642 AM PST   SUNSET   517 PM PST
JANUARY 31 2015.......SUNRISE   641 AM PST   SUNSET   518 PM PST


-  INDICATES NEGATIVE NUMBERS.
R  INDICATES RECORD WAS SET OR TIED.
MM INDICATES DATA IS MISSING.
T  INDICATES TRACE AMOUNT.




$$





U.S. Dept. of Commerce
NOAA National Weather Service
1325 East West Highway
Silver Spring, MD 20910
E-mail: w-nws.webmaster@noaa.gov
Page last modified: May 16, 2007
NATIONAL WEATHER SERVICE: for Safety, for Work, for Fun - FOR LIFE