849
CDUS46 KSGX 290021
CLICZZ


CLIMATE REPORT
NATIONAL WEATHER SERVICE SAN DIEGO, CA
421 PM PST FRI NOV 28 2014


...................................

...THE CAMPO ASOS CA CLIMATE SUMMARY FOR NOVEMBER 28 2014...
VALID TODAY AS OF 0400 PM LOCAL TIME.

CLIMATE NORMAL PERIOD 1981 TO 2010
CLIMATE RECORD PERIOD 1948 TO 2014


WEATHER ITEM   OBSERVED TIME   RECORD YEAR NORMAL DEPARTURE LAST
                VALUE   (LST)  VALUE       VALUE  FROM      YEAR
                                                  NORMAL
..................................................................
TEMPERATURE (F)
 TODAY
  MAXIMUM         81    119 PM  83    1999  66     15       65
  MINIMUM         38    529 AM  21    1952  34      4       34
  AVERAGE         60                        50     10       50

PRECIPITATION (IN)
  TODAY            0.00          1.55 1975   0.05  -0.05     0.00
  MONTH TO DATE    0.26                      1.02  -0.76     0.80
  SINCE JUL 1      2.29                      3.20  -0.91     3.64
  SINCE JAN 1      5.05                     13.35  -8.30     8.42

SNOWFALL (IN)
  TODAY            0.0
  MONTH TO DATE    0.0
  SINCE JAN 1      0.0
  SINCE JUL 1      0.0
  SNOW DEPTH       0

DEGREE DAYS
 HEATING
  TODAY            5                        15    -10       15
  MONTH TO DATE  265                       329    -64      317
  SINCE SEP 1    351                       525   -174      598
  SINCE JUL 1    353                       539   -186      600

 COOLING
  TODAY            0                         0      0        0
  MONTH TO DATE    0                         0      0        0
  SINCE SEP 1    268                       189     79      192
  SINCE JAN 1    900                       839     61      909
..................................................................


WIND (MPH)
  RESULTANT WIND SPEED   1   RESULTANT WIND DIRECTION   E (100)
  HIGHEST WIND SPEED    18   HIGHEST WIND DIRECTION    SW (220)
  HIGHEST GUST SPEED    23   HIGHEST GUST DIRECTION     S (200)
  AVERAGE WIND SPEED     7.4


SKY COVER
  POSSIBLE SUNSHINE  MM
  AVERAGE SKY COVER 0.0



RELATIVE HUMIDITY (PERCENT)
 HIGHEST    36           200 AM
 LOWEST      7          1200 PM
 AVERAGE    22

..........................................................


THE CAMPO ASOS CA CLIMATE NORMALS FOR TOMORROW
                         NORMAL    RECORD    YEAR
 MAXIMUM TEMPERATURE (F)   65        86      1980
 MINIMUM TEMPERATURE (F)   34        19      1991


SUNRISE AND SUNSET
NOVEMBER 28 2014......SUNRISE   627 AM PST   SUNSET   440 PM PST
NOVEMBER 29 2014......SUNRISE   628 AM PST   SUNSET   440 PM PST


-  INDICATES NEGATIVE NUMBERS.
R  INDICATES RECORD WAS SET OR TIED.
MM INDICATES DATA IS MISSING.
T  INDICATES TRACE AMOUNT.




$$





U.S. Dept. of Commerce
NOAA National Weather Service
1325 East West Highway
Silver Spring, MD 20910
E-mail: w-nws.webmaster@noaa.gov
Page last modified: May 16, 2007
NATIONAL WEATHER SERVICE: for Safety, for Work, for Fun - FOR LIFE