504
CDUS45 KCYS 200729
CLICYS


CLIMATE REPORT
NATIONAL WEATHER SERVICE CHEYENNE WY
129 AM MDT SUN APR 20 2014


...................................

...THE CHEYENNE WYOMING CLIMATE SUMMARY FOR APRIL 19 2014...

CLIMATE NORMAL PERIOD 1981 TO 2010
CLIMATE RECORD PERIOD 1871 TO 2014


WEATHER ITEM   OBSERVED TIME   RECORD YEAR NORMAL DEPARTURE LAST
                VALUE   (LST)  VALUE       VALUE  FROM      YEAR
                                                  NORMAL
..................................................................
TEMPERATURE (F)
 YESTERDAY
  MAXIMUM         63    406 PM  78    1962  56      7       41
  MINIMUM         42    736 AM   0    1966  32     10       23
  AVERAGE         53                        44      9       32

PRECIPITATION (IN)
  YESTERDAY        0.00          1.52 1905   0.07  -0.07     0.00
  MONTH TO DATE    0.64                      1.03  -0.39     1.87
  SINCE JAN 1      3.70                      2.88   0.82     3.38

SNOWFALL (IN)
  YESTERDAY        0.0           5.0  1905   0.3   -0.3      0.0
  MONTH TO DATE    6.1                       7.3   -1.2     27.9
  SINCE JUL 1     77.6                      55.1   22.5     73.1
  SNOW DEPTH       0

DEGREE DAYS
 HEATING
  YESTERDAY       12                        21     -9       33
  MONTH TO DATE  426                       452    -26      613
  SINCE MAR 1   1299                      1353    -54     1543
  SINCE JUL 1   6503                      6372    131     6476

 COOLING
  YESTERDAY        0                         0      0        0
  MONTH TO DATE    0                         0      0        0
  SINCE MAR 1      0                         0      0        0
  SINCE JAN 1      0                         0      0        0
..................................................................


WIND (MPH)
  HIGHEST WIND SPEED    25   HIGHEST WIND DIRECTION     S (190)
  HIGHEST GUST SPEED    32   HIGHEST GUST DIRECTION     S (180)
  AVERAGE WIND SPEED    11.2


SKY COVER
  AVERAGE SKY COVER 0.2


WEATHER CONDITIONS
 THE FOLLOWING WEATHER WAS RECORDED YESTERDAY.
  NO SIGNIFICANT WEATHER WAS OBSERVED.


RELATIVE HUMIDITY (PERCENT)
 HIGHEST    76           700 AM
 LOWEST     36           400 PM
 AVERAGE    56

..........................................................


THE CHEYENNE WYOMING CLIMATE NORMALS FOR TODAY
                         NORMAL    RECORD    YEAR
 MAXIMUM TEMPERATURE (F)   56        77      1910
 MINIMUM TEMPERATURE (F)   32        -2      1966


SUNRISE AND SUNSET
APRIL 20 2014.........SUNRISE   612 AM MDT   SUNSET   745 PM MDT
APRIL 21 2014.........SUNRISE   611 AM MDT   SUNSET   746 PM MDT


-  INDICATES NEGATIVE NUMBERS.
R  INDICATES RECORD WAS SET OR TIED.
MM INDICATES DATA IS MISSING.
T  INDICATES TRACE AMOUNT.




$$





U.S. Dept. of Commerce
NOAA National Weather Service
1325 East West Highway
Silver Spring, MD 20910
E-mail: w-nws.webmaster@noaa.gov
Page last modified: May 16, 2007
NATIONAL WEATHER SERVICE: for Safety, for Work, for Fun - FOR LIFE