144
CDUS45 KCYS 020728
CLICYS


CLIMATE REPORT
NATIONAL WEATHER SERVICE CHEYENNE WY
127 AM MDT THU OCT 2 2014


...................................

...THE CHEYENNE WYOMING CLIMATE SUMMARY FOR OCTOBER 1 2014...

CLIMATE NORMAL PERIOD 1981 TO 2010
CLIMATE RECORD PERIOD 1871 TO 2014


WEATHER ITEM   OBSERVED TIME   RECORD YEAR NORMAL DEPARTURE LAST
                VALUE   (LST)  VALUE       VALUE  FROM      YEAR
                                                  NORMAL
..................................................................
TEMPERATURE (F)
 YESTERDAY
  MAXIMUM         61   1047 AM  84    2011  64     -3       65
  MINIMUM         38    327 PM  23    1985  38      0       45
                                      1876
  AVERAGE         50                        51     -1       55

PRECIPITATION (IN)
  YESTERDAY        0.22          0.51 1927   0.04   0.18     0.00
  MONTH TO DATE    0.22                      0.04   0.18     0.00
  SINCE JAN 1     15.62                     13.97   1.65    15.38

SNOWFALL (IN)
  YESTERDAY        0.0           3.3  1959   0.1   -0.1      0.0
  MONTH TO DATE    0.0                       0.1   -0.1      0.0
  SINCE JUL 1      0.7                       1.4   -0.7      0.0
  SNOW DEPTH       0

DEGREE DAYS
 HEATING
  YESTERDAY       15                        14      1       10
  MONTH TO DATE   15                        14      1       10
  SINCE SEP 1    177                       239    -62      177
  SINCE JUL 1    235                       295    -60      192

 COOLING
  YESTERDAY        0                         0      0        0
  MONTH TO DATE    0                         0      0        0
  SINCE SEP 1     35                        22     13       67
  SINCE JAN 1    301                       348    -47      520
..................................................................


WIND (MPH)
  HIGHEST WIND SPEED    18   HIGHEST WIND DIRECTION     N (340)
  HIGHEST GUST SPEED    25   HIGHEST GUST DIRECTION    NW (320)
  AVERAGE WIND SPEED     9.0


SKY COVER
  AVERAGE SKY COVER 0.4


WEATHER CONDITIONS
 THE FOLLOWING WEATHER WAS RECORDED YESTERDAY.
  RAIN
  LIGHT RAIN
  FOG
  HAZE


RELATIVE HUMIDITY (PERCENT)
 HIGHEST    92           800 PM
 LOWEST     36          1100 AM
 AVERAGE    64

..........................................................


THE CHEYENNE WYOMING CLIMATE NORMALS FOR TODAY
                         NORMAL    RECORD    YEAR
 MAXIMUM TEMPERATURE (F)   64        82      2011
                                             1992
 MINIMUM TEMPERATURE (F)   38        25      1959


SUNRISE AND SUNSET
OCTOBER  2 2014.......SUNRISE   657 AM MDT   SUNSET   639 PM MDT
OCTOBER  3 2014.......SUNRISE   658 AM MDT   SUNSET   638 PM MDT


-  INDICATES NEGATIVE NUMBERS.
R  INDICATES RECORD WAS SET OR TIED.
MM INDICATES DATA IS MISSING.
T  INDICATES TRACE AMOUNT.




$$





U.S. Dept. of Commerce
NOAA National Weather Service
1325 East West Highway
Silver Spring, MD 20910
E-mail: w-nws.webmaster@noaa.gov
Page last modified: May 16, 2007
NATIONAL WEATHER SERVICE: for Safety, for Work, for Fun - FOR LIFE