932
CDUS45 KCYS 290729
CLICYS


CLIMATE REPORT
NATIONAL WEATHER SERVICE CHEYENNE WY
1228 AM MST SAT NOV 29 2014


...................................

...THE CHEYENNE WYOMING CLIMATE SUMMARY FOR NOVEMBER 28 2014...

CLIMATE NORMAL PERIOD 1981 TO 2010
CLIMATE RECORD PERIOD 1871 TO 2014


WEATHER ITEM   OBSERVED TIME   RECORD YEAR NORMAL DEPARTURE LAST
                VALUE   (LST)  VALUE       VALUE  FROM      YEAR
                                                  NORMAL
..................................................................
TEMPERATURE (F)
 YESTERDAY
  MAXIMUM         60    226 PM  66    1901  41     19       44
  MINIMUM         43   1020 PM -12    1919  20     23       22
  AVERAGE         52                        30     22       33

PRECIPITATION (IN)
  YESTERDAY        0.00          0.76 1928   0.02  -0.02     0.00
  MONTH TO DATE    1.11                      0.56   0.55     0.16
  SINCE JAN 1     17.02                     15.42   1.60    17.68

SNOWFALL (IN)
  YESTERDAY        0.0           9.7  2004   0.3   -0.3      0.0
  MONTH TO DATE    9.9                       7.4    2.5      3.1
  SINCE JUL 1     11.4                      13.7   -2.3     15.6
  SNOW DEPTH       0

DEGREE DAYS
 HEATING
  YESTERDAY       13                        35    -22       32
  MONTH TO DATE  905                       819     86      802
  SINCE SEP 1   1497                      1622   -125     1645
  SINCE JUL 1   1555                      1678   -123     1660

 COOLING
  YESTERDAY        0                         0      0        0
  MONTH TO DATE    0                         0      0        0
  SINCE SEP 1     35                        22     13       67
  SINCE JAN 1    301                       348    -47      520
..................................................................


WIND (MPH)
  HIGHEST WIND SPEED    29   HIGHEST WIND DIRECTION     W (260)
  HIGHEST GUST SPEED    42   HIGHEST GUST DIRECTION     W (260)
  AVERAGE WIND SPEED    15.3


SKY COVER
  AVERAGE SKY COVER 0.0


WEATHER CONDITIONS
 THE FOLLOWING WEATHER WAS RECORDED YESTERDAY.
  NO SIGNIFICANT WEATHER WAS OBSERVED.


RELATIVE HUMIDITY (PERCENT)
 HIGHEST    28          1000 PM
 LOWEST     14           200 PM
 AVERAGE    21

..........................................................


THE CHEYENNE WYOMING CLIMATE NORMALS FOR TODAY
                         NORMAL    RECORD    YEAR
 MAXIMUM TEMPERATURE (F)   40        65      1945
                                             1899
 MINIMUM TEMPERATURE (F)   19       -12      1877


SUNRISE AND SUNSET
NOVEMBER 29 2014......SUNRISE   703 AM MST   SUNSET   432 PM MST
NOVEMBER 30 2014......SUNRISE   704 AM MST   SUNSET   432 PM MST


-  INDICATES NEGATIVE NUMBERS.
R  INDICATES RECORD WAS SET OR TIED.
MM INDICATES DATA IS MISSING.
T  INDICATES TRACE AMOUNT.




$$





U.S. Dept. of Commerce
NOAA National Weather Service
1325 East West Highway
Silver Spring, MD 20910
E-mail: w-nws.webmaster@noaa.gov
Page last modified: May 16, 2007
NATIONAL WEATHER SERVICE: for Safety, for Work, for Fun - FOR LIFE