874
CDUS45 KCYS 170834
CLICYS


CLIMATE REPORT
NATIONAL WEATHER SERVICE CHEYENNE WY
134 AM MST WED DEC 17 2014


...................................

...THE CHEYENNE WYOMING CLIMATE SUMMARY FOR DECEMBER 16 2014...

CLIMATE NORMAL PERIOD 1981 TO 2010
CLIMATE RECORD PERIOD 1871 TO 2014


WEATHER ITEM   OBSERVED TIME   RECORD YEAR NORMAL DEPARTURE LAST
                VALUE   (LST)  VALUE       VALUE  FROM      YEAR
                                                  NORMAL
..................................................................
TEMPERATURE (F)
 YESTERDAY
  MAXIMUM         33    419 PM  66    1962  38     -5       52
  MINIMUM         14    207 AM -15    1964  17     -3       39
  AVERAGE         24                        27     -3       46

PRECIPITATION (IN)
  YESTERDAY        T             0.51 1908   0.01  -0.01     0.00
  MONTH TO DATE    0.05                      0.27  -0.22     0.37
  SINCE JAN 1     17.15                     15.72   1.43    18.05

SNOWFALL (IN)
  YESTERDAY        T             4.5  1908   0.3   -0.3      0.0
  MONTH TO DATE    0.5                       4.6   -4.1      8.0
  SINCE JUL 1     11.9                      18.9   -7.0     23.6
  SNOW DEPTH       0

DEGREE DAYS
 HEATING
  YESTERDAY       41                        38      3       19
  MONTH TO DATE  443                       596   -153      703
  SINCE DEC 1    443                       596   -153      703
  SINCE JUL 1   2041                      2344   -303     2407

 COOLING
  YESTERDAY        0                         0      0        0
  MONTH TO DATE    0                         0      0        0
  SINCE DEC 1      0                         0      0        0
  SINCE JAN 1    301                       348    -47      520
..................................................................


WIND (MPH)
  HIGHEST WIND SPEED    20   HIGHEST WIND DIRECTION    SW (210)
  HIGHEST GUST SPEED    26   HIGHEST GUST DIRECTION    SW (210)
  AVERAGE WIND SPEED     7.1


SKY COVER
  AVERAGE SKY COVER 0.4


WEATHER CONDITIONS
 THE FOLLOWING WEATHER WAS RECORDED YESTERDAY.
  NO SIGNIFICANT WEATHER WAS OBSERVED.


RELATIVE HUMIDITY (PERCENT)
 HIGHEST    84           300 AM
 LOWEST     51           100 PM
 AVERAGE    68

..........................................................


THE CHEYENNE WYOMING CLIMATE NORMALS FOR TODAY
                         NORMAL    RECORD    YEAR
 MAXIMUM TEMPERATURE (F)   38        65      1980
 MINIMUM TEMPERATURE (F)   17       -24      1964


SUNRISE AND SUNSET
DECEMBER 17 2014......SUNRISE   719 AM MST   SUNSET   432 PM MST
DECEMBER 18 2014......SUNRISE   719 AM MST   SUNSET   432 PM MST


-  INDICATES NEGATIVE NUMBERS.
R  INDICATES RECORD WAS SET OR TIED.
MM INDICATES DATA IS MISSING.
T  INDICATES TRACE AMOUNT.




$$





U.S. Dept. of Commerce
NOAA National Weather Service
1325 East West Highway
Silver Spring, MD 20910
E-mail: w-nws.webmaster@noaa.gov
Page last modified: May 16, 2007
NATIONAL WEATHER SERVICE: for Safety, for Work, for Fun - FOR LIFE