324
CDUS45 KCYS 010733
CLICYS


CLIMATE REPORT
NATIONAL WEATHER SERVICE CHEYENNE WY
132 AM MDT MON SEP 1 2014


...................................

...THE CHEYENNE WYOMING CLIMATE SUMMARY FOR AUGUST 31 2014...

CLIMATE NORMAL PERIOD 1981 TO 2010
CLIMATE RECORD PERIOD 1871 TO 2014


WEATHER ITEM   OBSERVED TIME   RECORD YEAR NORMAL DEPARTURE LAST
                VALUE   (LST)  VALUE       VALUE  FROM      YEAR
                                                  NORMAL
..................................................................
TEMPERATURE (F)
 YESTERDAY
  MAXIMUM         71    437 PM  93    1960  78     -7       89
  MINIMUM         46   1154 PM  37    1944  51     -5       56
                                      1910
  AVERAGE         59                        64     -5       73

PRECIPITATION (IN)
  YESTERDAY        0.03          0.30 1963   0.05  -0.02     0.05
  MONTH TO DATE    1.48                      1.95  -0.47     1.19
  SINCE JAN 1     13.66                     12.45   1.21     8.43

SNOWFALL (IN)
  YESTERDAY        0.0          MM      MM   0.0    0.0      0.0
  MONTH TO DATE    0.0                       0.0    0.0      0.0
  SINCE JUL 1      0.0                       0.0    0.0      0.0
  SNOW DEPTH       0

DEGREE DAYS
 HEATING
  YESTERDAY        6                         3      3        0
  MONTH TO DATE   29                        39    -10        8
  SINCE JUN 1    184                       190     -6       77
  SINCE JUL 1     58                        56      2       15

 COOLING
  YESTERDAY        0                         2     -2        8
  MONTH TO DATE   93                       116    -23      170
  SINCE JUN 1    265                       323    -58      447
  SINCE JAN 1    266                       326    -60      453
..................................................................


WIND (MPH)
  HIGHEST WIND SPEED    36   HIGHEST WIND DIRECTION    NW (300)
  HIGHEST GUST SPEED    47   HIGHEST GUST DIRECTION     W (270)
  AVERAGE WIND SPEED    12.3


SKY COVER
  AVERAGE SKY COVER 0.3


WEATHER CONDITIONS
 THE FOLLOWING WEATHER WAS RECORDED YESTERDAY.
  THUNDERSTORM
  LIGHT RAIN


RELATIVE HUMIDITY (PERCENT)
 HIGHEST    74          1100 PM
 LOWEST     29           400 PM
 AVERAGE    52

..........................................................


THE CHEYENNE WYOMING CLIMATE NORMALS FOR TODAY
                         NORMAL    RECORD    YEAR
 MAXIMUM TEMPERATURE (F)   78        95      1995
 MINIMUM TEMPERATURE (F)   50        36      1952
                                             1882


SUNRISE AND SUNSET
SEPTEMBER  1 2014.....SUNRISE   626 AM MDT   SUNSET   732 PM MDT
SEPTEMBER  2 2014.....SUNRISE   627 AM MDT   SUNSET   730 PM MDT


-  INDICATES NEGATIVE NUMBERS.
R  INDICATES RECORD WAS SET OR TIED.
MM INDICATES DATA IS MISSING.
T  INDICATES TRACE AMOUNT.




$$





U.S. Dept. of Commerce
NOAA National Weather Service
1325 East West Highway
Silver Spring, MD 20910
E-mail: w-nws.webmaster@noaa.gov
Page last modified: May 16, 2007
NATIONAL WEATHER SERVICE: for Safety, for Work, for Fun - FOR LIFE