464
CDUS45 KCYS 230727
CLICYS


CLIMATE REPORT
NATIONAL WEATHER SERVICE CHEYENNE WY
127 AM MDT TUE SEP 23 2014


...................................

...THE CHEYENNE WYOMING CLIMATE SUMMARY FOR SEPTEMBER 22 2014...

CLIMATE NORMAL PERIOD 1981 TO 2010
CLIMATE RECORD PERIOD 1871 TO 2014


WEATHER ITEM   OBSERVED TIME   RECORD YEAR NORMAL DEPARTURE LAST
                VALUE   (LST)  VALUE       VALUE  FROM      YEAR
                                                  NORMAL
..................................................................
TEMPERATURE (F)
 YESTERDAY
  MAXIMUM         74    318 PM  86    1958  69      5       76
  MINIMUM         50    703 AM  20    1895  42      8       50
  AVERAGE         62                        55      7       63

PRECIPITATION (IN)
  YESTERDAY        0.06          0.93 1902   0.05   0.01     0.12
  MONTH TO DATE    0.43                      1.13  -0.70     6.34
  SINCE JAN 1     14.09                     13.58   0.51    14.77

SNOWFALL (IN)
  YESTERDAY        0.0           2.8  1895   0.0    0.0      0.0
  MONTH TO DATE    0.7                       0.6    0.1      0.0
  SINCE JUL 1      0.7                       0.6    0.1      0.0
  SNOW DEPTH       0

DEGREE DAYS
 HEATING
  YESTERDAY        3                        10     -7        2
  MONTH TO DATE  133                       131      2       78
  SINCE SEP 1    133                       131      2       78
  SINCE JUL 1    191                       187      4       93

 COOLING
  YESTERDAY        0                         0      0        0
  MONTH TO DATE   25                        21      4       67
  SINCE SEP 1     25                        21      4       67
  SINCE JAN 1    291                       347    -56      520
..................................................................


WIND (MPH)
  HIGHEST WIND SPEED    30   HIGHEST WIND DIRECTION     W (250)
  HIGHEST GUST SPEED    39   HIGHEST GUST DIRECTION     W (250)
  AVERAGE WIND SPEED    10.0


SKY COVER
  AVERAGE SKY COVER 0.5


WEATHER CONDITIONS
 THE FOLLOWING WEATHER WAS RECORDED YESTERDAY.
  THUNDERSTORM
  LIGHT RAIN
  FOG


RELATIVE HUMIDITY (PERCENT)
 HIGHEST    86           700 AM
 LOWEST     35           200 PM
 AVERAGE    61

..........................................................


THE CHEYENNE WYOMING CLIMATE NORMALS FOR TODAY
                         NORMAL    RECORD    YEAR
 MAXIMUM TEMPERATURE (F)   68        86      1905
 MINIMUM TEMPERATURE (F)   42        26      2000


SUNRISE AND SUNSET
SEPTEMBER 23 2014.....SUNRISE   648 AM MDT   SUNSET   655 PM MDT
SEPTEMBER 24 2014.....SUNRISE   649 AM MDT   SUNSET   653 PM MDT


-  INDICATES NEGATIVE NUMBERS.
R  INDICATES RECORD WAS SET OR TIED.
MM INDICATES DATA IS MISSING.
T  INDICATES TRACE AMOUNT.




$$





U.S. Dept. of Commerce
NOAA National Weather Service
1325 East West Highway
Silver Spring, MD 20910
E-mail: w-nws.webmaster@noaa.gov
Page last modified: May 16, 2007
NATIONAL WEATHER SERVICE: for Safety, for Work, for Fun - FOR LIFE