354
CDUS45 KCYS 230740
CLICYS


CLIMATE REPORT
NATIONAL WEATHER SERVICE CHEYENNE WY
1239 AM MST SUN NOV 23 2014


...................................

...THE CHEYENNE WYOMING CLIMATE SUMMARY FOR NOVEMBER 22 2014...

CLIMATE NORMAL PERIOD 1981 TO 2010
CLIMATE RECORD PERIOD 1871 TO 2014


WEATHER ITEM   OBSERVED TIME   RECORD YEAR NORMAL DEPARTURE LAST
                VALUE   (LST)  VALUE       VALUE  FROM      YEAR
                                                  NORMAL
..................................................................
TEMPERATURE (F)
 YESTERDAY
  MAXIMUM         55    142 PM  67    1878  43     12       33
  MINIMUM         25    525 AM  -7    1941  22      3        6
  AVERAGE         40                        32      8       20

PRECIPITATION (IN)
  YESTERDAY        0.00          0.25 2003   0.02  -0.02     0.00
  MONTH TO DATE    0.93                      0.44   0.49     0.16
  SINCE JAN 1     16.84                     15.30   1.54    17.68

SNOWFALL (IN)
  YESTERDAY        0.0           7.4  2003   0.3   -0.3      0.0
  MONTH TO DATE    5.8                       5.6    0.2      3.1
  SINCE JUL 1      7.3                      11.9   -4.6     15.6
  SNOW DEPTH       0

DEGREE DAYS
 HEATING
  YESTERDAY       25                        33     -8       45
  MONTH TO DATE  732                       616    116      604
  SINCE SEP 1   1324                      1419    -95     1447
  SINCE JUL 1   1382                      1475    -93     1462

 COOLING
  YESTERDAY        0                         0      0        0
  MONTH TO DATE    0                         0      0        0
  SINCE SEP 1     35                        22     13       67
  SINCE JAN 1    301                       348    -47      520
..................................................................


WIND (MPH)
  HIGHEST WIND SPEED    33   HIGHEST WIND DIRECTION     W (290)
  HIGHEST GUST SPEED    43   HIGHEST GUST DIRECTION     W (280)
  AVERAGE WIND SPEED    13.1


SKY COVER
  AVERAGE SKY COVER 0.1


WEATHER CONDITIONS
 THE FOLLOWING WEATHER WAS RECORDED YESTERDAY.
  NO SIGNIFICANT WEATHER WAS OBSERVED.


RELATIVE HUMIDITY (PERCENT)
 HIGHEST    59          1000 PM
 LOWEST     23          1200 PM
 AVERAGE    41

..........................................................


THE CHEYENNE WYOMING CLIMATE NORMALS FOR TODAY
                         NORMAL    RECORD    YEAR
 MAXIMUM TEMPERATURE (F)   43        63      1917
 MINIMUM TEMPERATURE (F)   21        -9      1918


SUNRISE AND SUNSET
NOVEMBER 23 2014......SUNRISE   656 AM MST   SUNSET   435 PM MST
NOVEMBER 24 2014......SUNRISE   658 AM MST   SUNSET   434 PM MST


-  INDICATES NEGATIVE NUMBERS.
R  INDICATES RECORD WAS SET OR TIED.
MM INDICATES DATA IS MISSING.
T  INDICATES TRACE AMOUNT.




$$





U.S. Dept. of Commerce
NOAA National Weather Service
1325 East West Highway
Silver Spring, MD 20910
E-mail: w-nws.webmaster@noaa.gov
Page last modified: May 16, 2007
NATIONAL WEATHER SERVICE: for Safety, for Work, for Fun - FOR LIFE