931
CDUS45 KCYS 310726
CLICYS


CLIMATE REPORT
NATIONAL WEATHER SERVICE CHEYENNE WY
126 AM MDT FRI OCT 31 2014


...................................

...THE CHEYENNE WYOMING CLIMATE SUMMARY FOR OCTOBER 30 2014...

CLIMATE NORMAL PERIOD 1981 TO 2010
CLIMATE RECORD PERIOD 1871 TO 2014


WEATHER ITEM   OBSERVED TIME   RECORD YEAR NORMAL DEPARTURE LAST
                VALUE   (LST)  VALUE       VALUE  FROM      YEAR
                                                  NORMAL
..................................................................
TEMPERATURE (F)
 YESTERDAY
  MAXIMUM         60    138 PM  74    1933  54      6       46
  MINIMUM         32   1134 PM   0    1993  30      2       28
  AVERAGE         46                        42      4       37

PRECIPITATION (IN)
  YESTERDAY        0.00          0.33 1929   0.02  -0.02     0.21
  MONTH TO DATE    0.51                      0.91  -0.40     2.14
  SINCE JAN 1     15.91                     14.84   1.07    17.52

SNOWFALL (IN)
  YESTERDAY        0.0           5.0  1929   0.2   -0.2      2.1
  MONTH TO DATE    0.8                       4.8   -4.0     12.5
  SINCE JUL 1      1.5                       6.1   -4.6     12.5
  SNOW DEPTH       0

DEGREE DAYS
 HEATING
  YESTERDAY       19                        23     -4       28
  MONTH TO DATE  406                       556   -150      649
  SINCE SEP 1    568                       781   -213      816
  SINCE JUL 1    626                       837   -211      831

 COOLING
  YESTERDAY        0                         0      0        0
  MONTH TO DATE    0                         0      0        0
  SINCE SEP 1     35                        22     13       67
  SINCE JAN 1    301                       348    -47      520
..................................................................


WIND (MPH)
  HIGHEST WIND SPEED    15   HIGHEST WIND DIRECTION    NW (310)
  HIGHEST GUST SPEED    20   HIGHEST GUST DIRECTION     N (340)
  AVERAGE WIND SPEED     6.8


SKY COVER
  AVERAGE SKY COVER 0.1


WEATHER CONDITIONS
 THE FOLLOWING WEATHER WAS RECORDED YESTERDAY.
  NO SIGNIFICANT WEATHER WAS OBSERVED.


RELATIVE HUMIDITY (PERCENT)
 HIGHEST    64           600 AM
 LOWEST     26           100 PM
 AVERAGE    45

..........................................................


THE CHEYENNE WYOMING CLIMATE NORMALS FOR TODAY
                         NORMAL    RECORD    YEAR
 MAXIMUM TEMPERATURE (F)   54        74      1887
 MINIMUM TEMPERATURE (F)   30        -1      1991


SUNRISE AND SUNSET
OCTOBER 31 2014.......SUNRISE   729 AM MDT   SUNSET   556 PM MDT
NOVEMBER  1 2014......SUNRISE   730 AM MDT   SUNSET   555 PM MDT


-  INDICATES NEGATIVE NUMBERS.
R  INDICATES RECORD WAS SET OR TIED.
MM INDICATES DATA IS MISSING.
T  INDICATES TRACE AMOUNT.




$$





U.S. Dept. of Commerce
NOAA National Weather Service
1325 East West Highway
Silver Spring, MD 20910
E-mail: w-nws.webmaster@noaa.gov
Page last modified: May 16, 2007
NATIONAL WEATHER SERVICE: for Safety, for Work, for Fun - FOR LIFE