899
CDUS45 KCYS 240727
CLICYS


CLIMATE REPORT
NATIONAL WEATHER SERVICE CHEYENNE WY
126 AM MDT THU APR 24 2014


...................................

...THE CHEYENNE WYOMING CLIMATE SUMMARY FOR APRIL 23 2014...

CLIMATE NORMAL PERIOD 1981 TO 2010
CLIMATE RECORD PERIOD 1871 TO 2014


WEATHER ITEM   OBSERVED TIME   RECORD YEAR NORMAL DEPARTURE LAST
                VALUE   (LST)  VALUE       VALUE  FROM      YEAR
                                                  NORMAL
..................................................................
TEMPERATURE (F)
 YESTERDAY
  MAXIMUM         59   1202 PM  79    2012  57      2       36
  MINIMUM         38   1159 PM  11    2013  33      5       11
                                      1873
  AVERAGE         49                        45      4       24

PRECIPITATION (IN)
  YESTERDAY        0.00          1.13 1905   0.07  -0.07     0.03
  MONTH TO DATE    0.64                      1.30  -0.66     2.05
  SINCE JAN 1      3.70                      3.15   0.55     3.56

SNOWFALL (IN)
  YESTERDAY        0.0           3.5  1937   0.2   -0.2      0.5
  MONTH TO DATE    6.1                       8.5   -2.4     30.3
  SINCE JUL 1     77.6                      56.3   21.3     75.5
  SNOW DEPTH       0

DEGREE DAYS
 HEATING
  YESTERDAY       16                        20     -4       41
  MONTH TO DATE  479                       534    -55      739
  SINCE MAR 1   1352                      1435    -83     1669
  SINCE JUL 1   6556                      6454    102     6602

 COOLING
  YESTERDAY        0                         0      0        0
  MONTH TO DATE    0                         0      0        0
  SINCE MAR 1      0                         0      0        0
  SINCE JAN 1      0                         0      0        0
..................................................................


WIND (MPH)
  HIGHEST WIND SPEED    35   HIGHEST WIND DIRECTION     W (280)
  HIGHEST GUST SPEED    46   HIGHEST GUST DIRECTION     W (280)
  AVERAGE WIND SPEED    19.7


SKY COVER
  AVERAGE SKY COVER 0.3


WEATHER CONDITIONS
 THE FOLLOWING WEATHER WAS RECORDED YESTERDAY.
  NO SIGNIFICANT WEATHER WAS OBSERVED.


RELATIVE HUMIDITY (PERCENT)
 HIGHEST    62           600 AM
 LOWEST     20           800 PM
 AVERAGE    41

..........................................................


THE CHEYENNE WYOMING CLIMATE NORMALS FOR TODAY
                         NORMAL    RECORD    YEAR
 MAXIMUM TEMPERATURE (F)   58        80      2012
 MINIMUM TEMPERATURE (F)   33         5      1873


SUNRISE AND SUNSET
APRIL 24 2014.........SUNRISE   607 AM MDT   SUNSET   749 PM MDT
APRIL 25 2014.........SUNRISE   605 AM MDT   SUNSET   750 PM MDT


-  INDICATES NEGATIVE NUMBERS.
R  INDICATES RECORD WAS SET OR TIED.
MM INDICATES DATA IS MISSING.
T  INDICATES TRACE AMOUNT.




$$






U.S. Dept. of Commerce
NOAA National Weather Service
1325 East West Highway
Silver Spring, MD 20910
E-mail: w-nws.webmaster@noaa.gov
Page last modified: May 16, 2007
NATIONAL WEATHER SERVICE: for Safety, for Work, for Fun - FOR LIFE