937
CDUS41 KILN 192154
CLICVG


CLIMATE REPORT
NATIONAL WEATHER SERVICE WILMINGTON OH
454 PM EST FRI DEC 19 2014


...................................

...THE CINCINNATI OH CLIMATE SUMMARY FOR DECEMBER 19 2014...
VALID TODAY AS OF 0400 PM LOCAL TIME.

CLIMATE NORMAL PERIOD 1981 TO 2010
CLIMATE RECORD PERIOD 1869 TO 2014


WEATHER ITEM   OBSERVED TIME   RECORD YEAR NORMAL DEPARTURE LAST
                VALUE   (LST)  VALUE       VALUE  FROM      YEAR
                                                  NORMAL
..................................................................
TEMPERATURE (F)
 TODAY
  MAXIMUM         31    416 PM  67    1877  40     -9       55
  MINIMUM         25    526 AM  -7    1963  26     -1       36
  AVERAGE         28                        33     -5       46

PRECIPITATION (IN)
  TODAY            0.00          2.03 2002   0.10  -0.10     0.00
  MONTH TO DATE    2.61                      2.05   0.56     2.33
  SINCE DEC 1      2.61                      2.05   0.56     2.33
  SINCE JAN 1     41.30                     41.20   0.10    46.90

SNOWFALL (IN)
  TODAY            0.0           2.9  2009   0.2   -0.2      0.0
  MONTH TO DATE    T                         2.5   -2.5     10.1
  SINCE DEC 1      T                         2.5   -2.5     10.1
  SINCE JUL 1      5.1                       3.3    1.8     12.5
  SNOW DEPTH       0

DEGREE DAYS
 HEATING
  TODAY           37                        32      5       19
  MONTH TO DATE  510                       561    -51      592
  SINCE DEC 1    510                       561    -51      592
  SINCE JUL 1   1648                      1521    127     1628

 COOLING
  TODAY            0                         0      0        0
  MONTH TO DATE    0                         0      0        0
  SINCE DEC 1      0                         0      0        0
  SINCE JAN 1   1077                      1121    -44     1150
..................................................................


WIND (MPH)
  HIGHEST WIND SPEED     8   HIGHEST WIND DIRECTION    NW (320)
  HIGHEST GUST SPEED    12   HIGHEST GUST DIRECTION     N (20)
  AVERAGE WIND SPEED     2.8


SKY COVER
  POSSIBLE SUNSHINE  MM
  AVERAGE SKY COVER 0.9


WEATHER CONDITIONS
 THE FOLLOWING WEATHER WAS RECORDED TODAY.
  HAZE


RELATIVE HUMIDITY (PERCENT)
 HIGHEST    81           400 AM
 LOWEST     58           400 PM
 AVERAGE    70

..........................................................


THE CINCINNATI OH CLIMATE NORMALS FOR TOMORROW
                         NORMAL    RECORD    YEAR
 MAXIMUM TEMPERATURE (F)   40        67      1877
 MINIMUM TEMPERATURE (F)   25        -9      1981


SUNRISE AND SUNSET
DECEMBER 19 2014......SUNRISE   753 AM EST   SUNSET   519 PM EST
DECEMBER 20 2014......SUNRISE   754 AM EST   SUNSET   519 PM EST


-  INDICATES NEGATIVE NUMBERS.
R  INDICATES RECORD WAS SET OR TIED.
MM INDICATES DATA IS MISSING.
T  INDICATES TRACE AMOUNT.




$$





U.S. Dept. of Commerce
NOAA National Weather Service
1325 East West Highway
Silver Spring, MD 20910
E-mail: w-nws.webmaster@noaa.gov
Page last modified: May 16, 2007
NATIONAL WEATHER SERVICE: for Safety, for Work, for Fun - FOR LIFE