731
CDUS41 KILN 200545
CLICVG


CLIMATE REPORT
NATIONAL WEATHER SERVICE WILMINGTON OH
145 AM EDT SAT SEP 20 2014


...................................

...THE CINCINNATI OH CLIMATE SUMMARY FOR SEPTEMBER 19 2014...

CLIMATE NORMAL PERIOD 1981 TO 2010
CLIMATE RECORD PERIOD 1869 TO 2014


WEATHER ITEM   OBSERVED TIME   RECORD YEAR NORMAL DEPARTURE LAST
                VALUE   (LST)  VALUE       VALUE  FROM      YEAR
                                                  NORMAL
..................................................................
TEMPERATURE (F)
 YESTERDAY
  MAXIMUM         76    353 PM  94    1925  77     -1       77
                                      1895
  MINIMUM         53    616 AM  39    1973  56     -3       65
                                      1929
  AVERAGE         65                        66     -1       71

PRECIPITATION (IN)
  YESTERDAY        0.00          1.35 1966   0.08  -0.08     0.43
  MONTH TO DATE    3.18                      1.65   1.53     0.60
  SINCE SEP 1      3.18                      1.65   1.53     0.60
  SINCE JAN 1     33.64                     31.44   2.20    33.65

SNOWFALL (IN)
  YESTERDAY        0.0          MM      MM   0.0    0.0      0.0
  MONTH TO DATE    0.0                       0.0    0.0      0.0
  SINCE SEP 1      0.0                       0.0    0.0      0.0
  SINCE JUL 1      0.0                       0.0    0.0      0.0
  SNOW DEPTH       0

DEGREE DAYS
 HEATING
  YESTERDAY        0                         2     -2        0
  MONTH TO DATE   37                        17     20       10
  SINCE SEP 1     37                        17     20       10
  SINCE JUL 1     42                        17     25       14

 COOLING
  YESTERDAY        0                         4     -4        6
  MONTH TO DATE   87                       110    -23      124
  SINCE SEP 1     87                       110    -23      124
  SINCE JAN 1   1033                      1078    -45     1100
..................................................................


WIND (MPH)
  RESULTANT WIND SPEED   6   RESULTANT WIND DIRECTION   E (80)
  HIGHEST WIND SPEED    15   HIGHEST WIND DIRECTION     E (110)
  HIGHEST GUST SPEED    18   HIGHEST GUST DIRECTION     E (110)
  AVERAGE WIND SPEED     6.3


SKY COVER
  POSSIBLE SUNSHINE  MM
  AVERAGE SKY COVER 0.1


WEATHER CONDITIONS
 THE FOLLOWING WEATHER WAS RECORDED YESTERDAY.
  FOG


RELATIVE HUMIDITY (PERCENT)
 HIGHEST    83           600 AM
 LOWEST     36           300 PM
 AVERAGE    60

..........................................................


THE CINCINNATI OH CLIMATE NORMALS FOR TODAY
                         NORMAL    RECORD    YEAR
 MAXIMUM TEMPERATURE (F)   77        95      1895
 MINIMUM TEMPERATURE (F)   55        39      1956


SUNRISE AND SUNSET
SEPTEMBER 20 2014.....SUNRISE   724 AM EDT   SUNSET   739 PM EDT
SEPTEMBER 21 2014.....SUNRISE   725 AM EDT   SUNSET   737 PM EDT


-  INDICATES NEGATIVE NUMBERS.
R  INDICATES RECORD WAS SET OR TIED.
MM INDICATES DATA IS MISSING.
T  INDICATES TRACE AMOUNT.




$$





U.S. Dept. of Commerce
NOAA National Weather Service
1325 East West Highway
Silver Spring, MD 20910
E-mail: w-nws.webmaster@noaa.gov
Page last modified: May 16, 2007
NATIONAL WEATHER SERVICE: for Safety, for Work, for Fun - FOR LIFE