088
CDUS41 KILN 260547
CLICVG


CLIMATE REPORT
NATIONAL WEATHER SERVICE WILMINGTON OH
1247 AM EST MON JAN 26 2015


...................................

...THE CINCINNATI OH CLIMATE SUMMARY FOR JANUARY 25 2015...

CLIMATE NORMAL PERIOD 1981 TO 2010
CLIMATE RECORD PERIOD 1869 TO 2015


WEATHER ITEM   OBSERVED TIME   RECORD YEAR NORMAL DEPARTURE LAST
                VALUE   (LST)  VALUE       VALUE  FROM      YEAR
                                                  NORMAL
..................................................................
TEMPERATURE (F)
 YESTERDAY
  MAXIMUM         41    117 PM  74    1950  39      2       34
  MINIMUM         31   1159 PM -10    1963  23      8       10
                                      1897
  AVERAGE         36                        31      5       22

PRECIPITATION (IN)
  YESTERDAY        0.49          0.91 1933   0.10   0.39     0.16
  MONTH TO DATE    2.21                      2.42  -0.21     2.80
  SINCE DEC 1      5.81                      5.79   0.02     7.73
  SINCE JAN 1      2.21                      2.42  -0.21     2.80

SNOWFALL (IN)
  YESTERDAY        T             5.8  2004   0.2   -0.2      4.6
  MONTH TO DATE    0.8                       5.0   -4.2     20.4
  SINCE DEC 1      0.9                       9.8   -8.9     30.8
  SINCE JUL 1      6.0                      10.6   -4.6     33.2
  SNOW DEPTH       0

DEGREE DAYS
 HEATING
  YESTERDAY       29                        34     -5       43
  MONTH TO DATE  857                       850      7      999
  SINCE DEC 1   1699                      1809   -110     1914
  SINCE JUL 1   2837                      2769     68     2950

 COOLING
  YESTERDAY        0                         0      0        0
  MONTH TO DATE    0                         0      0        0
  SINCE DEC 1      0                         0      0        0
  SINCE JAN 1      0                         0      0        0
..................................................................


WIND (MPH)
  RESULTANT WIND SPEED   5   RESULTANT WIND DIRECTION   S (160)
  HIGHEST WIND SPEED    23   HIGHEST WIND DIRECTION     N (10)
  HIGHEST GUST SPEED    25   HIGHEST GUST DIRECTION     N (10)
  AVERAGE WIND SPEED     8.1


SKY COVER
  POSSIBLE SUNSHINE  MM
  AVERAGE SKY COVER 1.0


WEATHER CONDITIONS
 THE FOLLOWING WEATHER WAS RECORDED YESTERDAY.
  RAIN
  LIGHT RAIN
  LIGHT SNOW
  FOG
  HAZE


RELATIVE HUMIDITY (PERCENT)
 HIGHEST    92           700 PM
 LOWEST     70          1000 AM
 AVERAGE    81

..........................................................


THE CINCINNATI OH CLIMATE NORMALS FOR TODAY
                         NORMAL    RECORD    YEAR
 MAXIMUM TEMPERATURE (F)   39        69      1967
                                             1950
                                             1944
 MINIMUM TEMPERATURE (F)   23        -9      1897


SUNRISE AND SUNSET
JANUARY 26 2015.......SUNRISE   750 AM EST   SUNSET   553 PM EST
JANUARY 27 2015.......SUNRISE   749 AM EST   SUNSET   554 PM EST


-  INDICATES NEGATIVE NUMBERS.
R  INDICATES RECORD WAS SET OR TIED.
MM INDICATES DATA IS MISSING.
T  INDICATES TRACE AMOUNT.




$$





U.S. Dept. of Commerce
NOAA National Weather Service
1325 East West Highway
Silver Spring, MD 20910
E-mail: w-nws.webmaster@noaa.gov
Page last modified: May 16, 2007
NATIONAL WEATHER SERVICE: for Safety, for Work, for Fun - FOR LIFE