705
CDUS41 KILN 210623
CLICVG


CLIMATE REPORT
NATIONAL WEATHER SERVICE WILMINGTON OH
222 AM EDT MON APR 21 2014


...................................

...THE CINCINNATI OH CLIMATE SUMMARY FOR APRIL 20 2014...

CLIMATE NORMAL PERIOD 1981 TO 2010
CLIMATE RECORD PERIOD 1869 TO 2014


WEATHER ITEM   OBSERVED TIME   RECORD YEAR NORMAL DEPARTURE LAST
                VALUE   (LST)  VALUE       VALUE  FROM      YEAR
                                                  NORMAL
..................................................................
TEMPERATURE (F)
 YESTERDAY
  MAXIMUM         76    331 PM  89    1976  66     10       51
  MINIMUM         45    621 AM  24    1983  45      0       35
  AVERAGE         61                        56      5       43

PRECIPITATION (IN)
  YESTERDAY        0.00          1.51 1920   0.13  -0.13     0.00
  MONTH TO DATE    4.84                      2.53   2.31     2.32
  SINCE MAR 1      7.25                      6.49   0.76     6.23
  SINCE JAN 1     12.79                     12.30   0.49    11.83

SNOWFALL (IN)
  YESTERDAY        0.0           0.0    MM   0.0    0.0      0.0
  MONTH TO DATE    0.6                       0.5    0.1       T
  SINCE MAR 1      3.9                       3.5    0.4      8.8
  SINCE JUL 1     47.5                      22.1   25.4     25.2
  SNOW DEPTH       0

DEGREE DAYS
 HEATING
  YESTERDAY        4                        10     -6       22
  MONTH TO DATE  221                       258    -37      215
  SINCE MAR 1   1003                       924     79     1070
  SINCE JUL 1   5247                      4751    496     4780

 COOLING
  YESTERDAY        0                         1     -1        0
  MONTH TO DATE    7                         8     -1       23
  SINCE MAR 1      7                         8     -1       23
  SINCE JAN 1      7                         8     -1       23
..................................................................


WIND (MPH)
  RESULTANT WIND SPEED   2   RESULTANT WIND DIRECTION  NE (60)
  HIGHEST WIND SPEED     8   HIGHEST WIND DIRECTION    NE (30)
  HIGHEST GUST SPEED     8   HIGHEST GUST DIRECTION    NE (30)
  AVERAGE WIND SPEED     3.9


SKY COVER
  POSSIBLE SUNSHINE  MM
  AVERAGE SKY COVER 0.5


WEATHER CONDITIONS
 THE FOLLOWING WEATHER WAS RECORDED YESTERDAY.
  NO SIGNIFICANT WEATHER WAS OBSERVED.


RELATIVE HUMIDITY (PERCENT)
 HIGHEST    65           500 AM
 LOWEST     20           700 PM
 AVERAGE    43

..........................................................


THE CINCINNATI OH CLIMATE NORMALS FOR TODAY
                         NORMAL    RECORD    YEAR
 MAXIMUM TEMPERATURE (F)   67        86      1902
 MINIMUM TEMPERATURE (F)   46        30      1981
                                             1901


SUNRISE AND SUNSET
APRIL 21 2014.........SUNRISE   654 AM EDT   SUNSET   822 PM EDT
APRIL 22 2014.........SUNRISE   652 AM EDT   SUNSET   823 PM EDT


-  INDICATES NEGATIVE NUMBERS.
R  INDICATES RECORD WAS SET OR TIED.
MM INDICATES DATA IS MISSING.
T  INDICATES TRACE AMOUNT.




$$





U.S. Dept. of Commerce
NOAA National Weather Service
1325 East West Highway
Silver Spring, MD 20910
E-mail: w-nws.webmaster@noaa.gov
Page last modified: May 16, 2007
NATIONAL WEATHER SERVICE: for Safety, for Work, for Fun - FOR LIFE