014
CDUS43 KUNR 230848
CLICUT


CLIMATE REPORT
NATIONAL WEATHER SERVICE RAPID CITY SD
148 AM MST SUN NOV 23 2014


...................................

...THE CUSTER COUNTY AIRPORT SD CLIMATE SUMMARY FOR NOVEMBER 22 2014...

CLIMATE NORMAL PERIOD 1981 TO 2010
CLIMATE RECORD PERIOD 9999 TO 9999


WEATHER ITEM   OBSERVED TIME   NORMAL DEPARTURE LAST
                VALUE   (LST)  VALUE  FROM      YEAR
                                      NORMAL
......................................................
TEMPERATURE (F)
 YESTERDAY
  MAXIMUM         44    200 PM  39      5       35
  MINIMUM         25   1202 AM  18      7       -1
  AVERAGE         35            29      6       17

PRECIPITATION (IN)
  YESTERDAY        0.00          0.01  -0.01     0.00
  MONTH TO DATE    0.85          0.47   0.38     0.61
  SINCE SEP 1      5.48          3.51   1.97     5.47
  SINCE JAN 1     19.99         18.43   1.56    21.42

DEGREE DAYS
 HEATING
  YESTERDAY       30            36     -6       48
  MONTH TO DATE  841           696    145      737
  SINCE SEP 1   1666          1721    -55     1768
  SINCE JUL 1   1797          1875    -78     1865

 COOLING
  YESTERDAY        0             0      0        0
  MONTH TO DATE    0             0      0        0
  SINCE SEP 1     18            11      7       38
  SINCE JAN 1    152           177    -25      187
......................................................


WIND (MPH)
  HIGHEST WIND SPEED    24   HIGHEST WIND DIRECTION     W (270)
  HIGHEST GUST SPEED    34   HIGHEST GUST DIRECTION     N (340)
  AVERAGE WIND SPEED    11.8


SKY COVER
  AVERAGE SKY COVER 0.1


WEATHER CONDITIONS
 THE FOLLOWING WEATHER WAS RECORDED YESTERDAY.
  NO SIGNIFICANT WEATHER WAS OBSERVED.


RELATIVE HUMIDITY (PERCENT)
 HIGHEST    82
 LOWEST     45
 AVERAGE    64

..........................................................




SUNRISE AND SUNSET
NOVEMBER 23 2014......SUNRISE   659 AM MST   SUNSET   423 PM MST
NOVEMBER 24 2014......SUNRISE   700 AM MST   SUNSET   422 PM MST


-  INDICATES NEGATIVE NUMBERS.
R  INDICATES RECORD WAS SET OR TIED.
MM INDICATES DATA IS MISSING.
T  INDICATES TRACE AMOUNT.




$$





U.S. Dept. of Commerce
NOAA National Weather Service
1325 East West Highway
Silver Spring, MD 20910
E-mail: w-nws.webmaster@noaa.gov
Page last modified: May 16, 2007
NATIONAL WEATHER SERVICE: for Safety, for Work, for Fun - FOR LIFE