934
CDUS43 KUNR 010832
CLICUT


CLIMATE REPORT
NATIONAL WEATHER SERVICE RAPID CITY SD
231 AM MDT MON SEP 1 2014


...................................

...THE CUSTER COUNTY AIRPORT SD CLIMATE SUMMARY FOR AUGUST 31 2014...

CLIMATE NORMAL PERIOD 1981 TO 2010
CLIMATE RECORD PERIOD 9999 TO 9999


WEATHER ITEM   OBSERVED TIME   NORMAL DEPARTURE LAST
                VALUE   (LST)  VALUE  FROM      YEAR
                                      NORMAL
......................................................
TEMPERATURE (F)
 YESTERDAY
  MAXIMUM         68   1250 PM  75     -7       83
  MINIMUM         46   1111 PM  47     -1       51
  AVERAGE         57            61     -4       67

PRECIPITATION (IN)
  YESTERDAY        0.01          0.08  -0.07     0.00
  MONTH TO DATE    1.90          2.15  -0.25     3.95
  SINCE JUN 1      6.79          7.81  -1.02     9.42
  SINCE JAN 1     14.51         14.92  -0.41    15.95

DEGREE DAYS
 HEATING
  YESTERDAY        8             5      3        0
  MONTH TO DATE   52            92    -40       55
  SINCE JUN 1    404           374     30      290
  SINCE JUL 1    131           154    -23       97

 COOLING
  YESTERDAY        0             1     -1        2
  MONTH TO DATE   44            59    -15       75
  SINCE JUN 1    130           165    -35      147
  SINCE JAN 1    134           166    -32      149
......................................................


WIND (MPH)
  HIGHEST WIND SPEED    16   HIGHEST WIND DIRECTION     W (280)
  HIGHEST GUST SPEED    20   HIGHEST GUST DIRECTION     W (280)
  AVERAGE WIND SPEED     6.3


SKY COVER
  AVERAGE SKY COVER 0.4


WEATHER CONDITIONS
 THE FOLLOWING WEATHER WAS RECORDED YESTERDAY.
  THUNDERSTORM
  LIGHT RAIN


RELATIVE HUMIDITY (PERCENT)
 HIGHEST    83
 LOWEST     42
 AVERAGE    63

..........................................................




SUNRISE AND SUNSET
SEPTEMBER  1 2014.....SUNRISE   618 AM MDT   SUNSET   730 PM MDT
SEPTEMBER  2 2014.....SUNRISE   619 AM MDT   SUNSET   728 PM MDT


-  INDICATES NEGATIVE NUMBERS.
R  INDICATES RECORD WAS SET OR TIED.
MM INDICATES DATA IS MISSING.
T  INDICATES TRACE AMOUNT.




$$





U.S. Dept. of Commerce
NOAA National Weather Service
1325 East West Highway
Silver Spring, MD 20910
E-mail: w-nws.webmaster@noaa.gov
Page last modified: May 16, 2007
NATIONAL WEATHER SERVICE: for Safety, for Work, for Fun - FOR LIFE