514
CDUS43 KUNR 230833
CLICUT


CLIMATE REPORT
NATIONAL WEATHER SERVICE RAPID CITY SD
232 AM MDT WED APR 23 2014


...................................

...THE CUSTER COUNTY AIRPORT SD CLIMATE SUMMARY FOR APRIL 22 2014...

CLIMATE NORMAL PERIOD 1981 TO 2010
CLIMATE RECORD PERIOD 9999 TO 9999


WEATHER ITEM   OBSERVED TIME   NORMAL DEPARTURE LAST
                VALUE   (LST)  VALUE  FROM      YEAR
                                      NORMAL
......................................................
TEMPERATURE (F)
 YESTERDAY
  MAXIMUM         70    130 PM  53     17       27
  MINIMUM         32    352 AM  29      3       10
  AVERAGE         51            41     10       19

PRECIPITATION (IN)
  YESTERDAY        T             0.08  -0.08     0.61
  MONTH TO DATE    1.21          1.44  -0.23     3.21
  SINCE MAR 1      2.41          2.45  -0.04     3.95
  SINCE JAN 1      3.74          3.31   0.43     4.88

DEGREE DAYS
 HEATING
  YESTERDAY       14            24    -10       46
  MONTH TO DATE  576           596    -20      776
  SINCE MAR 1   1628          1636     -8     1861
  SINCE JUL 1   7486          7471     15     7403

 COOLING
  YESTERDAY        0             0      0        0
  MONTH TO DATE    0             0      0        0
  SINCE MAR 1      0             0      0        0
  SINCE JAN 1      0             0      0        0
......................................................


WIND (MPH)
  HIGHEST WIND SPEED    18   HIGHEST WIND DIRECTION    SW (210)
  HIGHEST GUST SPEED    28   HIGHEST GUST DIRECTION    SW (230)
  AVERAGE WIND SPEED     6.4


SKY COVER
  AVERAGE SKY COVER 0.2


WEATHER CONDITIONS
 THE FOLLOWING WEATHER WAS RECORDED YESTERDAY.
  NO SIGNIFICANT WEATHER WAS OBSERVED.


RELATIVE HUMIDITY (PERCENT)
 HIGHEST    69
 LOWEST     19
 AVERAGE    44

..........................................................




SUNRISE AND SUNSET
APRIL 23 2014.........SUNRISE   559 AM MDT   SUNSET   748 PM MDT
APRIL 24 2014.........SUNRISE   557 AM MDT   SUNSET   749 PM MDT


-  INDICATES NEGATIVE NUMBERS.
R  INDICATES RECORD WAS SET OR TIED.
MM INDICATES DATA IS MISSING.
T  INDICATES TRACE AMOUNT.




$$





U.S. Dept. of Commerce
NOAA National Weather Service
1325 East West Highway
Silver Spring, MD 20910
E-mail: w-nws.webmaster@noaa.gov
Page last modified: May 16, 2007
NATIONAL WEATHER SERVICE: for Safety, for Work, for Fun - FOR LIFE