937
CDUS43 KUNR 230848
CLICUT


CLIMATE REPORT
NATIONAL WEATHER SERVICE RAPID CITY SD
244 AM MDT WED JUL 23 2014


...................................

...THE CUSTER COUNTY AIRPORT SD CLIMATE SUMMARY FOR JULY 22 2014...

CLIMATE NORMAL PERIOD 1981 TO 2010
CLIMATE RECORD PERIOD 9999 TO 9999


WEATHER ITEM   OBSERVED TIME   NORMAL DEPARTURE LAST
                VALUE   (LST)  VALUE  FROM      YEAR
                                      NORMAL
......................................................
TEMPERATURE (F)
 YESTERDAY
  MAXIMUM         83   1149 AM  80      3       77
  MINIMUM         57    513 AM  52      5       56
  AVERAGE         70            66      4       67

PRECIPITATION (IN)
  YESTERDAY        0.39          0.09   0.30     0.17
  MONTH TO DATE    1.40          1.78  -0.38     3.31
  SINCE JUN 1      4.79          5.00  -0.21     4.96
  SINCE JAN 1     12.51         12.11   0.40    11.49

DEGREE DAYS
 HEATING
  YESTERDAY        0             2     -2        0
  MONTH TO DATE   64            48     16       10
  SINCE JUN 1    337           268     69      203
  SINCE JUL 1     64            48     16       10

 COOLING
  YESTERDAY        5             3      2        2
  MONTH TO DATE   64            56      8       60
  SINCE JUN 1     65            81    -16       69
  SINCE JAN 1     69            82    -13       71
......................................................


WIND (MPH)
  HIGHEST WIND SPEED    28   HIGHEST WIND DIRECTION     E (80)
  HIGHEST GUST SPEED    41   HIGHEST GUST DIRECTION    NE (60)
  AVERAGE WIND SPEED     8.5


SKY COVER
  AVERAGE SKY COVER 0.2


WEATHER CONDITIONS
 THE FOLLOWING WEATHER WAS RECORDED YESTERDAY.
  THUNDERSTORM
  HEAVY RAIN
  LIGHT RAIN
  FOG


RELATIVE HUMIDITY (PERCENT)
 HIGHEST    90
 LOWEST     35
 AVERAGE    63

..........................................................




SUNRISE AND SUNSET
JULY 23 2014..........SUNRISE   534 AM MDT   SUNSET   827 PM MDT
JULY 24 2014..........SUNRISE   535 AM MDT   SUNSET   826 PM MDT


-  INDICATES NEGATIVE NUMBERS.
R  INDICATES RECORD WAS SET OR TIED.
MM INDICATES DATA IS MISSING.
T  INDICATES TRACE AMOUNT.




$$





U.S. Dept. of Commerce
NOAA National Weather Service
1325 East West Highway
Silver Spring, MD 20910
E-mail: w-nws.webmaster@noaa.gov
Page last modified: May 16, 2007
NATIONAL WEATHER SERVICE: for Safety, for Work, for Fun - FOR LIFE