426
CDUS43 KUNR 290833
CLICUT


CLIMATE REPORT
NATIONAL WEATHER SERVICE RAPID CITY SD
231 AM MDT TUE JUL 29 2014


...................................

...THE CUSTER COUNTY AIRPORT SD CLIMATE SUMMARY FOR JULY 28 2014...

CLIMATE NORMAL PERIOD 1981 TO 2010
CLIMATE RECORD PERIOD 9999 TO 9999


WEATHER ITEM   OBSERVED TIME   NORMAL DEPARTURE LAST
                VALUE   (LST)  VALUE  FROM      YEAR
                                      NORMAL
......................................................
TEMPERATURE (F)
 YESTERDAY
  MAXIMUM         75    303 PM  80     -5       69
  MINIMUM         48    516 AM  52     -4       46
  AVERAGE         62            66     -4       58

PRECIPITATION (IN)
  YESTERDAY        0.00          0.07  -0.07     0.01
  MONTH TO DATE    1.44          2.22  -0.78     3.59
  SINCE JUN 1      4.83          5.44  -0.61     5.24
  SINCE JAN 1     12.55         12.55   0.00    11.77

DEGREE DAYS
 HEATING
  YESTERDAY        3             2      1        7
  MONTH TO DATE   69            60      9       36
  SINCE JUN 1    342           280     62      229
  SINCE JUL 1     69            60      9       36

 COOLING
  YESTERDAY        0             3     -3        0
  MONTH TO DATE   85            74     11       61
  SINCE JUN 1     86            99    -13       70
  SINCE JAN 1     90           100    -10       72
......................................................


WIND (MPH)
  HIGHEST WIND SPEED    16   HIGHEST WIND DIRECTION     E (100)
  HIGHEST GUST SPEED    21   HIGHEST GUST DIRECTION     E (110)
  AVERAGE WIND SPEED     6.7


SKY COVER
  AVERAGE SKY COVER 0.0


WEATHER CONDITIONS
 THE FOLLOWING WEATHER WAS RECORDED YESTERDAY.
  NO SIGNIFICANT WEATHER WAS OBSERVED.


RELATIVE HUMIDITY (PERCENT)
 HIGHEST    93
 LOWEST     44
 AVERAGE    69

..........................................................




SUNRISE AND SUNSET
JULY 29 2014..........SUNRISE   540 AM MDT   SUNSET   821 PM MDT
JULY 30 2014..........SUNRISE   541 AM MDT   SUNSET   820 PM MDT


-  INDICATES NEGATIVE NUMBERS.
R  INDICATES RECORD WAS SET OR TIED.
MM INDICATES DATA IS MISSING.
T  INDICATES TRACE AMOUNT.




$$





U.S. Dept. of Commerce
NOAA National Weather Service
1325 East West Highway
Silver Spring, MD 20910
E-mail: w-nws.webmaster@noaa.gov
Page last modified: May 16, 2007
NATIONAL WEATHER SERVICE: for Safety, for Work, for Fun - FOR LIFE