559
CDUS43 KUNR 190834
CLICUT


CLIMATE REPORT
NATIONAL WEATHER SERVICE RAPID CITY SD
133 AM MST FRI DEC 19 2014


...................................

...THE CUSTER COUNTY AIRPORT SD CLIMATE SUMMARY FOR DECEMBER 18 2014...

CLIMATE NORMAL PERIOD 1981 TO 2010
CLIMATE RECORD PERIOD 9999 TO 9999


WEATHER ITEM   OBSERVED TIME   NORMAL DEPARTURE LAST
                VALUE   (LST)  VALUE  FROM      YEAR
                                      NORMAL
......................................................
TEMPERATURE (F)
 YESTERDAY
  MAXIMUM         39   1237 PM  33      6       54
  MINIMUM         18    702 AM  13      5       26
  AVERAGE         29            23      6       40

PRECIPITATION (IN)
  YESTERDAY        0.00          0.01  -0.01     0.00
  MONTH TO DATE    0.01          0.21  -0.20     0.40
  SINCE DEC 1      0.01          0.21  -0.20     0.40
  SINCE JAN 1     20.06         18.78   1.28    21.82

DEGREE DAYS
 HEATING
  YESTERDAY       36            42     -6       25
  MONTH TO DATE  552           745   -193      833
  SINCE DEC 1    552           745   -193      833
  SINCE JUL 1   2640          2926   -286     2945

 COOLING
  YESTERDAY        0             0      0        0
  MONTH TO DATE    0             0      0        0
  SINCE DEC 1      0             0      0        0
  SINCE JAN 1    152           177    -25      187
......................................................


WIND (MPH)
  HIGHEST WIND SPEED    14   HIGHEST WIND DIRECTION     W (290)
  HIGHEST GUST SPEED    20   HIGHEST GUST DIRECTION    NW (310)
  AVERAGE WIND SPEED     4.1


SKY COVER
  AVERAGE SKY COVER 0.0


WEATHER CONDITIONS
 THE FOLLOWING WEATHER WAS RECORDED YESTERDAY.
  NO SIGNIFICANT WEATHER WAS OBSERVED.


RELATIVE HUMIDITY (PERCENT)
 HIGHEST    84
 LOWEST     44
 AVERAGE    64

..........................................................




SUNRISE AND SUNSET
DECEMBER 19 2014......SUNRISE   724 AM MST   SUNSET   419 PM MST
DECEMBER 20 2014......SUNRISE   724 AM MST   SUNSET   420 PM MST


-  INDICATES NEGATIVE NUMBERS.
R  INDICATES RECORD WAS SET OR TIED.
MM INDICATES DATA IS MISSING.
T  INDICATES TRACE AMOUNT.




$$





U.S. Dept. of Commerce
NOAA National Weather Service
1325 East West Highway
Silver Spring, MD 20910
E-mail: w-nws.webmaster@noaa.gov
Page last modified: May 16, 2007
NATIONAL WEATHER SERVICE: for Safety, for Work, for Fun - FOR LIFE