022
CDUS43 KUNR 170847
CLICUT


CLIMATE REPORT
NATIONAL WEATHER SERVICE RAPID CITY SD
244 AM MDT WED SEP 17 2014


...................................

...THE CUSTER COUNTY AIRPORT SD CLIMATE SUMMARY FOR SEPTEMBER 16 2014...

CLIMATE NORMAL PERIOD 1981 TO 2010
CLIMATE RECORD PERIOD 9999 TO 9999


WEATHER ITEM   OBSERVED TIME   NORMAL DEPARTURE LAST
                VALUE   (LST)  VALUE  FROM      YEAR
                                      NORMAL
......................................................
TEMPERATURE (F)
 YESTERDAY
  MAXIMUM         80    151 PM  68     12       60
  MINIMUM         43   1211 AM  41      2       47
  AVERAGE         62            54      8       54

PRECIPITATION (IN)
  YESTERDAY        0.00          0.05  -0.05     0.00
  MONTH TO DATE    0.71          0.96  -0.25     0.94
  SINCE SEP 1      0.71          0.96  -0.25     0.94
  SINCE JAN 1     15.22         15.88  -0.66    16.89

DEGREE DAYS
 HEATING
  YESTERDAY        3            11     -8       11
  MONTH TO DATE  214           131     83       69
  SINCE SEP 1    214           131     83       69
  SINCE JUL 1    345           285     60      166

 COOLING
  YESTERDAY        0             0      0        0
  MONTH TO DATE    5            11     -6       38
  SINCE SEP 1      5            11     -6       38
  SINCE JAN 1    139           177    -38      187
......................................................


WIND (MPH)
  HIGHEST WIND SPEED    20   HIGHEST WIND DIRECTION     W (290)
  HIGHEST GUST SPEED    26   HIGHEST GUST DIRECTION     W (280)
  AVERAGE WIND SPEED     6.9


SKY COVER
  AVERAGE SKY COVER 0.1


WEATHER CONDITIONS
 THE FOLLOWING WEATHER WAS RECORDED YESTERDAY.
  NO SIGNIFICANT WEATHER WAS OBSERVED.


RELATIVE HUMIDITY (PERCENT)
 HIGHEST    76
 LOWEST     15
 AVERAGE    46

..........................................................




SUNRISE AND SUNSET
SEPTEMBER 17 2014.....SUNRISE   636 AM MDT   SUNSET   701 PM MDT
SEPTEMBER 18 2014.....SUNRISE   637 AM MDT   SUNSET   659 PM MDT


-  INDICATES NEGATIVE NUMBERS.
R  INDICATES RECORD WAS SET OR TIED.
MM INDICATES DATA IS MISSING.
T  INDICATES TRACE AMOUNT.




$$





U.S. Dept. of Commerce
NOAA National Weather Service
1325 East West Highway
Silver Spring, MD 20910
E-mail: w-nws.webmaster@noaa.gov
Page last modified: May 16, 2007
NATIONAL WEATHER SERVICE: for Safety, for Work, for Fun - FOR LIFE