549
CDUS43 KUNR 300831
CLICUT


CLIMATE REPORT
NATIONAL WEATHER SERVICE RAPID CITY SD
231 AM MDT TUE SEP 30 2014


...................................

...THE CUSTER COUNTY AIRPORT SD CLIMATE SUMMARY FOR SEPTEMBER 29 2014...

CLIMATE NORMAL PERIOD 1981 TO 2010
CLIMATE RECORD PERIOD 9999 TO 9999


WEATHER ITEM   OBSERVED TIME   NORMAL DEPARTURE LAST
                VALUE   (LST)  VALUE  FROM      YEAR
                                      NORMAL
......................................................
TEMPERATURE (F)
 YESTERDAY
  MAXIMUM         51    957 PM  61    -10       68
  MINIMUM         44    700 AM  36      8       45
  AVERAGE         48            48      0       57

PRECIPITATION (IN)
  YESTERDAY        2.28          0.04   2.24     0.00
  MONTH TO DATE    3.29          1.54   1.75     1.30
  SINCE SEP 1      3.29          1.54   1.75     1.30
  SINCE JAN 1     17.80         16.46   1.34    17.25

DEGREE DAYS
 HEATING
  YESTERDAY       17            17      0        8
  MONTH TO DATE  270           315    -45      216
  SINCE SEP 1    270           315    -45      216
  SINCE JUL 1    401           469    -68      313

 COOLING
  YESTERDAY        0             0      0        0
  MONTH TO DATE   18            11      7       38
  SINCE SEP 1     18            11      7       38
  SINCE JAN 1    152           177    -25      187
......................................................


WIND (MPH)
  HIGHEST WIND SPEED    18   HIGHEST WIND DIRECTION     E (70)
  HIGHEST GUST SPEED    22   HIGHEST GUST DIRECTION     E (80)
  AVERAGE WIND SPEED     6.6


SKY COVER
  AVERAGE SKY COVER 0.7


WEATHER CONDITIONS
 THE FOLLOWING WEATHER WAS RECORDED YESTERDAY.
  THUNDERSTORM
  HEAVY RAIN
  RAIN
  LIGHT RAIN
  FOG
  FOG W/VISIBILITY <= 1/4 MILE


RELATIVE HUMIDITY (PERCENT)
 HIGHEST    96
 LOWEST     89
 AVERAGE    93

..........................................................




SUNRISE AND SUNSET
SEPTEMBER 30 2014.....SUNRISE   651 AM MDT   SUNSET   637 PM MDT
OCTOBER  1 2014.......SUNRISE   652 AM MDT   SUNSET   635 PM MDT


-  INDICATES NEGATIVE NUMBERS.
R  INDICATES RECORD WAS SET OR TIED.
MM INDICATES DATA IS MISSING.
T  INDICATES TRACE AMOUNT.




$$





U.S. Dept. of Commerce
NOAA National Weather Service
1325 East West Highway
Silver Spring, MD 20910
E-mail: w-nws.webmaster@noaa.gov
Page last modified: May 16, 2007
NATIONAL WEATHER SERVICE: for Safety, for Work, for Fun - FOR LIFE