195
CDUS43 KUNR 290833
CLICUT


CLIMATE REPORT
NATIONAL WEATHER SERVICE RAPID CITY SD
233 AM MDT FRI AUG 29 2014


...................................

...THE CUSTER COUNTY AIRPORT SD CLIMATE SUMMARY FOR AUGUST 28 2014...

CLIMATE NORMAL PERIOD 1981 TO 2010
CLIMATE RECORD PERIOD 9999 TO 9999


WEATHER ITEM   OBSERVED TIME   NORMAL DEPARTURE LAST
                VALUE   (LST)  VALUE  FROM      YEAR
                                      NORMAL
......................................................
TEMPERATURE (F)
 YESTERDAY
  MAXIMUM         72    442 PM  76     -4       83
  MINIMUM         50   1159 PM  48      2       60
  AVERAGE         61            62     -1       72

PRECIPITATION (IN)
  YESTERDAY        0.00          0.07  -0.07      T
  MONTH TO DATE    1.88          1.91  -0.03     3.95
  SINCE JUN 1      6.77          7.57  -0.80     9.42
  SINCE JAN 1     14.49         14.68  -0.19    15.95

DEGREE DAYS
 HEATING
  YESTERDAY        4             4      0        0
  MONTH TO DATE   38            77    -39       55
  SINCE JUN 1    390           358     32      290
  SINCE JUL 1    117           138    -21       97

 COOLING
  YESTERDAY        0             1     -1        7
  MONTH TO DATE   44            49     -5       58
  SINCE JUN 1    130           155    -25      130
  SINCE JAN 1    134           156    -22      132
......................................................


WIND (MPH)
  HIGHEST WIND SPEED    10   HIGHEST WIND DIRECTION     W (270)
  HIGHEST GUST SPEED    15   HIGHEST GUST DIRECTION    NE (40)
  AVERAGE WIND SPEED     4.3


SKY COVER
  AVERAGE SKY COVER 0.5


WEATHER CONDITIONS
 THE FOLLOWING WEATHER WAS RECORDED YESTERDAY.
  NO SIGNIFICANT WEATHER WAS OBSERVED.


RELATIVE HUMIDITY (PERCENT)
 HIGHEST    93
 LOWEST     44
 AVERAGE    69

..........................................................




SUNRISE AND SUNSET
AUGUST 29 2014........SUNRISE   615 AM MDT   SUNSET   735 PM MDT
AUGUST 30 2014........SUNRISE   616 AM MDT   SUNSET   733 PM MDT


-  INDICATES NEGATIVE NUMBERS.
R  INDICATES RECORD WAS SET OR TIED.
MM INDICATES DATA IS MISSING.
T  INDICATES TRACE AMOUNT.




$$





U.S. Dept. of Commerce
NOAA National Weather Service
1325 East West Highway
Silver Spring, MD 20910
E-mail: w-nws.webmaster@noaa.gov
Page last modified: May 16, 2007
NATIONAL WEATHER SERVICE: for Safety, for Work, for Fun - FOR LIFE