701
CDUS42 KCAE 202211
CLICUB


CLIMATE REPORT
NATIONAL WEATHER SERVICE COLUMBIA SC
510 PM EST SAT DEC 20 2014


...................................

...THE HAMILTON - OWENS AIRPORT SC CLIMATE SUMMARY FOR DECEMBER 20 2014...
VALID TODAY AS OF 0500 PM LOCAL TIME.

CLIMATE NORMAL PERIOD 1981 TO 2010
CLIMATE RECORD PERIOD 9999 TO 9999


WEATHER ITEM   OBSERVED TIME   NORMAL DEPARTURE LAST
                VALUE   (LST)  VALUE  FROM      YEAR
                                      NORMAL
......................................................
TEMPERATURE (F)
 TODAY
  MAXIMUM         50   1202 AM  57     -7       72
  MINIMUM         45    921 AM  37      8       42
  AVERAGE         48            47      1       57

PRECIPITATION (IN)
  TODAY            0.10          0.10   0.00     0.00
  MONTH TO DATE    0.13          2.19  -2.06     2.93
  SINCE DEC 1      0.13          2.19  -2.06     2.93
  SINCE JAN 1     42.41         44.39  -1.98    49.80

DEGREE DAYS
 HEATING
  TODAY           17            18     -1        8
  MONTH TO DATE  281           321    -40      268
  SINCE DEC 1    281           321    -40      268
  SINCE JUL 1    756           692     64      682

 COOLING
  TODAY            0             0      0        0
  MONTH TO DATE    0             0      0        6
  SINCE DEC 1      0             0      0        6
  SINCE JAN 1   2415          2256    159     2229
......................................................


WIND (MPH)
  HIGHEST WIND SPEED     6   HIGHEST WIND DIRECTION     E (70)
  HIGHEST GUST SPEED     9   HIGHEST GUST DIRECTION     E (80)
  AVERAGE WIND SPEED     1.5


SKY COVER
  AVERAGE SKY COVER 0.9


WEATHER CONDITIONS
 THE FOLLOWING WEATHER WAS RECORDED TODAY.
  LIGHT RAIN
  FOG
  HAZE


RELATIVE HUMIDITY (PERCENT)
 HIGHEST    93           400 AM
 LOWEST     56          1200 AM
 AVERAGE    75

..........................................................


THE HAMILTON - OWENS AIRPORT SC CLIMATE NORMALS FOR TOMORROW
                         NORMAL
 MAXIMUM TEMPERATURE (F)   57
 MINIMUM TEMPERATURE (F)   37


SUNRISE AND SUNSET
DECEMBER 20 2014......SUNRISE   725 AM EST   SUNSET   518 PM EST
DECEMBER 21 2014......SUNRISE   725 AM EST   SUNSET   519 PM EST


-  INDICATES NEGATIVE NUMBERS.
R  INDICATES RECORD WAS SET OR TIED.
MM INDICATES DATA IS MISSING.
T  INDICATES TRACE AMOUNT.




$$





U.S. Dept. of Commerce
NOAA National Weather Service
1325 East West Highway
Silver Spring, MD 20910
E-mail: w-nws.webmaster@noaa.gov
Page last modified: May 16, 2007
NATIONAL WEATHER SERVICE: for Safety, for Work, for Fun - FOR LIFE