114
CDUS42 KCAE 200616
CLICUB


CLIMATE REPORT
NATIONAL WEATHER SERVICE COLUMBIA SC
216 AM EDT SUN APR 20 2014


...................................

...THE HAMILTON - OWENS AIRPORT SC CLIMATE SUMMARY FOR APRIL 19 2014...

CLIMATE NORMAL PERIOD 1981 TO 2010
CLIMATE RECORD PERIOD 9999 TO 9999


WEATHER ITEM   OBSERVED TIME   RECORD YEAR NORMAL DEPARTURE LAST
                VALUE   (LST)  VALUE       VALUE  FROM      YEAR
                                                  NORMAL
..................................................................
TEMPERATURE (F)
 YESTERDAY
  MAXIMUM         58    149 PM  MM      MM  77    -19       86
  MINIMUM         50   1159 PM  MM      MM  53     -3       54
  AVERAGE         54                        65    -11       70

PRECIPITATION (IN)
  YESTERDAY        0.58         MM      MM   0.08   0.50     0.27
  MONTH TO DATE    2.67                      1.79   0.88     2.35
  SINCE MAR 1      6.56                      5.67   0.89     6.23
  SINCE JAN 1     12.94                     12.95  -0.01    12.86

DEGREE DAYS
 HEATING
  YESTERDAY       11                         3      8        0
  MONTH TO DATE   72                        77     -5       58
  SINCE MAR 1    464                       351    113      491
  SINCE JUL 1   2456                      2280    176     2149

 COOLING
  YESTERDAY        0                         3     -3        5
  MONTH TO DATE   39                        44     -5       65
  SINCE MAR 1     41                        59    -18       76
  SINCE JAN 1     47                        62    -15      100
..................................................................


WIND (MPH)
  HIGHEST WIND SPEED    12   HIGHEST WIND DIRECTION    NE (30)
  HIGHEST GUST SPEED    22   HIGHEST GUST DIRECTION    NE (40)
  AVERAGE WIND SPEED     6.6


SKY COVER
  AVERAGE SKY COVER 1.0


WEATHER CONDITIONS
 THE FOLLOWING WEATHER WAS RECORDED YESTERDAY.
  HEAVY RAIN
  RAIN
  LIGHT RAIN
  FOG
  HAZE


RELATIVE HUMIDITY (PERCENT)
 HIGHEST    89          1200 AM
 LOWEST     80          1100 AM

..........................................................


THE HAMILTON - OWENS AIRPORT SC CLIMATE NORMALS FOR TODAY
                         NORMAL    RECORD    YEAR
 MAXIMUM TEMPERATURE (F)   78        MM        MM
 MINIMUM TEMPERATURE (F)   53        MM        MM


SUNRISE AND SUNSET
APRIL 20 2014.........SUNRISE   647 AM EDT   SUNSET   759 PM EDT
APRIL 21 2014.........SUNRISE   646 AM EDT   SUNSET   800 PM EDT


-  INDICATES NEGATIVE NUMBERS.
R  INDICATES RECORD WAS SET OR TIED.
MM INDICATES DATA IS MISSING.
T  INDICATES TRACE AMOUNT.




$$





U.S. Dept. of Commerce
NOAA National Weather Service
1325 East West Highway
Silver Spring, MD 20910
E-mail: w-nws.webmaster@noaa.gov
Page last modified: May 16, 2007
NATIONAL WEATHER SERVICE: for Safety, for Work, for Fun - FOR LIFE