685
CDUS42 KCAE 250529
CLICUB


CLIMATE REPORT
NATIONAL WEATHER SERVICE COLUMBIA SC
128 AM EDT SAT OCT 25 2014


...................................

...THE HAMILTON - OWENS AIRPORT SC CLIMATE SUMMARY FOR OCTOBER 24 2014...

CLIMATE NORMAL PERIOD 1981 TO 2010
CLIMATE RECORD PERIOD 9999 TO 9999


WEATHER ITEM   OBSERVED TIME   RECORD YEAR NORMAL DEPARTURE LAST
                VALUE   (LST)  VALUE       VALUE  FROM      YEAR
                                                  NORMAL
..................................................................
TEMPERATURE (F)
 YESTERDAY
  MAXIMUM         73    327 PM  MM      MM  74     -1       67
  MINIMUM         47    655 AM  MM      MM  51     -4       39
  AVERAGE         60                        62     -2       53

PRECIPITATION (IN)
  YESTERDAY        0.00         MM      MM   0.09  -0.09     0.00
  MONTH TO DATE    2.57                      2.69  -0.12     0.15
  SINCE SEP 1      8.11                      6.73   1.38     2.10
  SINCE JAN 1     37.77                     38.58  -0.81    44.99

DEGREE DAYS
 HEATING
  YESTERDAY        5                         4      1       12
  MONTH TO DATE   42                        51     -9       24
  SINCE SEP 1     46                        54     -8       24
  SINCE JUL 1     46                        54     -8       24

 COOLING
  YESTERDAY        0                         2     -2        0
  MONTH TO DATE  114                        87     27      126
  SINCE SEP 1    462                       416     46      471
  SINCE JAN 1   2389                      2234    155     2199
..................................................................


WIND (MPH)
  HIGHEST WIND SPEED     8   HIGHEST WIND DIRECTION     W (280)
  HIGHEST GUST SPEED    10   HIGHEST GUST DIRECTION    NW (300)
  AVERAGE WIND SPEED     1.3


SKY COVER
  AVERAGE SKY COVER 0.0


WEATHER CONDITIONS
 THE FOLLOWING WEATHER WAS RECORDED YESTERDAY.
  FOG


RELATIVE HUMIDITY (PERCENT)
 HIGHEST    93           700 AM
 LOWEST     34           300 PM

..........................................................


THE HAMILTON - OWENS AIRPORT SC CLIMATE NORMALS FOR TODAY
                         NORMAL    RECORD    YEAR
 MAXIMUM TEMPERATURE (F)   73        MM        MM
 MINIMUM TEMPERATURE (F)   51        MM        MM


SUNRISE AND SUNSET
OCTOBER 25 2014.......SUNRISE   737 AM EDT   SUNSET   638 PM EDT
OCTOBER 26 2014.......SUNRISE   738 AM EDT   SUNSET   637 PM EDT


-  INDICATES NEGATIVE NUMBERS.
R  INDICATES RECORD WAS SET OR TIED.
MM INDICATES DATA IS MISSING.
T  INDICATES TRACE AMOUNT.




$$






U.S. Dept. of Commerce
NOAA National Weather Service
1325 East West Highway
Silver Spring, MD 20910
E-mail: w-nws.webmaster@noaa.gov
Page last modified: May 16, 2007
NATIONAL WEATHER SERVICE: for Safety, for Work, for Fun - FOR LIFE