379
CDUS42 KCAE 242227
CLICUB


CLIMATE REPORT
NATIONAL WEATHER SERVICE COLUMBIA SC
524 PM EST MON NOV 24 2014


...................................

...THE HAMILTON - OWENS AIRPORT SC CLIMATE SUMMARY FOR NOVEMBER 24 2014...
VALID TODAY AS OF 0500 PM LOCAL TIME.

CLIMATE NORMAL PERIOD 1981 TO 2010
CLIMATE RECORD PERIOD 9999 TO 9999


WEATHER ITEM   OBSERVED TIME   RECORD YEAR NORMAL DEPARTURE LAST
                VALUE   (LST)  VALUE       VALUE  FROM      YEAR
                                                  NORMAL
..................................................................
TEMPERATURE (F)
 TODAY
  MAXIMUM         75    257 PM  MM      MM  65     10       48
  MINIMUM         65    431 AM  MM      MM  42     23       34
  AVERAGE         70                        54     16       41

PRECIPITATION (IN)
  TODAY            T            MM      MM   0.11  -0.11     0.00
  MONTH TO DATE    3.56                      2.35   1.21     1.17
  SINCE SEP 1     11.68                      9.71   1.97     3.27
  SINCE JAN 1     41.34                     41.56  -0.22    46.16

DEGREE DAYS
 HEATING
  TODAY            0                        11    -11       24
  MONTH TO DATE  320                       207    113      224
  SINCE SEP 1    380                       296     84      284
  SINCE JUL 1    380                       296     84      284

 COOLING
  TODAY            5                         0      5        0
  MONTH TO DATE    9                        11     -2       19
  SINCE SEP 1    489                       435     54      495
  SINCE JAN 1   2416                      2253    163     2223
..................................................................


WIND (MPH)
  HIGHEST WIND SPEED    17   HIGHEST WIND DIRECTION    SW (220)
  HIGHEST GUST SPEED    25   HIGHEST GUST DIRECTION    SW (220)
  AVERAGE WIND SPEED     7.0


SKY COVER
  AVERAGE SKY COVER 0.8


WEATHER CONDITIONS
 THE FOLLOWING WEATHER WAS RECORDED TODAY.
  THUNDERSTORM
  LIGHT RAIN


RELATIVE HUMIDITY (PERCENT)
 HIGHEST    87          1200 AM
 LOWEST     69           300 PM
 AVERAGE    78

..........................................................


THE HAMILTON - OWENS AIRPORT SC CLIMATE NORMALS FOR TOMORROW
                         NORMAL    RECORD    YEAR
 MAXIMUM TEMPERATURE (F)   65        MM        MM
 MINIMUM TEMPERATURE (F)   42        MM        MM


SUNRISE AND SUNSET
NOVEMBER 24 2014......SUNRISE   705 AM EST   SUNSET   516 PM EST
NOVEMBER 25 2014......SUNRISE   706 AM EST   SUNSET   516 PM EST


-  INDICATES NEGATIVE NUMBERS.
R  INDICATES RECORD WAS SET OR TIED.
MM INDICATES DATA IS MISSING.
T  INDICATES TRACE AMOUNT.




$$





U.S. Dept. of Commerce
NOAA National Weather Service
1325 East West Highway
Silver Spring, MD 20910
E-mail: w-nws.webmaster@noaa.gov
Page last modified: May 16, 2007
NATIONAL WEATHER SERVICE: for Safety, for Work, for Fun - FOR LIFE