150
CDUS42 KTAE 260633
CLICTY


CLIMATE REPORT
NATIONAL WEATHER SERVICE TALLAHASSEE FL
132 AM EST MON JAN 26 2015


...................................

...THE CROSS CITY (AWOS) CLIMATE SUMMARY FOR JANUARY 25 2015...

CLIMATE NORMAL PERIOD 1981 TO 2010
CLIMATE RECORD PERIOD 1948 TO 2015


WEATHER ITEM   OBSERVED TIME   NORMAL DEPARTURE LAST
                VALUE   (LST)  VALUE  FROM      YEAR
                                      NORMAL
......................................................
TEMPERATURE (F)
 YESTERDAY
  MAXIMUM         64    223 PM  67     -3
  MINIMUM         31    752 AM  41    -10
  AVERAGE         48            54     -6

PRECIPITATION (IN)
  YESTERDAY        0.00          0.14  -0.14     0.00
  MONTH TO DATE    2.93          3.32  -0.39     3.87
  SINCE DEC 1      6.17          5.84   0.33     5.69
  SINCE JAN 1      2.93          3.32  -0.39     3.87

DEGREE DAYS
 HEATING
  YESTERDAY       17            11      6
  MONTH TO DATE  237           308    -71
  SINCE DEC 1    446           645   -199
  SINCE JUL 1    731           813    -82

 COOLING
  YESTERDAY        0             0      0
  MONTH TO DATE   16             0     16
  SINCE DEC 1     54            18     36
  SINCE JAN 1     16             0     16
......................................................


WIND (MPH)
  RESULTANT WIND SPEED   3   RESULTANT WIND DIRECTION  SW (230)
  HIGHEST WIND SPEED    14   HIGHEST WIND DIRECTION    SW (240)
  HIGHEST GUST SPEED    20   HIGHEST GUST DIRECTION     W (280)
  AVERAGE WIND SPEED     4.8



WEATHER CONDITIONS
 THE FOLLOWING WEATHER WAS RECORDED YESTERDAY.
  NO SIGNIFICANT WEATHER WAS OBSERVED.


RELATIVE HUMIDITY (PERCENT)
 HIGHEST    92
 LOWEST     39

..........................................................




SUNRISE AND SUNSET
JANUARY 26 2015.......SUNRISE   725 AM EST   SUNSET   605 PM EST
JANUARY 27 2015.......SUNRISE   725 AM EST   SUNSET   606 PM EST


-  INDICATES NEGATIVE NUMBERS.
R  INDICATES RECORD WAS SET OR TIED.
MM INDICATES DATA IS MISSING.
T  INDICATES TRACE AMOUNT.




$$





U.S. Dept. of Commerce
NOAA National Weather Service
1325 East West Highway
Silver Spring, MD 20910
E-mail: w-nws.webmaster@noaa.gov
Page last modified: May 16, 2007
NATIONAL WEATHER SERVICE: for Safety, for Work, for Fun - FOR LIFE