366
CDUS42 KTAE 200633
CLICTY


CLIMATE REPORT
NATIONAL WEATHER SERVICE TALLAHASSEE FL
222 AM EDT SUN APR 20 2014

...................................

...THE CROSS CITY (AWOS) CLIMATE SUMMARY FOR APRIL 19 2014...

CLIMATE NORMAL PERIOD 1981 TO 2010
CLIMATE RECORD PERIOD 1948 TO 2014


WEATHER ITEM   OBSERVED TIME   NORMAL DEPARTURE LAST
                VALUE   (LST)  VALUE  FROM      YEAR
                                      NORMAL
......................................................
TEMPERATURE (F)
 YESTERDAY
  MAXIMUM         70    113 AM  81    -11
  MINIMUM         59   1059 PM  54      5
  AVERAGE         65            67     -2

PRECIPITATION (IN)
  YESTERDAY        0.02          0.08  -0.06     0.11
  MONTH TO DATE    3.82          2.28   1.54     1.60
  SINCE MAR 1      8.78          6.49   2.29     2.81
  SINCE JAN 1     18.93         13.80   5.13     6.32

DEGREE DAYS
 HEATING
  YESTERDAY        0             1     -1
  MONTH TO DATE   18            40    -22
  SINCE MAR 1    183           175      8
  SINCE JUL 1   1178          1295   -117

 COOLING
  YESTERDAY        0             4     -4
  MONTH TO DATE   57            58     -1
  SINCE MAR 1     74           105    -31
  SINCE JAN 1    109           132    -23
......................................................


WIND (MPH)
  RESULTANT WIND SPEED   4   RESULTANT WIND DIRECTION  NW (310)
  HIGHEST WIND SPEED    14   HIGHEST WIND DIRECTION     N (340)
  HIGHEST GUST SPEED    17   HIGHEST GUST DIRECTION     N (10)
  AVERAGE WIND SPEED     7.4



WEATHER CONDITIONS
 THE FOLLOWING WEATHER WAS RECORDED YESTERDAY.
  NO SIGNIFICANT WEATHER WAS OBSERVED.


RELATIVE HUMIDITY (PERCENT)
 HIGHEST   100
 LOWEST     78

..........................................................




SUNRISE AND SUNSET
APRIL 20 2014.........SUNRISE   701 AM EDT   SUNSET   802 PM EDT
APRIL 21 2014.........SUNRISE   700 AM EDT   SUNSET   803 PM EDT


-  INDICATES NEGATIVE NUMBERS.
R  INDICATES RECORD WAS SET OR TIED.
MM INDICATES DATA IS MISSING.
T  INDICATES TRACE AMOUNT.

$$






U.S. Dept. of Commerce
NOAA National Weather Service
1325 East West Highway
Silver Spring, MD 20910
E-mail: w-nws.webmaster@noaa.gov
Page last modified: May 16, 2007
NATIONAL WEATHER SERVICE: for Safety, for Work, for Fun - FOR LIFE