018
CDUS42 KTAE 230636
CLICTY


CLIMATE REPORT
NATIONAL WEATHER SERVICE TALLAHASSEE FL
235 AM EDT THU OCT 23 2014


...................................

...THE CROSS CITY (AWOS) CLIMATE SUMMARY FOR OCTOBER 22 2014...

CLIMATE NORMAL PERIOD 1981 TO 2010
CLIMATE RECORD PERIOD 1948 TO 2014


WEATHER ITEM   OBSERVED TIME   NORMAL DEPARTURE LAST
                VALUE   (LST)  VALUE  FROM      YEAR
                                      NORMAL
......................................................
TEMPERATURE (F)
 YESTERDAY
  MAXIMUM         81    259 PM  82     -1
  MINIMUM         51   1154 PM  56     -5
  AVERAGE         66            69     -3

PRECIPITATION (IN)
  YESTERDAY        0.00          0.09  -0.09     0.96
  MONTH TO DATE    1.76          2.61  -0.85     1.23
  SINCE SEP 1     14.43          7.07   7.36     6.39
  SINCE JAN 1     54.81         42.44  12.37    59.17

DEGREE DAYS
 HEATING
  YESTERDAY        0             2     -2
  MONTH TO DATE    4            13     -9
  SINCE SEP 1      4            13     -9
  SINCE JUL 1      4            13     -9

 COOLING
  YESTERDAY        1             5     -4
  MONTH TO DATE  174           162     12
  SINCE SEP 1    601           566     35
  SINCE JAN 1   2663          2504    159
......................................................


WIND (MPH)
  RESULTANT WIND SPEED   3   RESULTANT WIND DIRECTION  NE (30)
  HIGHEST WIND SPEED    13   HIGHEST WIND DIRECTION     N (10)
  HIGHEST GUST SPEED    17   HIGHEST GUST DIRECTION     N (20)
  AVERAGE WIND SPEED     3.7



WEATHER CONDITIONS
 THE FOLLOWING WEATHER WAS RECORDED YESTERDAY.
  NO SIGNIFICANT WEATHER WAS OBSERVED.


RELATIVE HUMIDITY (PERCENT)
 HIGHEST    97
 LOWEST     39

..........................................................




SUNRISE AND SUNSET
OCTOBER 23 2014.......SUNRISE   739 AM EDT   SUNSET   654 PM EDT
OCTOBER 24 2014.......SUNRISE   740 AM EDT   SUNSET   653 PM EDT


-  INDICATES NEGATIVE NUMBERS.
R  INDICATES RECORD WAS SET OR TIED.
MM INDICATES DATA IS MISSING.
T  INDICATES TRACE AMOUNT.




$$





U.S. Dept. of Commerce
NOAA National Weather Service
1325 East West Highway
Silver Spring, MD 20910
E-mail: w-nws.webmaster@noaa.gov
Page last modified: May 16, 2007
NATIONAL WEATHER SERVICE: for Safety, for Work, for Fun - FOR LIFE