944
CDUS42 KTAE 240631
CLICTY


CLIMATE REPORT
NATIONAL WEATHER SERVICE TALLAHASSEE FL
231 AM EDT THU APR 24 2014


...................................

...THE CROSS CITY (AWOS) CLIMATE SUMMARY FOR APRIL 23 2014...

CLIMATE NORMAL PERIOD 1981 TO 2010
CLIMATE RECORD PERIOD 1948 TO 2014


WEATHER ITEM   OBSERVED TIME   NORMAL DEPARTURE LAST
                VALUE   (LST)  VALUE  FROM      YEAR
                                      NORMAL
......................................................
TEMPERATURE (F)
 YESTERDAY
  MAXIMUM         82    331 PM  82      0
  MINIMUM         57    557 AM  55      2
  AVERAGE         70            68      2

PRECIPITATION (IN)
  YESTERDAY        0.00          0.07  -0.07     0.00
  MONTH TO DATE    3.83          2.57   1.26     2.78
  SINCE MAR 1      8.79          6.78   2.01     3.99
  SINCE JAN 1     18.94         14.09   4.85     7.50

DEGREE DAYS
 HEATING
  YESTERDAY        0             1     -1
  MONTH TO DATE   20            44    -24
  SINCE MAR 1    185           179      6
  SINCE JUL 1   1180          1299   -119

 COOLING
  YESTERDAY        5             4      1
  MONTH TO DATE   65            74     -9
  SINCE MAR 1     82           121    -39
  SINCE JAN 1    117           148    -31
......................................................


WIND (MPH)
  RESULTANT WIND SPEED   3   RESULTANT WIND DIRECTION   W (250)
  HIGHEST WIND SPEED    15   HIGHEST WIND DIRECTION     W (250)
  HIGHEST GUST SPEED    29   HIGHEST GUST DIRECTION    SW (210)
  AVERAGE WIND SPEED     3.8



WEATHER CONDITIONS
 THE FOLLOWING WEATHER WAS RECORDED YESTERDAY.
  NO SIGNIFICANT WEATHER WAS OBSERVED.


RELATIVE HUMIDITY (PERCENT)
 HIGHEST   100
 LOWEST     54

..........................................................




SUNRISE AND SUNSET
APRIL 24 2014.........SUNRISE   657 AM EDT   SUNSET   805 PM EDT
APRIL 25 2014.........SUNRISE   656 AM EDT   SUNSET   805 PM EDT


-  INDICATES NEGATIVE NUMBERS.
R  INDICATES RECORD WAS SET OR TIED.
MM INDICATES DATA IS MISSING.
T  INDICATES TRACE AMOUNT.




$$





U.S. Dept. of Commerce
NOAA National Weather Service
1325 East West Highway
Silver Spring, MD 20910
E-mail: w-nws.webmaster@noaa.gov
Page last modified: May 16, 2007
NATIONAL WEATHER SERVICE: for Safety, for Work, for Fun - FOR LIFE