961
CDUS42 KTAE 180644
CLICTY


CLIMATE REPORT
NATIONAL WEATHER SERVICE TALLAHASSEE FL
141 AM EST THU DEC 18 2014


...................................

...THE CROSS CITY (AWOS) CLIMATE SUMMARY FOR DECEMBER 17 2014...

CLIMATE NORMAL PERIOD 1981 TO 2010
CLIMATE RECORD PERIOD 1948 TO 2014


WEATHER ITEM   OBSERVED TIME   NORMAL DEPARTURE LAST
                VALUE   (LST)  VALUE  FROM      YEAR
                                      NORMAL
......................................................
TEMPERATURE (F)
 YESTERDAY
  MAXIMUM         69    216 PM  66      3
  MINIMUM         39   1159 PM  42     -3
  AVERAGE         54            54      0

PRECIPITATION (IN)
  YESTERDAY        0.00          0.08  -0.08     0.00
  MONTH TO DATE    0.05          1.50  -1.45     1.63
  SINCE DEC 1      0.05          1.50  -1.45     1.63
  SINCE JAN 1     57.01         47.34   9.67    63.10

DEGREE DAYS
 HEATING
  YESTERDAY       11            11      0
  MONTH TO DATE  144           163    -19
  SINCE DEC 1    144           163    -19
  SINCE JUL 1    429           331     98

 COOLING
  YESTERDAY        0             0      0
  MONTH TO DATE   19            14      5
  SINCE DEC 1     19            14      5
  SINCE JAN 1   2729          2616    113
......................................................


WIND (MPH)
  RESULTANT WIND SPEED   2   RESULTANT WIND DIRECTION  NW (300)
  HIGHEST WIND SPEED    12   HIGHEST WIND DIRECTION     W (270)
  HIGHEST GUST SPEED    16   HIGHEST GUST DIRECTION     W (280)
  AVERAGE WIND SPEED     3.1



WEATHER CONDITIONS
 THE FOLLOWING WEATHER WAS RECORDED YESTERDAY.
  NO SIGNIFICANT WEATHER WAS OBSERVED.


RELATIVE HUMIDITY (PERCENT)
 HIGHEST   100
 LOWEST     39

..........................................................




SUNRISE AND SUNSET
DECEMBER 18 2014......SUNRISE   722 AM EST   SUNSET   537 PM EST
DECEMBER 19 2014......SUNRISE   722 AM EST   SUNSET   537 PM EST


-  INDICATES NEGATIVE NUMBERS.
R  INDICATES RECORD WAS SET OR TIED.
MM INDICATES DATA IS MISSING.
T  INDICATES TRACE AMOUNT.




$$





U.S. Dept. of Commerce
NOAA National Weather Service
1325 East West Highway
Silver Spring, MD 20910
E-mail: w-nws.webmaster@noaa.gov
Page last modified: May 16, 2007
NATIONAL WEATHER SERVICE: for Safety, for Work, for Fun - FOR LIFE